{"id":834,"date":"2017-02-19T20:19:47","date_gmt":"2017-02-19T19:19:47","guid":{"rendered":"http:\/\/eschringen.de\/wordpress\/?post_type=tribe_events&#038;p=834"},"modified":"2017-04-25T15:53:08","modified_gmt":"2017-04-25T13:53:08","slug":"jubilaeumskonzert","status":"publish","type":"tribe_events","link":"https:\/\/eschringen.de\/wordpress\/event\/jubilaeumskonzert\/","title":{"rendered":"Jubil\u00e4umskonzert"},"content":{"rendered":"<p><strong>Jubil\u00e4umskonzert Musikverein \u201cLyra\u201d Eschringen e. V.<\/strong><\/p>\n<p><strong>90 Jahre \u201cLyra\u201d \u2013 Konzert im Mai<\/strong><\/p>\n<p>In diesem Jahr feiert der Musikverein \u201cLyra\u201d Eschringen sein 90-j\u00e4hriges Bestehen. Grund genug, um dieses Jubil\u00e4um w\u00fcrdig zu feiern, denn \u201cin Rente gehen\u201d wollen wir noch lange nicht. Nach der Matin\u00e9e im M\u00e4rz folgt nun am 21. Mai um 18 Uhr das n\u00e4chste Highlight. Wir laden Sie erneut in die Eschringer Sport- und Kulturhalle ein und wollen Ihnen ein sch\u00f6nes, anspruchsvolles und abwechslungsreiches Konzert darbieten. Die Titel reichen von klassischer Literatur \u00fcber Solistisches, hin zu zeitgen\u00f6ssischen Werken. Sie sollten sich diesen Tag schon mal im Kalender ankreuzen, denn wer vergisst schon gerne ein 90-j\u00e4hriges Geburtstagskind? Der Eintritt ist auch in diesem Jahr wieder frei, aber \u00fcber eine kleine Spende w\u00fcrden wir uns nat\u00fcrlich sehr freuen.<\/p>\n","protected":false},"excerpt":{"rendered":"<p>Jubil\u00e4umskonzert Musikverein \u201cLyra\u201d Eschringen e. V. 90 Jahre \u201cLyra\u201d \u2013 Konzert im Mai In diesem Jahr feiert der Musikverein \u201cLyra\u201d Eschringen sein 90-j\u00e4hriges Bestehen. Grund genug, um dieses Jubil\u00e4um w\u00fcrdig zu feiern, denn \u201cin Rente gehen\u201d wollen wir noch lange nicht. Nach der Matin\u00e9e im M\u00e4rz folgt nun am 21. Mai um 18 Uhr das &#8230; <a title=\"Jubil\u00e4umskonzert\" class=\"read-more\" href=\"https:\/\/eschringen.de\/wordpress\/event\/jubilaeumskonzert\/\" aria-label=\"Mehr Informationen \u00fcber Jubil\u00e4umskonzert\">Weiterlesen &#8230;<\/a><\/p>\n","protected":false},"author":1,"featured_media":74,"template":"","meta":{"ngg_post_thumbnail":0,"_tribe_events_status":"","_tribe_events_status_reason":"","footnotes":""},"tags":[],"tribe_events_cat":[],"class_list":["post-834","tribe_events","type-tribe_events","status-publish","has-post-thumbnail","hentry"],"yoast_head":"<!-- This site is optimized with the Yoast SEO plugin v27.4 - https:\/\/yoast.com\/product\/yoast-seo-wordpress\/ -->\n<title>Jubil\u00e4umskonzert - Eschringen<\/title>\n<meta name=\"robots\" content=\"index, follow, max-snippet:-1, max-image-preview:large, max-video-preview:-1\" \/>\n<link rel=\"canonical\" href=\"https:\/\/eschringen.de\/wordpress\/event\/jubilaeumskonzert\/\" \/>\n<meta property=\"og:locale\" content=\"de_DE\" \/>\n<meta property=\"og:type\" content=\"article\" \/>\n<meta property=\"og:title\" content=\"Jubil\u00e4umskonzert - Eschringen\" \/>\n<meta property=\"og:description\" content=\"Jubil\u00e4umskonzert Musikverein \u201cLyra\u201d Eschringen e. V. 90 Jahre \u201cLyra\u201d \u2013 Konzert im Mai In diesem Jahr feiert der Musikverein \u201cLyra\u201d Eschringen sein 90-j\u00e4hriges Bestehen. Grund genug, um dieses Jubil\u00e4um w\u00fcrdig zu feiern, denn \u201cin Rente gehen\u201d wollen wir noch lange nicht. Nach der Matin\u00e9e im M\u00e4rz folgt nun am 21. Mai um 18 Uhr das ... Weiterlesen ...\" \/>\n<meta property=\"og:url\" content=\"https:\/\/eschringen.de\/wordpress\/event\/jubilaeumskonzert\/\" \/>\n<meta property=\"og:site_name\" content=\"Eschringen\" \/>\n<meta property=\"article:modified_time\" content=\"2017-04-25T13:53:08+00:00\" \/>\n<meta property=\"og:image\" content=\"https:\/\/eschringen.de\/wordpress\/wp-content\/uploads\/2017\/01\/lyra-logo.jpg\" \/>\n\t<meta property=\"og:image:width\" content=\"50\" \/>\n\t<meta property=\"og:image:height\" content=\"50\" \/>\n\t<meta property=\"og:image:type\" content=\"image\/jpeg\" \/>\n<meta name=\"twitter:card\" content=\"summary_large_image\" \/>\n<meta name=\"twitter:label1\" content=\"Gesch\u00e4tzte Lesezeit\" \/>\n\t<meta name=\"twitter:data1\" content=\"1\u00a0Minute\" \/>\n<script type=\"application\/ld+json\" class=\"yoast-schema-graph\">{\"@context\":\"https:\\\/\\\/schema.org\",\"@graph\":[{\"@type\":\"WebPage\",\"@id\":\"https:\\\/\\\/eschringen.de\\\/wordpress\\\/event\\\/jubilaeumskonzert\\\/\",\"url\":\"https:\\\/\\\/eschringen.de\\\/wordpress\\\/event\\\/jubilaeumskonzert\\\/\",\"name\":\"Jubil\u00e4umskonzert - Eschringen\",\"isPartOf\":{\"@id\":\"https:\\\/\\\/eschringen.de\\\/wordpress\\\/#website\"},\"primaryImageOfPage\":{\"@id\":\"https:\\\/\\\/eschringen.de\\\/wordpress\\\/event\\\/jubilaeumskonzert\\\/#primaryimage\"},\"image\":{\"@id\":\"https:\\\/\\\/eschringen.de\\\/wordpress\\\/event\\\/jubilaeumskonzert\\\/#primaryimage\"},\"thumbnailUrl\":\"https:\\\/\\\/i0.wp.com\\\/eschringen.de\\\/wordpress\\\/wp-content\\\/uploads\\\/2017\\\/01\\\/lyra-logo.jpg?fit=50%2C50&ssl=1\",\"datePublished\":\"2017-02-19T19:19:47+00:00\",\"dateModified\":\"2017-04-25T13:53:08+00:00\",\"breadcrumb\":{\"@id\":\"https:\\\/\\\/eschringen.de\\\/wordpress\\\/event\\\/jubilaeumskonzert\\\/#breadcrumb\"},\"inLanguage\":\"de\",\"potentialAction\":[{\"@type\":\"ReadAction\",\"target\":[\"https:\\\/\\\/eschringen.de\\\/wordpress\\\/event\\\/jubilaeumskonzert\\\/\"]}]},{\"@type\":\"ImageObject\",\"inLanguage\":\"de\",\"@id\":\"https:\\\/\\\/eschringen.de\\\/wordpress\\\/event\\\/jubilaeumskonzert\\\/#primaryimage\",\"url\":\"https:\\\/\\\/i0.wp.com\\\/eschringen.de\\\/wordpress\\\/wp-content\\\/uploads\\\/2017\\\/01\\\/lyra-logo.jpg?fit=50%2C50&ssl=1\",\"contentUrl\":\"https:\\\/\\\/i0.wp.com\\\/eschringen.de\\\/wordpress\\\/wp-content\\\/uploads\\\/2017\\\/01\\\/lyra-logo.jpg?fit=50%2C50&ssl=1\",\"width\":50,\"height\":50},{\"@type\":\"BreadcrumbList\",\"@id\":\"https:\\\/\\\/eschringen.de\\\/wordpress\\\/event\\\/jubilaeumskonzert\\\/#breadcrumb\",\"itemListElement\":[{\"@type\":\"ListItem\",\"position\":1,\"name\":\"Startseite\",\"item\":\"https:\\\/\\\/eschringen.de\\\/wordpress\\\/\"},{\"@type\":\"ListItem\",\"position\":2,\"name\":\"Veranstaltungen\",\"item\":\"https:\\\/\\\/eschringen.de\\\/wordpress\\\/events\\\/\"},{\"@type\":\"ListItem\",\"position\":3,\"name\":\"Jubil\u00e4umskonzert\"}]},{\"@type\":\"WebSite\",\"@id\":\"https:\\\/\\\/eschringen.de\\\/wordpress\\\/#website\",\"url\":\"https:\\\/\\\/eschringen.de\\\/wordpress\\\/\",\"name\":\"Eschringen\",\"description\":\"\",\"publisher\":{\"@id\":\"https:\\\/\\\/eschringen.de\\\/wordpress\\\/#organization\"},\"potentialAction\":[{\"@type\":\"SearchAction\",\"target\":{\"@type\":\"EntryPoint\",\"urlTemplate\":\"https:\\\/\\\/eschringen.de\\\/wordpress\\\/?s={search_term_string}\"},\"query-input\":{\"@type\":\"PropertyValueSpecification\",\"valueRequired\":true,\"valueName\":\"search_term_string\"}}],\"inLanguage\":\"de\"},{\"@type\":\"Organization\",\"@id\":\"https:\\\/\\\/eschringen.de\\\/wordpress\\\/#organization\",\"name\":\"Eschringen\",\"url\":\"https:\\\/\\\/eschringen.de\\\/wordpress\\\/\",\"logo\":{\"@type\":\"ImageObject\",\"inLanguage\":\"de\",\"@id\":\"https:\\\/\\\/eschringen.de\\\/wordpress\\\/#\\\/schema\\\/logo\\\/image\\\/\",\"url\":\"https:\\\/\\\/eschringen.de\\\/wordpress\\\/wp-content\\\/uploads\\\/2017\\\/03\\\/2017_kw15.jpg\",\"contentUrl\":\"https:\\\/\\\/eschringen.de\\\/wordpress\\\/wp-content\\\/uploads\\\/2017\\\/03\\\/2017_kw15.jpg\",\"width\":784,\"height\":447,\"caption\":\"Eschringen\"},\"image\":{\"@id\":\"https:\\\/\\\/eschringen.de\\\/wordpress\\\/#\\\/schema\\\/logo\\\/image\\\/\"}}]}<\/script>\n<!-- \/ Yoast SEO plugin. -->","yoast_head_json":{"title":"Jubil\u00e4umskonzert - Eschringen","robots":{"index":"index","follow":"follow","max-snippet":"max-snippet:-1","max-image-preview":"max-image-preview:large","max-video-preview":"max-video-preview:-1"},"canonical":"https:\/\/eschringen.de\/wordpress\/event\/jubilaeumskonzert\/","og_locale":"de_DE","og_type":"article","og_title":"Jubil\u00e4umskonzert - Eschringen","og_description":"Jubil\u00e4umskonzert Musikverein \u201cLyra\u201d Eschringen e. V. 90 Jahre \u201cLyra\u201d \u2013 Konzert im Mai In diesem Jahr feiert der Musikverein \u201cLyra\u201d Eschringen sein 90-j\u00e4hriges Bestehen. Grund genug, um dieses Jubil\u00e4um w\u00fcrdig zu feiern, denn \u201cin Rente gehen\u201d wollen wir noch lange nicht. Nach der Matin\u00e9e im M\u00e4rz folgt nun am 21. Mai um 18 Uhr das ... Weiterlesen ...","og_url":"https:\/\/eschringen.de\/wordpress\/event\/jubilaeumskonzert\/","og_site_name":"Eschringen","article_modified_time":"2017-04-25T13:53:08+00:00","og_image":[{"width":50,"height":50,"url":"https:\/\/eschringen.de\/wordpress\/wp-content\/uploads\/2017\/01\/lyra-logo.jpg","type":"image\/jpeg"}],"twitter_card":"summary_large_image","twitter_misc":{"Gesch\u00e4tzte Lesezeit":"1\u00a0Minute"},"schema":{"@context":"https:\/\/schema.org","@graph":[{"@type":"WebPage","@id":"https:\/\/eschringen.de\/wordpress\/event\/jubilaeumskonzert\/","url":"https:\/\/eschringen.de\/wordpress\/event\/jubilaeumskonzert\/","name":"Jubil\u00e4umskonzert - Eschringen","isPartOf":{"@id":"https:\/\/eschringen.de\/wordpress\/#website"},"primaryImageOfPage":{"@id":"https:\/\/eschringen.de\/wordpress\/event\/jubilaeumskonzert\/#primaryimage"},"image":{"@id":"https:\/\/eschringen.de\/wordpress\/event\/jubilaeumskonzert\/#primaryimage"},"thumbnailUrl":"https:\/\/i0.wp.com\/eschringen.de\/wordpress\/wp-content\/uploads\/2017\/01\/lyra-logo.jpg?fit=50%2C50&ssl=1","datePublished":"2017-02-19T19:19:47+00:00","dateModified":"2017-04-25T13:53:08+00:00","breadcrumb":{"@id":"https:\/\/eschringen.de\/wordpress\/event\/jubilaeumskonzert\/#breadcrumb"},"inLanguage":"de","potentialAction":[{"@type":"ReadAction","target":["https:\/\/eschringen.de\/wordpress\/event\/jubilaeumskonzert\/"]}]},{"@type":"ImageObject","inLanguage":"de","@id":"https:\/\/eschringen.de\/wordpress\/event\/jubilaeumskonzert\/#primaryimage","url":"https:\/\/i0.wp.com\/eschringen.de\/wordpress\/wp-content\/uploads\/2017\/01\/lyra-logo.jpg?fit=50%2C50&ssl=1","contentUrl":"https:\/\/i0.wp.com\/eschringen.de\/wordpress\/wp-content\/uploads\/2017\/01\/lyra-logo.jpg?fit=50%2C50&ssl=1","width":50,"height":50},{"@type":"BreadcrumbList","@id":"https:\/\/eschringen.de\/wordpress\/event\/jubilaeumskonzert\/#breadcrumb","itemListElement":[{"@type":"ListItem","position":1,"name":"Startseite","item":"https:\/\/eschringen.de\/wordpress\/"},{"@type":"ListItem","position":2,"name":"Veranstaltungen","item":"https:\/\/eschringen.de\/wordpress\/events\/"},{"@type":"ListItem","position":3,"name":"Jubil\u00e4umskonzert"}]},{"@type":"WebSite","@id":"https:\/\/eschringen.de\/wordpress\/#website","url":"https:\/\/eschringen.de\/wordpress\/","name":"Eschringen","description":"","publisher":{"@id":"https:\/\/eschringen.de\/wordpress\/#organization"},"potentialAction":[{"@type":"SearchAction","target":{"@type":"EntryPoint","urlTemplate":"https:\/\/eschringen.de\/wordpress\/?s={search_term_string}"},"query-input":{"@type":"PropertyValueSpecification","valueRequired":true,"valueName":"search_term_string"}}],"inLanguage":"de"},{"@type":"Organization","@id":"https:\/\/eschringen.de\/wordpress\/#organization","name":"Eschringen","url":"https:\/\/eschringen.de\/wordpress\/","logo":{"@type":"ImageObject","inLanguage":"de","@id":"https:\/\/eschringen.de\/wordpress\/#\/schema\/logo\/image\/","url":"https:\/\/eschringen.de\/wordpress\/wp-content\/uploads\/2017\/03\/2017_kw15.jpg","contentUrl":"https:\/\/eschringen.de\/wordpress\/wp-content\/uploads\/2017\/03\/2017_kw15.jpg","width":784,"height":447,"caption":"Eschringen"},"image":{"@id":"https:\/\/eschringen.de\/wordpress\/#\/schema\/logo\/image\/"}}]}},"jetpack_sharing_enabled":true,"_links":{"self":[{"href":"https:\/\/eschringen.de\/wordpress\/wp-json\/wp\/v2\/tribe_events\/834","targetHints":{"allow":["GET"]}}],"collection":[{"href":"https:\/\/eschringen.de\/wordpress\/wp-json\/wp\/v2\/tribe_events"}],"about":[{"href":"https:\/\/eschringen.de\/wordpress\/wp-json\/wp\/v2\/types\/tribe_events"}],"author":[{"embeddable":true,"href":"https:\/\/eschringen.de\/wordpress\/wp-json\/wp\/v2\/users\/1"}],"version-history":[{"count":2,"href":"https:\/\/eschringen.de\/wordpress\/wp-json\/wp\/v2\/tribe_events\/834\/revisions"}],"predecessor-version":[{"id":1369,"href":"https:\/\/eschringen.de\/wordpress\/wp-json\/wp\/v2\/tribe_events\/834\/revisions\/1369"}],"wp:featuredmedia":[{"embeddable":true,"href":"https:\/\/eschringen.de\/wordpress\/wp-json\/wp\/v2\/media\/74"}],"wp:attachment":[{"href":"https:\/\/eschringen.de\/wordpress\/wp-json\/wp\/v2\/media?parent=834"}],"wp:term":[{"taxonomy":"post_tag","embeddable":true,"href":"https:\/\/eschringen.de\/wordpress\/wp-json\/wp\/v2\/tags?post=834"},{"taxonomy":"tribe_events_cat","embeddable":true,"href":"https:\/\/eschringen.de\/wordpress\/wp-json\/wp\/v2\/tribe_events_cat?post=834"}],"curies":[{"name":"wp","href":"https:\/\/api.w.org\/{rel}","templated":true}]}}

Jubiläumskonzert

<p><strong>Jubiläumskonzert Musikverein “Lyra” Eschringen e. V.</strong></p>
<p><strong>90 Jahre “Lyra” – Konzert im Mai</strong></p>
<p>In diesem Jahr feiert der Musikverein “Lyra” Eschringen sein 90-jähriges Bestehen. Grund genug, um dieses Jubiläum würdig zu feiern, denn “in Rente gehen” wollen wir noch lange nicht. Nach der Matinée im März folgt nun am 21. Mai um 18 Uhr das nächste Highlight. Wir laden Sie erneut in die Eschringer Sport- und Kulturhalle ein und wollen Ihnen ein schönes, anspruchsvolles und abwechslungsreiches Konzert darbieten. Die Titel reichen von klassischer Literatur über Solistisches, hin zu zeitgenössischen Werken. Sie sollten sich diesen Tag schon mal im Kalender ankreuzen, denn wer vergisst schon gerne ein 90-jähriges Geburtstagskind? Der Eintritt ist auch in diesem Jahr wieder frei, aber über eine kleine Spende würden wir uns natürlich sehr freuen.</p>

<p>Jubiläumskonzert Musikverein “Lyra” Eschringen e. V. 90 Jahre “Lyra” – Konzert im Mai In diesem Jahr feiert der Musikverein “Lyra” Eschringen sein 90-jähriges Bestehen. Grund genug, um dieses Jubiläum würdig zu feiern, denn “in Rente gehen” wollen wir noch lange nicht. Nach der Matinée im März folgt nun am 21. Mai um 18 Uhr das &#8230; <a title="Jubiläumskonzert" class="read-more" href="https://eschringen.de/wordpress/event/jubilaeumskonzert/" aria-label="Mehr Informationen über Jubiläumskonzert">Weiterlesen &#8230;</a></p>

<!-- This site is optimized with the Yoast SEO plugin v27.4 - https://yoast.com/product/yoast-seo-wordpress/ -->
<title>Jubiläumskonzert - Eschringen</title>
<meta name="robots" content="index, follow, max-snippet:-1, max-image-preview:large, max-video-preview:-1" />
<link rel="canonical" href="https://eschringen.de/wordpress/event/jubilaeumskonzert/" />
<meta property="og:locale" content="de_DE" />
<meta property="og:type" content="article" />
<meta property="og:title" content="Jubiläumskonzert - Eschringen" />
<meta property="og:description" content="Jubiläumskonzert Musikverein “Lyra” Eschringen e. V. 90 Jahre “Lyra” – Konzert im Mai In diesem Jahr feiert der Musikverein “Lyra” Eschringen sein 90-jähriges Bestehen. Grund genug, um dieses Jubiläum würdig zu feiern, denn “in Rente gehen” wollen wir noch lange nicht. Nach der Matinée im März folgt nun am 21. Mai um 18 Uhr das ... Weiterlesen ..." />
<meta property="og:url" content="https://eschringen.de/wordpress/event/jubilaeumskonzert/" />
<meta property="og:site_name" content="Eschringen" />
<meta property="article:modified_time" content="2017-04-25T13:53:08+00:00" />
<meta property="og:image" content="https://eschringen.de/wordpress/wp-content/uploads/2017/01/lyra-logo.jpg" />
	<meta property="og:image:width" content="50" />
	<meta property="og:image:height" content="50" />
	<meta property="og:image:type" content="image/jpeg" />
<meta name="twitter:card" content="summary_large_image" />
<meta name="twitter:label1" content="Geschätzte Lesezeit" />
	<meta name="twitter:data1" content="1 Minute" />
<script type="application/ld+json" class="yoast-schema-graph">{"@context":"https:\/\/schema.org","@graph":[{"@type":"WebPage","@id":"https:\/\/eschringen.de\/wordpress\/event\/jubilaeumskonzert\/","url":"https:\/\/eschringen.de\/wordpress\/event\/jubilaeumskonzert\/","name":"Jubiläumskonzert - Eschringen","isPartOf":{"@id":"https:\/\/eschringen.de\/wordpress\/#website"},"primaryImageOfPage":{"@id":"https:\/\/eschringen.de\/wordpress\/event\/jubilaeumskonzert\/#primaryimage"},"image":{"@id":"https:\/\/eschringen.de\/wordpress\/event\/jubilaeumskonzert\/#primaryimage"},"thumbnailUrl":"https:\/\/i0.wp.com\/eschringen.de\/wordpress\/wp-content\/uploads\/2017\/01\/lyra-logo.jpg?fit=50%2C50&ssl=1","datePublished":"2017-02-19T19:19:47+00:00","dateModified":"2017-04-25T13:53:08+00:00","breadcrumb":{"@id":"https:\/\/eschringen.de\/wordpress\/event\/jubilaeumskonzert\/#breadcrumb"},"inLanguage":"de","potentialAction":[{"@type":"ReadAction","target":["https:\/\/eschringen.de\/wordpress\/event\/jubilaeumskonzert\/"]}]},{"@type":"ImageObject","inLanguage":"de","@id":"https:\/\/eschringen.de\/wordpress\/event\/jubilaeumskonzert\/#primaryimage","url":"https:\/\/i0.wp.com\/eschringen.de\/wordpress\/wp-content\/uploads\/2017\/01\/lyra-logo.jpg?fit=50%2C50&ssl=1","contentUrl":"https:\/\/i0.wp.com\/eschringen.de\/wordpress\/wp-content\/uploads\/2017\/01\/lyra-logo.jpg?fit=50%2C50&ssl=1","width":50,"height":50},{"@type":"BreadcrumbList","@id":"https:\/\/eschringen.de\/wordpress\/event\/jubilaeumskonzert\/#breadcrumb","itemListElement":[{"@type":"ListItem","position":1,"name":"Startseite","item":"https:\/\/eschringen.de\/wordpress\/"},{"@type":"ListItem","position":2,"name":"Veranstaltungen","item":"https:\/\/eschringen.de\/wordpress\/events\/"},{"@type":"ListItem","position":3,"name":"Jubiläumskonzert"}]},{"@type":"WebSite","@id":"https:\/\/eschringen.de\/wordpress\/#website","url":"https:\/\/eschringen.de\/wordpress\/","name":"Eschringen","description":"","publisher":{"@id":"https:\/\/eschringen.de\/wordpress\/#organization"},"potentialAction":[{"@type":"SearchAction","target":{"@type":"EntryPoint","urlTemplate":"https:\/\/eschringen.de\/wordpress\/?s={search_term_string}"},"query-input":{"@type":"PropertyValueSpecification","valueRequired":true,"valueName":"search_term_string"}}],"inLanguage":"de"},{"@type":"Organization","@id":"https:\/\/eschringen.de\/wordpress\/#organization","name":"Eschringen","url":"https:\/\/eschringen.de\/wordpress\/","logo":{"@type":"ImageObject","inLanguage":"de","@id":"https:\/\/eschringen.de\/wordpress\/#\/schema\/logo\/image\/","url":"https:\/\/eschringen.de\/wordpress\/wp-content\/uploads\/2017\/03\/2017_kw15.jpg","contentUrl":"https:\/\/eschringen.de\/wordpress\/wp-content\/uploads\/2017\/03\/2017_kw15.jpg","width":784,"height":447,"caption":"Eschringen"},"image":{"@id":"https:\/\/eschringen.de\/wordpress\/#\/schema\/logo\/image\/"}}]}</script>
<!-- / Yoast SEO plugin. -->

Jubiläumskonzert - Eschringen

Jubiläumskonzert Musikverein “Lyra” Eschringen e. V. 90 Jahre “Lyra” – Konzert im Mai In diesem Jahr feiert der Musikverein “Lyra” Eschringen sein 90-jähriges Bestehen. Grund genug, um dieses Jubiläum würdig zu feiern, denn “in Rente gehen” wollen wir noch lange nicht. Nach der Matinée im März folgt nun am 21. Mai um 18 Uhr das ... Weiterlesen ...
