{"id":5436,"date":"2025-11-01T12:14:51","date_gmt":"2025-11-01T11:14:51","guid":{"rendered":"https:\/\/eschringen.de\/wordpress\/?post_type=tribe_events&#038;p=5436"},"modified":"2025-11-01T12:14:51","modified_gmt":"2025-11-01T11:14:51","slug":"filmvorfuehrung-das-saarstatut","status":"publish","type":"tribe_events","link":"https:\/\/eschringen.de\/wordpress\/event\/filmvorfuehrung-das-saarstatut\/","title":{"rendered":"Filmvorf\u00fchrung &#8211; Das Saarstatut"},"content":{"rendered":"<p>Am 23. Oktober vor 70 Jahren wurde im Saarland die gro\u00dfe Chance, das Land zu einer europ\u00e4ischen Zentrale zu machen, vergeben. H\u00e4tten damals die Saarl\u00e4nder f\u00fcr das Saarstatut gestimmt, h\u00e4tten sie 1955 dem Land einen europ\u00e4ischen Status verliehen. \u00dcber das Ereignis erz\u00e4hlt ein Film von R\u00fcdiger M\u00f6rsdorf, den ich im Rahmen der Geschichtswerkstatt am 14. November um 19 Uhr im Dorfgemeinschaftshaus Eschringen (Andreas-Kremp-Str.) vorf\u00fchren werde.<\/p>\n","protected":false},"excerpt":{"rendered":"<p>Am 23. Oktober vor 70 Jahren wurde im Saarland die gro\u00dfe Chance, das Land zu einer europ\u00e4ischen Zentrale zu machen, vergeben. H\u00e4tten damals die Saarl\u00e4nder f\u00fcr das Saarstatut gestimmt, h\u00e4tten sie 1955 dem Land einen europ\u00e4ischen Status verliehen. \u00dcber das Ereignis erz\u00e4hlt ein Film von R\u00fcdiger M\u00f6rsdorf, den ich im Rahmen der Geschichtswerkstatt am 14. &#8230; <a title=\"Filmvorf\u00fchrung &#8211; Das Saarstatut\" class=\"read-more\" href=\"https:\/\/eschringen.de\/wordpress\/event\/filmvorfuehrung-das-saarstatut\/\" aria-label=\"Mehr Informationen \u00fcber Filmvorf\u00fchrung &#8211; Das Saarstatut\">Weiterlesen &#8230;<\/a><\/p>\n","protected":false},"author":1,"featured_media":1419,"template":"","meta":{"ngg_post_thumbnail":0,"_tribe_events_status":"","_tribe_events_status_reason":"","footnotes":""},"tags":[],"tribe_events_cat":[],"class_list":["post-5436","tribe_events","type-tribe_events","status-publish","has-post-thumbnail","hentry"],"yoast_head":"<!-- This site is optimized with the Yoast SEO plugin v27.5 - https:\/\/yoast.com\/product\/yoast-seo-wordpress\/ -->\n<title>Filmvorf\u00fchrung - Das Saarstatut - Eschringen<\/title>\n<meta name=\"robots\" content=\"index, follow, max-snippet:-1, max-image-preview:large, max-video-preview:-1\" \/>\n<link rel=\"canonical\" href=\"https:\/\/eschringen.de\/wordpress\/event\/filmvorfuehrung-das-saarstatut\/\" \/>\n<meta property=\"og:locale\" content=\"de_DE\" \/>\n<meta property=\"og:type\" content=\"article\" \/>\n<meta property=\"og:title\" content=\"Filmvorf\u00fchrung - Das Saarstatut - Eschringen\" \/>\n<meta property=\"og:description\" content=\"Am 23. Oktober vor 70 Jahren wurde im Saarland die gro\u00dfe Chance, das Land zu einer europ\u00e4ischen Zentrale zu machen, vergeben. H\u00e4tten damals die Saarl\u00e4nder f\u00fcr das Saarstatut gestimmt, h\u00e4tten sie 1955 dem Land einen europ\u00e4ischen Status verliehen. \u00dcber das Ereignis erz\u00e4hlt ein Film von R\u00fcdiger M\u00f6rsdorf, den ich im Rahmen der Geschichtswerkstatt am 14. ... Weiterlesen ...\" \/>\n<meta property=\"og:url\" content=\"https:\/\/eschringen.de\/wordpress\/event\/filmvorfuehrung-das-saarstatut\/\" \/>\n<meta property=\"og:site_name\" content=\"Eschringen\" \/>\n<meta property=\"og:image\" content=\"https:\/\/eschringen.de\/wordpress\/wp-content\/uploads\/2017\/05\/GW_kal-1.jpg\" \/>\n\t<meta property=\"og:image:width\" content=\"210\" \/>\n\t<meta property=\"og:image:height\" content=\"210\" \/>\n\t<meta property=\"og:image:type\" content=\"image\/jpeg\" \/>\n<meta name=\"twitter:card\" content=\"summary_large_image\" \/>\n<meta name=\"twitter:label1\" content=\"Gesch\u00e4tzte Lesezeit\" \/>\n\t<meta name=\"twitter:data1\" content=\"1\u00a0Minute\" \/>\n<script type=\"application\/ld+json\" class=\"yoast-schema-graph\">{\"@context\":\"https:\\\/\\\/schema.org\",\"@graph\":[{\"@type\":\"WebPage\",\"@id\":\"https:\\\/\\\/eschringen.de\\\/wordpress\\\/event\\\/filmvorfuehrung-das-saarstatut\\\/\",\"url\":\"https:\\\/\\\/eschringen.de\\\/wordpress\\\/event\\\/filmvorfuehrung-das-saarstatut\\\/\",\"name\":\"Filmvorf\u00fchrung - Das Saarstatut - Eschringen\",\"isPartOf\":{\"@id\":\"https:\\\/\\\/eschringen.de\\\/wordpress\\\/#website\"},\"primaryImageOfPage\":{\"@id\":\"https:\\\/\\\/eschringen.de\\\/wordpress\\\/event\\\/filmvorfuehrung-das-saarstatut\\\/#primaryimage\"},\"image\":{\"@id\":\"https:\\\/\\\/eschringen.de\\\/wordpress\\\/event\\\/filmvorfuehrung-das-saarstatut\\\/#primaryimage\"},\"thumbnailUrl\":\"https:\\\/\\\/i0.wp.com\\\/eschringen.de\\\/wordpress\\\/wp-content\\\/uploads\\\/2017\\\/05\\\/GW_kal-1.jpg?fit=210%2C210&ssl=1\",\"datePublished\":\"2025-11-01T11:14:51+00:00\",\"breadcrumb\":{\"@id\":\"https:\\\/\\\/eschringen.de\\\/wordpress\\\/event\\\/filmvorfuehrung-das-saarstatut\\\/#breadcrumb\"},\"inLanguage\":\"de\",\"potentialAction\":[{\"@type\":\"ReadAction\",\"target\":[\"https:\\\/\\\/eschringen.de\\\/wordpress\\\/event\\\/filmvorfuehrung-das-saarstatut\\\/\"]}]},{\"@type\":\"ImageObject\",\"inLanguage\":\"de\",\"@id\":\"https:\\\/\\\/eschringen.de\\\/wordpress\\\/event\\\/filmvorfuehrung-das-saarstatut\\\/#primaryimage\",\"url\":\"https:\\\/\\\/i0.wp.com\\\/eschringen.de\\\/wordpress\\\/wp-content\\\/uploads\\\/2017\\\/05\\\/GW_kal-1.jpg?fit=210%2C210&ssl=1\",\"contentUrl\":\"https:\\\/\\\/i0.wp.com\\\/eschringen.de\\\/wordpress\\\/wp-content\\\/uploads\\\/2017\\\/05\\\/GW_kal-1.jpg?fit=210%2C210&ssl=1\",\"width\":210,\"height\":210},{\"@type\":\"BreadcrumbList\",\"@id\":\"https:\\\/\\\/eschringen.de\\\/wordpress\\\/event\\\/filmvorfuehrung-das-saarstatut\\\/#breadcrumb\",\"itemListElement\":[{\"@type\":\"ListItem\",\"position\":1,\"name\":\"Startseite\",\"item\":\"https:\\\/\\\/eschringen.de\\\/wordpress\\\/\"},{\"@type\":\"ListItem\",\"position\":2,\"name\":\"Veranstaltungen\",\"item\":\"https:\\\/\\\/eschringen.de\\\/wordpress\\\/events\\\/\"},{\"@type\":\"ListItem\",\"position\":3,\"name\":\"Filmvorf\u00fchrung &#8211; Das Saarstatut\"}]},{\"@type\":\"WebSite\",\"@id\":\"https:\\\/\\\/eschringen.de\\\/wordpress\\\/#website\",\"url\":\"https:\\\/\\\/eschringen.de\\\/wordpress\\\/\",\"name\":\"Eschringen\",\"description\":\"\",\"publisher\":{\"@id\":\"https:\\\/\\\/eschringen.de\\\/wordpress\\\/#organization\"},\"potentialAction\":[{\"@type\":\"SearchAction\",\"target\":{\"@type\":\"EntryPoint\",\"urlTemplate\":\"https:\\\/\\\/eschringen.de\\\/wordpress\\\/?s={search_term_string}\"},\"query-input\":{\"@type\":\"PropertyValueSpecification\",\"valueRequired\":true,\"valueName\":\"search_term_string\"}}],\"inLanguage\":\"de\"},{\"@type\":\"Organization\",\"@id\":\"https:\\\/\\\/eschringen.de\\\/wordpress\\\/#organization\",\"name\":\"Eschringen\",\"url\":\"https:\\\/\\\/eschringen.de\\\/wordpress\\\/\",\"logo\":{\"@type\":\"ImageObject\",\"inLanguage\":\"de\",\"@id\":\"https:\\\/\\\/eschringen.de\\\/wordpress\\\/#\\\/schema\\\/logo\\\/image\\\/\",\"url\":\"https:\\\/\\\/eschringen.de\\\/wordpress\\\/wp-content\\\/uploads\\\/2017\\\/03\\\/2017_kw15.jpg\",\"contentUrl\":\"https:\\\/\\\/eschringen.de\\\/wordpress\\\/wp-content\\\/uploads\\\/2017\\\/03\\\/2017_kw15.jpg\",\"width\":784,\"height\":447,\"caption\":\"Eschringen\"},\"image\":{\"@id\":\"https:\\\/\\\/eschringen.de\\\/wordpress\\\/#\\\/schema\\\/logo\\\/image\\\/\"}}]}<\/script>\n<!-- \/ Yoast SEO plugin. -->","yoast_head_json":{"title":"Filmvorf\u00fchrung - Das Saarstatut - Eschringen","robots":{"index":"index","follow":"follow","max-snippet":"max-snippet:-1","max-image-preview":"max-image-preview:large","max-video-preview":"max-video-preview:-1"},"canonical":"https:\/\/eschringen.de\/wordpress\/event\/filmvorfuehrung-das-saarstatut\/","og_locale":"de_DE","og_type":"article","og_title":"Filmvorf\u00fchrung - Das Saarstatut - Eschringen","og_description":"Am 23. Oktober vor 70 Jahren wurde im Saarland die gro\u00dfe Chance, das Land zu einer europ\u00e4ischen Zentrale zu machen, vergeben. H\u00e4tten damals die Saarl\u00e4nder f\u00fcr das Saarstatut gestimmt, h\u00e4tten sie 1955 dem Land einen europ\u00e4ischen Status verliehen. \u00dcber das Ereignis erz\u00e4hlt ein Film von R\u00fcdiger M\u00f6rsdorf, den ich im Rahmen der Geschichtswerkstatt am 14. ... Weiterlesen ...","og_url":"https:\/\/eschringen.de\/wordpress\/event\/filmvorfuehrung-das-saarstatut\/","og_site_name":"Eschringen","og_image":[{"width":210,"height":210,"url":"https:\/\/eschringen.de\/wordpress\/wp-content\/uploads\/2017\/05\/GW_kal-1.jpg","type":"image\/jpeg"}],"twitter_card":"summary_large_image","twitter_misc":{"Gesch\u00e4tzte Lesezeit":"1\u00a0Minute"},"schema":{"@context":"https:\/\/schema.org","@graph":[{"@type":"WebPage","@id":"https:\/\/eschringen.de\/wordpress\/event\/filmvorfuehrung-das-saarstatut\/","url":"https:\/\/eschringen.de\/wordpress\/event\/filmvorfuehrung-das-saarstatut\/","name":"Filmvorf\u00fchrung - Das Saarstatut - Eschringen","isPartOf":{"@id":"https:\/\/eschringen.de\/wordpress\/#website"},"primaryImageOfPage":{"@id":"https:\/\/eschringen.de\/wordpress\/event\/filmvorfuehrung-das-saarstatut\/#primaryimage"},"image":{"@id":"https:\/\/eschringen.de\/wordpress\/event\/filmvorfuehrung-das-saarstatut\/#primaryimage"},"thumbnailUrl":"https:\/\/i0.wp.com\/eschringen.de\/wordpress\/wp-content\/uploads\/2017\/05\/GW_kal-1.jpg?fit=210%2C210&ssl=1","datePublished":"2025-11-01T11:14:51+00:00","breadcrumb":{"@id":"https:\/\/eschringen.de\/wordpress\/event\/filmvorfuehrung-das-saarstatut\/#breadcrumb"},"inLanguage":"de","potentialAction":[{"@type":"ReadAction","target":["https:\/\/eschringen.de\/wordpress\/event\/filmvorfuehrung-das-saarstatut\/"]}]},{"@type":"ImageObject","inLanguage":"de","@id":"https:\/\/eschringen.de\/wordpress\/event\/filmvorfuehrung-das-saarstatut\/#primaryimage","url":"https:\/\/i0.wp.com\/eschringen.de\/wordpress\/wp-content\/uploads\/2017\/05\/GW_kal-1.jpg?fit=210%2C210&ssl=1","contentUrl":"https:\/\/i0.wp.com\/eschringen.de\/wordpress\/wp-content\/uploads\/2017\/05\/GW_kal-1.jpg?fit=210%2C210&ssl=1","width":210,"height":210},{"@type":"BreadcrumbList","@id":"https:\/\/eschringen.de\/wordpress\/event\/filmvorfuehrung-das-saarstatut\/#breadcrumb","itemListElement":[{"@type":"ListItem","position":1,"name":"Startseite","item":"https:\/\/eschringen.de\/wordpress\/"},{"@type":"ListItem","position":2,"name":"Veranstaltungen","item":"https:\/\/eschringen.de\/wordpress\/events\/"},{"@type":"ListItem","position":3,"name":"Filmvorf\u00fchrung &#8211; Das Saarstatut"}]},{"@type":"WebSite","@id":"https:\/\/eschringen.de\/wordpress\/#website","url":"https:\/\/eschringen.de\/wordpress\/","name":"Eschringen","description":"","publisher":{"@id":"https:\/\/eschringen.de\/wordpress\/#organization"},"potentialAction":[{"@type":"SearchAction","target":{"@type":"EntryPoint","urlTemplate":"https:\/\/eschringen.de\/wordpress\/?s={search_term_string}"},"query-input":{"@type":"PropertyValueSpecification","valueRequired":true,"valueName":"search_term_string"}}],"inLanguage":"de"},{"@type":"Organization","@id":"https:\/\/eschringen.de\/wordpress\/#organization","name":"Eschringen","url":"https:\/\/eschringen.de\/wordpress\/","logo":{"@type":"ImageObject","inLanguage":"de","@id":"https:\/\/eschringen.de\/wordpress\/#\/schema\/logo\/image\/","url":"https:\/\/eschringen.de\/wordpress\/wp-content\/uploads\/2017\/03\/2017_kw15.jpg","contentUrl":"https:\/\/eschringen.de\/wordpress\/wp-content\/uploads\/2017\/03\/2017_kw15.jpg","width":784,"height":447,"caption":"Eschringen"},"image":{"@id":"https:\/\/eschringen.de\/wordpress\/#\/schema\/logo\/image\/"}}]}},"jetpack_sharing_enabled":true,"_links":{"self":[{"href":"https:\/\/eschringen.de\/wordpress\/wp-json\/wp\/v2\/tribe_events\/5436","targetHints":{"allow":["GET"]}}],"collection":[{"href":"https:\/\/eschringen.de\/wordpress\/wp-json\/wp\/v2\/tribe_events"}],"about":[{"href":"https:\/\/eschringen.de\/wordpress\/wp-json\/wp\/v2\/types\/tribe_events"}],"author":[{"embeddable":true,"href":"https:\/\/eschringen.de\/wordpress\/wp-json\/wp\/v2\/users\/1"}],"version-history":[{"count":1,"href":"https:\/\/eschringen.de\/wordpress\/wp-json\/wp\/v2\/tribe_events\/5436\/revisions"}],"predecessor-version":[{"id":5437,"href":"https:\/\/eschringen.de\/wordpress\/wp-json\/wp\/v2\/tribe_events\/5436\/revisions\/5437"}],"wp:featuredmedia":[{"embeddable":true,"href":"https:\/\/eschringen.de\/wordpress\/wp-json\/wp\/v2\/media\/1419"}],"wp:attachment":[{"href":"https:\/\/eschringen.de\/wordpress\/wp-json\/wp\/v2\/media?parent=5436"}],"wp:term":[{"taxonomy":"post_tag","embeddable":true,"href":"https:\/\/eschringen.de\/wordpress\/wp-json\/wp\/v2\/tags?post=5436"},{"taxonomy":"tribe_events_cat","embeddable":true,"href":"https:\/\/eschringen.de\/wordpress\/wp-json\/wp\/v2\/tribe_events_cat?post=5436"}],"curies":[{"name":"wp","href":"https:\/\/api.w.org\/{rel}","templated":true}]}}

Filmvorführung &#8211; Das Saarstatut

<p>Am 23. Oktober vor 70 Jahren wurde im Saarland die große Chance, das Land zu einer europäischen Zentrale zu machen, vergeben. Hätten damals die Saarländer für das Saarstatut gestimmt, hätten sie 1955 dem Land einen europäischen Status verliehen. Über das Ereignis erzählt ein Film von Rüdiger Mörsdorf, den ich im Rahmen der Geschichtswerkstatt am 14. November um 19 Uhr im Dorfgemeinschaftshaus Eschringen (Andreas-Kremp-Str.) vorführen werde.</p>

<p>Am 23. Oktober vor 70 Jahren wurde im Saarland die große Chance, das Land zu einer europäischen Zentrale zu machen, vergeben. Hätten damals die Saarländer für das Saarstatut gestimmt, hätten sie 1955 dem Land einen europäischen Status verliehen. Über das Ereignis erzählt ein Film von Rüdiger Mörsdorf, den ich im Rahmen der Geschichtswerkstatt am 14. &#8230; <a title="Filmvorführung &#8211; Das Saarstatut" class="read-more" href="https://eschringen.de/wordpress/event/filmvorfuehrung-das-saarstatut/" aria-label="Mehr Informationen über Filmvorführung &#8211; Das Saarstatut">Weiterlesen &#8230;</a></p>

<!-- This site is optimized with the Yoast SEO plugin v27.5 - https://yoast.com/product/yoast-seo-wordpress/ -->
<title>Filmvorführung - Das Saarstatut - Eschringen</title>
<meta name="robots" content="index, follow, max-snippet:-1, max-image-preview:large, max-video-preview:-1" />
<link rel="canonical" href="https://eschringen.de/wordpress/event/filmvorfuehrung-das-saarstatut/" />
<meta property="og:locale" content="de_DE" />
<meta property="og:type" content="article" />
<meta property="og:title" content="Filmvorführung - Das Saarstatut - Eschringen" />
<meta property="og:description" content="Am 23. Oktober vor 70 Jahren wurde im Saarland die große Chance, das Land zu einer europäischen Zentrale zu machen, vergeben. Hätten damals die Saarländer für das Saarstatut gestimmt, hätten sie 1955 dem Land einen europäischen Status verliehen. Über das Ereignis erzählt ein Film von Rüdiger Mörsdorf, den ich im Rahmen der Geschichtswerkstatt am 14. ... Weiterlesen ..." />
<meta property="og:url" content="https://eschringen.de/wordpress/event/filmvorfuehrung-das-saarstatut/" />
<meta property="og:site_name" content="Eschringen" />
<meta property="og:image" content="https://eschringen.de/wordpress/wp-content/uploads/2017/05/GW_kal-1.jpg" />
	<meta property="og:image:width" content="210" />
	<meta property="og:image:height" content="210" />
	<meta property="og:image:type" content="image/jpeg" />
<meta name="twitter:card" content="summary_large_image" />
<meta name="twitter:label1" content="Geschätzte Lesezeit" />
	<meta name="twitter:data1" content="1 Minute" />
<script type="application/ld+json" class="yoast-schema-graph">{"@context":"https:\/\/schema.org","@graph":[{"@type":"WebPage","@id":"https:\/\/eschringen.de\/wordpress\/event\/filmvorfuehrung-das-saarstatut\/","url":"https:\/\/eschringen.de\/wordpress\/event\/filmvorfuehrung-das-saarstatut\/","name":"Filmvorführung - Das Saarstatut - Eschringen","isPartOf":{"@id":"https:\/\/eschringen.de\/wordpress\/#website"},"primaryImageOfPage":{"@id":"https:\/\/eschringen.de\/wordpress\/event\/filmvorfuehrung-das-saarstatut\/#primaryimage"},"image":{"@id":"https:\/\/eschringen.de\/wordpress\/event\/filmvorfuehrung-das-saarstatut\/#primaryimage"},"thumbnailUrl":"https:\/\/i0.wp.com\/eschringen.de\/wordpress\/wp-content\/uploads\/2017\/05\/GW_kal-1.jpg?fit=210%2C210&ssl=1","datePublished":"2025-11-01T11:14:51+00:00","breadcrumb":{"@id":"https:\/\/eschringen.de\/wordpress\/event\/filmvorfuehrung-das-saarstatut\/#breadcrumb"},"inLanguage":"de","potentialAction":[{"@type":"ReadAction","target":["https:\/\/eschringen.de\/wordpress\/event\/filmvorfuehrung-das-saarstatut\/"]}]},{"@type":"ImageObject","inLanguage":"de","@id":"https:\/\/eschringen.de\/wordpress\/event\/filmvorfuehrung-das-saarstatut\/#primaryimage","url":"https:\/\/i0.wp.com\/eschringen.de\/wordpress\/wp-content\/uploads\/2017\/05\/GW_kal-1.jpg?fit=210%2C210&ssl=1","contentUrl":"https:\/\/i0.wp.com\/eschringen.de\/wordpress\/wp-content\/uploads\/2017\/05\/GW_kal-1.jpg?fit=210%2C210&ssl=1","width":210,"height":210},{"@type":"BreadcrumbList","@id":"https:\/\/eschringen.de\/wordpress\/event\/filmvorfuehrung-das-saarstatut\/#breadcrumb","itemListElement":[{"@type":"ListItem","position":1,"name":"Startseite","item":"https:\/\/eschringen.de\/wordpress\/"},{"@type":"ListItem","position":2,"name":"Veranstaltungen","item":"https:\/\/eschringen.de\/wordpress\/events\/"},{"@type":"ListItem","position":3,"name":"Filmvorführung &#8211; Das Saarstatut"}]},{"@type":"WebSite","@id":"https:\/\/eschringen.de\/wordpress\/#website","url":"https:\/\/eschringen.de\/wordpress\/","name":"Eschringen","description":"","publisher":{"@id":"https:\/\/eschringen.de\/wordpress\/#organization"},"potentialAction":[{"@type":"SearchAction","target":{"@type":"EntryPoint","urlTemplate":"https:\/\/eschringen.de\/wordpress\/?s={search_term_string}"},"query-input":{"@type":"PropertyValueSpecification","valueRequired":true,"valueName":"search_term_string"}}],"inLanguage":"de"},{"@type":"Organization","@id":"https:\/\/eschringen.de\/wordpress\/#organization","name":"Eschringen","url":"https:\/\/eschringen.de\/wordpress\/","logo":{"@type":"ImageObject","inLanguage":"de","@id":"https:\/\/eschringen.de\/wordpress\/#\/schema\/logo\/image\/","url":"https:\/\/eschringen.de\/wordpress\/wp-content\/uploads\/2017\/03\/2017_kw15.jpg","contentUrl":"https:\/\/eschringen.de\/wordpress\/wp-content\/uploads\/2017\/03\/2017_kw15.jpg","width":784,"height":447,"caption":"Eschringen"},"image":{"@id":"https:\/\/eschringen.de\/wordpress\/#\/schema\/logo\/image\/"}}]}</script>
<!-- / Yoast SEO plugin. -->

Filmvorführung - Das Saarstatut - Eschringen

Am 23. Oktober vor 70 Jahren wurde im Saarland die große Chance, das Land zu einer europäischen Zentrale zu machen, vergeben. Hätten damals die Saarländer für das Saarstatut gestimmt, hätten sie 1955 dem Land einen europäischen Status verliehen. Über das Ereignis erzählt ein Film von Rüdiger Mörsdorf, den ich im Rahmen der Geschichtswerkstatt am 14. ... Weiterlesen ...
