{"id":2438,"date":"2019-11-01T16:00:48","date_gmt":"2019-11-01T15:00:48","guid":{"rendered":"https:\/\/eschringen.de\/wordpress\/?post_type=tribe_events&#038;p=2438"},"modified":"2019-11-01T16:00:48","modified_gmt":"2019-11-01T15:00:48","slug":"adventskonzert-2","status":"publish","type":"tribe_events","link":"https:\/\/eschringen.de\/wordpress\/event\/adventskonzert-2\/","title":{"rendered":"Adventskonzert"},"content":{"rendered":"<p><strong>\u201cKinderaugen\u201d \u2013 Adventskonzert des MV \u201cLyra\u201d Eschringen<\/strong><\/p>\n<p>Nachdem wir uns gemeinsam mit unserem musikalischen Nachwuchs bei einem erfolgreichen Fr\u00fchjahrskonzert pr\u00e4sentiert haben, m\u00f6chten wir Sie in der Vorweihnachtszeit erneut zu unserem fast schon zur Tradition gewordenen Adventskonzert in die katholische Pfarrkirche St. Laurentius einladen. Auch in diesem Jahr hat sich unser musikalischer Leiter J\u00fcrgen Nisius nochmal einiges einfallen lassen. Freuen Sie sich auf ein abwechslungsreiches, vorweihnachtliches Konzert des Aktiven-Orchesters des MV \u201cLyra\u201d unter Mitwirkung des Kinderchores der Kulturvereinigung Fechingen. Wann: 15. Dezember 2019 um 18 Uhr. Wo: Pfarrkirche St. Laurentius Eschringen. Wir freuen uns auf Sie!<\/p>\n<p><img data-recalc-dims=\"1\" loading=\"lazy\" decoding=\"async\" class=\"size-full wp-image-2439 aligncenter\" src=\"https:\/\/i0.wp.com\/eschringen.de\/wordpress\/wp-content\/uploads\/2019\/11\/gaudete-14.jpg?resize=977%2C655&#038;ssl=1\" alt=\"\" width=\"977\" height=\"655\" srcset=\"https:\/\/i0.wp.com\/eschringen.de\/wordpress\/wp-content\/uploads\/2019\/11\/gaudete-14.jpg?w=977&amp;ssl=1 977w, https:\/\/i0.wp.com\/eschringen.de\/wordpress\/wp-content\/uploads\/2019\/11\/gaudete-14.jpg?resize=300%2C201&amp;ssl=1 300w, https:\/\/i0.wp.com\/eschringen.de\/wordpress\/wp-content\/uploads\/2019\/11\/gaudete-14.jpg?resize=768%2C515&amp;ssl=1 768w\" sizes=\"auto, (max-width: 977px) 100vw, 977px\" \/><\/p>\n","protected":false},"excerpt":{"rendered":"<p>\u201cKinderaugen\u201d \u2013 Adventskonzert des MV \u201cLyra\u201d Eschringen Nachdem wir uns gemeinsam mit unserem musikalischen Nachwuchs bei einem erfolgreichen Fr\u00fchjahrskonzert pr\u00e4sentiert haben, m\u00f6chten wir Sie in der Vorweihnachtszeit erneut zu unserem fast schon zur Tradition gewordenen Adventskonzert in die katholische Pfarrkirche St. Laurentius einladen. Auch in diesem Jahr hat sich unser musikalischer Leiter J\u00fcrgen Nisius nochmal &#8230; <a title=\"Adventskonzert\" class=\"read-more\" href=\"https:\/\/eschringen.de\/wordpress\/event\/adventskonzert-2\/\" aria-label=\"Mehr Informationen \u00fcber Adventskonzert\">Weiterlesen &#8230;<\/a><\/p>\n","protected":false},"author":1,"featured_media":1425,"template":"","meta":{"ngg_post_thumbnail":0,"_tribe_events_status":"","_tribe_events_status_reason":"","footnotes":""},"tags":[],"tribe_events_cat":[],"class_list":["post-2438","tribe_events","type-tribe_events","status-publish","has-post-thumbnail","hentry"],"yoast_head":"<!-- This site is optimized with the Yoast SEO plugin v27.4 - https:\/\/yoast.com\/product\/yoast-seo-wordpress\/ -->\n<title>Adventskonzert - Eschringen<\/title>\n<meta name=\"robots\" content=\"index, follow, max-snippet:-1, max-image-preview:large, max-video-preview:-1\" \/>\n<link rel=\"canonical\" href=\"https:\/\/eschringen.de\/wordpress\/event\/adventskonzert-2\/\" \/>\n<meta property=\"og:locale\" content=\"de_DE\" \/>\n<meta property=\"og:type\" content=\"article\" \/>\n<meta property=\"og:title\" content=\"Adventskonzert - Eschringen\" \/>\n<meta property=\"og:description\" content=\"\u201cKinderaugen\u201d \u2013 Adventskonzert des MV \u201cLyra\u201d Eschringen Nachdem wir uns gemeinsam mit unserem musikalischen Nachwuchs bei einem erfolgreichen Fr\u00fchjahrskonzert pr\u00e4sentiert haben, m\u00f6chten wir Sie in der Vorweihnachtszeit erneut zu unserem fast schon zur Tradition gewordenen Adventskonzert in die katholische Pfarrkirche St. Laurentius einladen. Auch in diesem Jahr hat sich unser musikalischer Leiter J\u00fcrgen Nisius nochmal ... Weiterlesen ...\" \/>\n<meta property=\"og:url\" content=\"https:\/\/eschringen.de\/wordpress\/event\/adventskonzert-2\/\" \/>\n<meta property=\"og:site_name\" content=\"Eschringen\" \/>\n<meta property=\"og:image\" content=\"https:\/\/eschringen.de\/wordpress\/wp-content\/uploads\/2017\/04\/Lyra_kal.jpg\" \/>\n\t<meta property=\"og:image:width\" content=\"210\" \/>\n\t<meta property=\"og:image:height\" content=\"212\" \/>\n\t<meta property=\"og:image:type\" content=\"image\/jpeg\" \/>\n<meta name=\"twitter:card\" content=\"summary_large_image\" \/>\n<script type=\"application\/ld+json\" class=\"yoast-schema-graph\">{\"@context\":\"https:\\\/\\\/schema.org\",\"@graph\":[{\"@type\":\"WebPage\",\"@id\":\"https:\\\/\\\/eschringen.de\\\/wordpress\\\/event\\\/adventskonzert-2\\\/\",\"url\":\"https:\\\/\\\/eschringen.de\\\/wordpress\\\/event\\\/adventskonzert-2\\\/\",\"name\":\"Adventskonzert - Eschringen\",\"isPartOf\":{\"@id\":\"https:\\\/\\\/eschringen.de\\\/wordpress\\\/#website\"},\"primaryImageOfPage\":{\"@id\":\"https:\\\/\\\/eschringen.de\\\/wordpress\\\/event\\\/adventskonzert-2\\\/#primaryimage\"},\"image\":{\"@id\":\"https:\\\/\\\/eschringen.de\\\/wordpress\\\/event\\\/adventskonzert-2\\\/#primaryimage\"},\"thumbnailUrl\":\"https:\\\/\\\/i0.wp.com\\\/eschringen.de\\\/wordpress\\\/wp-content\\\/uploads\\\/2017\\\/04\\\/Lyra_kal.jpg?fit=210%2C212&ssl=1\",\"datePublished\":\"2019-11-01T15:00:48+00:00\",\"breadcrumb\":{\"@id\":\"https:\\\/\\\/eschringen.de\\\/wordpress\\\/event\\\/adventskonzert-2\\\/#breadcrumb\"},\"inLanguage\":\"de\",\"potentialAction\":[{\"@type\":\"ReadAction\",\"target\":[\"https:\\\/\\\/eschringen.de\\\/wordpress\\\/event\\\/adventskonzert-2\\\/\"]}]},{\"@type\":\"ImageObject\",\"inLanguage\":\"de\",\"@id\":\"https:\\\/\\\/eschringen.de\\\/wordpress\\\/event\\\/adventskonzert-2\\\/#primaryimage\",\"url\":\"https:\\\/\\\/i0.wp.com\\\/eschringen.de\\\/wordpress\\\/wp-content\\\/uploads\\\/2017\\\/04\\\/Lyra_kal.jpg?fit=210%2C212&ssl=1\",\"contentUrl\":\"https:\\\/\\\/i0.wp.com\\\/eschringen.de\\\/wordpress\\\/wp-content\\\/uploads\\\/2017\\\/04\\\/Lyra_kal.jpg?fit=210%2C212&ssl=1\",\"width\":210,\"height\":212},{\"@type\":\"BreadcrumbList\",\"@id\":\"https:\\\/\\\/eschringen.de\\\/wordpress\\\/event\\\/adventskonzert-2\\\/#breadcrumb\",\"itemListElement\":[{\"@type\":\"ListItem\",\"position\":1,\"name\":\"Startseite\",\"item\":\"https:\\\/\\\/eschringen.de\\\/wordpress\\\/\"},{\"@type\":\"ListItem\",\"position\":2,\"name\":\"Veranstaltungen\",\"item\":\"https:\\\/\\\/eschringen.de\\\/wordpress\\\/events\\\/\"},{\"@type\":\"ListItem\",\"position\":3,\"name\":\"Adventskonzert\"}]},{\"@type\":\"WebSite\",\"@id\":\"https:\\\/\\\/eschringen.de\\\/wordpress\\\/#website\",\"url\":\"https:\\\/\\\/eschringen.de\\\/wordpress\\\/\",\"name\":\"Eschringen\",\"description\":\"\",\"publisher\":{\"@id\":\"https:\\\/\\\/eschringen.de\\\/wordpress\\\/#organization\"},\"potentialAction\":[{\"@type\":\"SearchAction\",\"target\":{\"@type\":\"EntryPoint\",\"urlTemplate\":\"https:\\\/\\\/eschringen.de\\\/wordpress\\\/?s={search_term_string}\"},\"query-input\":{\"@type\":\"PropertyValueSpecification\",\"valueRequired\":true,\"valueName\":\"search_term_string\"}}],\"inLanguage\":\"de\"},{\"@type\":\"Organization\",\"@id\":\"https:\\\/\\\/eschringen.de\\\/wordpress\\\/#organization\",\"name\":\"Eschringen\",\"url\":\"https:\\\/\\\/eschringen.de\\\/wordpress\\\/\",\"logo\":{\"@type\":\"ImageObject\",\"inLanguage\":\"de\",\"@id\":\"https:\\\/\\\/eschringen.de\\\/wordpress\\\/#\\\/schema\\\/logo\\\/image\\\/\",\"url\":\"https:\\\/\\\/eschringen.de\\\/wordpress\\\/wp-content\\\/uploads\\\/2017\\\/03\\\/2017_kw15.jpg\",\"contentUrl\":\"https:\\\/\\\/eschringen.de\\\/wordpress\\\/wp-content\\\/uploads\\\/2017\\\/03\\\/2017_kw15.jpg\",\"width\":784,\"height\":447,\"caption\":\"Eschringen\"},\"image\":{\"@id\":\"https:\\\/\\\/eschringen.de\\\/wordpress\\\/#\\\/schema\\\/logo\\\/image\\\/\"}}]}<\/script>\n<!-- \/ Yoast SEO plugin. -->","yoast_head_json":{"title":"Adventskonzert - Eschringen","robots":{"index":"index","follow":"follow","max-snippet":"max-snippet:-1","max-image-preview":"max-image-preview:large","max-video-preview":"max-video-preview:-1"},"canonical":"https:\/\/eschringen.de\/wordpress\/event\/adventskonzert-2\/","og_locale":"de_DE","og_type":"article","og_title":"Adventskonzert - Eschringen","og_description":"\u201cKinderaugen\u201d \u2013 Adventskonzert des MV \u201cLyra\u201d Eschringen Nachdem wir uns gemeinsam mit unserem musikalischen Nachwuchs bei einem erfolgreichen Fr\u00fchjahrskonzert pr\u00e4sentiert haben, m\u00f6chten wir Sie in der Vorweihnachtszeit erneut zu unserem fast schon zur Tradition gewordenen Adventskonzert in die katholische Pfarrkirche St. Laurentius einladen. Auch in diesem Jahr hat sich unser musikalischer Leiter J\u00fcrgen Nisius nochmal ... Weiterlesen ...","og_url":"https:\/\/eschringen.de\/wordpress\/event\/adventskonzert-2\/","og_site_name":"Eschringen","og_image":[{"width":210,"height":212,"url":"https:\/\/eschringen.de\/wordpress\/wp-content\/uploads\/2017\/04\/Lyra_kal.jpg","type":"image\/jpeg"}],"twitter_card":"summary_large_image","schema":{"@context":"https:\/\/schema.org","@graph":[{"@type":"WebPage","@id":"https:\/\/eschringen.de\/wordpress\/event\/adventskonzert-2\/","url":"https:\/\/eschringen.de\/wordpress\/event\/adventskonzert-2\/","name":"Adventskonzert - Eschringen","isPartOf":{"@id":"https:\/\/eschringen.de\/wordpress\/#website"},"primaryImageOfPage":{"@id":"https:\/\/eschringen.de\/wordpress\/event\/adventskonzert-2\/#primaryimage"},"image":{"@id":"https:\/\/eschringen.de\/wordpress\/event\/adventskonzert-2\/#primaryimage"},"thumbnailUrl":"https:\/\/i0.wp.com\/eschringen.de\/wordpress\/wp-content\/uploads\/2017\/04\/Lyra_kal.jpg?fit=210%2C212&ssl=1","datePublished":"2019-11-01T15:00:48+00:00","breadcrumb":{"@id":"https:\/\/eschringen.de\/wordpress\/event\/adventskonzert-2\/#breadcrumb"},"inLanguage":"de","potentialAction":[{"@type":"ReadAction","target":["https:\/\/eschringen.de\/wordpress\/event\/adventskonzert-2\/"]}]},{"@type":"ImageObject","inLanguage":"de","@id":"https:\/\/eschringen.de\/wordpress\/event\/adventskonzert-2\/#primaryimage","url":"https:\/\/i0.wp.com\/eschringen.de\/wordpress\/wp-content\/uploads\/2017\/04\/Lyra_kal.jpg?fit=210%2C212&ssl=1","contentUrl":"https:\/\/i0.wp.com\/eschringen.de\/wordpress\/wp-content\/uploads\/2017\/04\/Lyra_kal.jpg?fit=210%2C212&ssl=1","width":210,"height":212},{"@type":"BreadcrumbList","@id":"https:\/\/eschringen.de\/wordpress\/event\/adventskonzert-2\/#breadcrumb","itemListElement":[{"@type":"ListItem","position":1,"name":"Startseite","item":"https:\/\/eschringen.de\/wordpress\/"},{"@type":"ListItem","position":2,"name":"Veranstaltungen","item":"https:\/\/eschringen.de\/wordpress\/events\/"},{"@type":"ListItem","position":3,"name":"Adventskonzert"}]},{"@type":"WebSite","@id":"https:\/\/eschringen.de\/wordpress\/#website","url":"https:\/\/eschringen.de\/wordpress\/","name":"Eschringen","description":"","publisher":{"@id":"https:\/\/eschringen.de\/wordpress\/#organization"},"potentialAction":[{"@type":"SearchAction","target":{"@type":"EntryPoint","urlTemplate":"https:\/\/eschringen.de\/wordpress\/?s={search_term_string}"},"query-input":{"@type":"PropertyValueSpecification","valueRequired":true,"valueName":"search_term_string"}}],"inLanguage":"de"},{"@type":"Organization","@id":"https:\/\/eschringen.de\/wordpress\/#organization","name":"Eschringen","url":"https:\/\/eschringen.de\/wordpress\/","logo":{"@type":"ImageObject","inLanguage":"de","@id":"https:\/\/eschringen.de\/wordpress\/#\/schema\/logo\/image\/","url":"https:\/\/eschringen.de\/wordpress\/wp-content\/uploads\/2017\/03\/2017_kw15.jpg","contentUrl":"https:\/\/eschringen.de\/wordpress\/wp-content\/uploads\/2017\/03\/2017_kw15.jpg","width":784,"height":447,"caption":"Eschringen"},"image":{"@id":"https:\/\/eschringen.de\/wordpress\/#\/schema\/logo\/image\/"}}]}},"jetpack_sharing_enabled":true,"_links":{"self":[{"href":"https:\/\/eschringen.de\/wordpress\/wp-json\/wp\/v2\/tribe_events\/2438","targetHints":{"allow":["GET"]}}],"collection":[{"href":"https:\/\/eschringen.de\/wordpress\/wp-json\/wp\/v2\/tribe_events"}],"about":[{"href":"https:\/\/eschringen.de\/wordpress\/wp-json\/wp\/v2\/types\/tribe_events"}],"author":[{"embeddable":true,"href":"https:\/\/eschringen.de\/wordpress\/wp-json\/wp\/v2\/users\/1"}],"version-history":[{"count":1,"href":"https:\/\/eschringen.de\/wordpress\/wp-json\/wp\/v2\/tribe_events\/2438\/revisions"}],"predecessor-version":[{"id":2440,"href":"https:\/\/eschringen.de\/wordpress\/wp-json\/wp\/v2\/tribe_events\/2438\/revisions\/2440"}],"wp:featuredmedia":[{"embeddable":true,"href":"https:\/\/eschringen.de\/wordpress\/wp-json\/wp\/v2\/media\/1425"}],"wp:attachment":[{"href":"https:\/\/eschringen.de\/wordpress\/wp-json\/wp\/v2\/media?parent=2438"}],"wp:term":[{"taxonomy":"post_tag","embeddable":true,"href":"https:\/\/eschringen.de\/wordpress\/wp-json\/wp\/v2\/tags?post=2438"},{"taxonomy":"tribe_events_cat","embeddable":true,"href":"https:\/\/eschringen.de\/wordpress\/wp-json\/wp\/v2\/tribe_events_cat?post=2438"}],"curies":[{"name":"wp","href":"https:\/\/api.w.org\/{rel}","templated":true}]}}

<p><strong>“Kinderaugen” – Adventskonzert des MV “Lyra” Eschringen</strong></p>
<p>Nachdem wir uns gemeinsam mit unserem musikalischen Nachwuchs bei einem erfolgreichen Frühjahrskonzert präsentiert haben, möchten wir Sie in der Vorweihnachtszeit erneut zu unserem fast schon zur Tradition gewordenen Adventskonzert in die katholische Pfarrkirche St. Laurentius einladen. Auch in diesem Jahr hat sich unser musikalischer Leiter Jürgen Nisius nochmal einiges einfallen lassen. Freuen Sie sich auf ein abwechslungsreiches, vorweihnachtliches Konzert des Aktiven-Orchesters des MV “Lyra” unter Mitwirkung des Kinderchores der Kulturvereinigung Fechingen. Wann: 15. Dezember 2019 um 18 Uhr. Wo: Pfarrkirche St. Laurentius Eschringen. Wir freuen uns auf Sie!</p>
<p><img data-recalc-dims="1" loading="lazy" decoding="async" class="size-full wp-image-2439 aligncenter" src="https://i0.wp.com/eschringen.de/wordpress/wp-content/uploads/2019/11/gaudete-14.jpg?resize=977%2C655&#038;ssl=1" alt="" width="977" height="655" srcset="https://i0.wp.com/eschringen.de/wordpress/wp-content/uploads/2019/11/gaudete-14.jpg?w=977&amp;ssl=1 977w, https://i0.wp.com/eschringen.de/wordpress/wp-content/uploads/2019/11/gaudete-14.jpg?resize=300%2C201&amp;ssl=1 300w, https://i0.wp.com/eschringen.de/wordpress/wp-content/uploads/2019/11/gaudete-14.jpg?resize=768%2C515&amp;ssl=1 768w" sizes="auto, (max-width: 977px) 100vw, 977px" /></p>

<p>“Kinderaugen” – Adventskonzert des MV “Lyra” Eschringen Nachdem wir uns gemeinsam mit unserem musikalischen Nachwuchs bei einem erfolgreichen Frühjahrskonzert präsentiert haben, möchten wir Sie in der Vorweihnachtszeit erneut zu unserem fast schon zur Tradition gewordenen Adventskonzert in die katholische Pfarrkirche St. Laurentius einladen. Auch in diesem Jahr hat sich unser musikalischer Leiter Jürgen Nisius nochmal &#8230; <a title="Adventskonzert" class="read-more" href="https://eschringen.de/wordpress/event/adventskonzert-2/" aria-label="Mehr Informationen über Adventskonzert">Weiterlesen &#8230;</a></p>

<!-- This site is optimized with the Yoast SEO plugin v27.4 - https://yoast.com/product/yoast-seo-wordpress/ -->
<title>Adventskonzert - Eschringen</title>
<meta name="robots" content="index, follow, max-snippet:-1, max-image-preview:large, max-video-preview:-1" />
<link rel="canonical" href="https://eschringen.de/wordpress/event/adventskonzert-2/" />
<meta property="og:locale" content="de_DE" />
<meta property="og:type" content="article" />
<meta property="og:title" content="Adventskonzert - Eschringen" />
<meta property="og:description" content="“Kinderaugen” – Adventskonzert des MV “Lyra” Eschringen Nachdem wir uns gemeinsam mit unserem musikalischen Nachwuchs bei einem erfolgreichen Frühjahrskonzert präsentiert haben, möchten wir Sie in der Vorweihnachtszeit erneut zu unserem fast schon zur Tradition gewordenen Adventskonzert in die katholische Pfarrkirche St. Laurentius einladen. Auch in diesem Jahr hat sich unser musikalischer Leiter Jürgen Nisius nochmal ... Weiterlesen ..." />
<meta property="og:url" content="https://eschringen.de/wordpress/event/adventskonzert-2/" />
<meta property="og:site_name" content="Eschringen" />
<meta property="og:image" content="https://eschringen.de/wordpress/wp-content/uploads/2017/04/Lyra_kal.jpg" />
	<meta property="og:image:width" content="210" />
	<meta property="og:image:height" content="212" />
	<meta property="og:image:type" content="image/jpeg" />
<meta name="twitter:card" content="summary_large_image" />
<script type="application/ld+json" class="yoast-schema-graph">{"@context":"https:\/\/schema.org","@graph":[{"@type":"WebPage","@id":"https:\/\/eschringen.de\/wordpress\/event\/adventskonzert-2\/","url":"https:\/\/eschringen.de\/wordpress\/event\/adventskonzert-2\/","name":"Adventskonzert - Eschringen","isPartOf":{"@id":"https:\/\/eschringen.de\/wordpress\/#website"},"primaryImageOfPage":{"@id":"https:\/\/eschringen.de\/wordpress\/event\/adventskonzert-2\/#primaryimage"},"image":{"@id":"https:\/\/eschringen.de\/wordpress\/event\/adventskonzert-2\/#primaryimage"},"thumbnailUrl":"https:\/\/i0.wp.com\/eschringen.de\/wordpress\/wp-content\/uploads\/2017\/04\/Lyra_kal.jpg?fit=210%2C212&ssl=1","datePublished":"2019-11-01T15:00:48+00:00","breadcrumb":{"@id":"https:\/\/eschringen.de\/wordpress\/event\/adventskonzert-2\/#breadcrumb"},"inLanguage":"de","potentialAction":[{"@type":"ReadAction","target":["https:\/\/eschringen.de\/wordpress\/event\/adventskonzert-2\/"]}]},{"@type":"ImageObject","inLanguage":"de","@id":"https:\/\/eschringen.de\/wordpress\/event\/adventskonzert-2\/#primaryimage","url":"https:\/\/i0.wp.com\/eschringen.de\/wordpress\/wp-content\/uploads\/2017\/04\/Lyra_kal.jpg?fit=210%2C212&ssl=1","contentUrl":"https:\/\/i0.wp.com\/eschringen.de\/wordpress\/wp-content\/uploads\/2017\/04\/Lyra_kal.jpg?fit=210%2C212&ssl=1","width":210,"height":212},{"@type":"BreadcrumbList","@id":"https:\/\/eschringen.de\/wordpress\/event\/adventskonzert-2\/#breadcrumb","itemListElement":[{"@type":"ListItem","position":1,"name":"Startseite","item":"https:\/\/eschringen.de\/wordpress\/"},{"@type":"ListItem","position":2,"name":"Veranstaltungen","item":"https:\/\/eschringen.de\/wordpress\/events\/"},{"@type":"ListItem","position":3,"name":"Adventskonzert"}]},{"@type":"WebSite","@id":"https:\/\/eschringen.de\/wordpress\/#website","url":"https:\/\/eschringen.de\/wordpress\/","name":"Eschringen","description":"","publisher":{"@id":"https:\/\/eschringen.de\/wordpress\/#organization"},"potentialAction":[{"@type":"SearchAction","target":{"@type":"EntryPoint","urlTemplate":"https:\/\/eschringen.de\/wordpress\/?s={search_term_string}"},"query-input":{"@type":"PropertyValueSpecification","valueRequired":true,"valueName":"search_term_string"}}],"inLanguage":"de"},{"@type":"Organization","@id":"https:\/\/eschringen.de\/wordpress\/#organization","name":"Eschringen","url":"https:\/\/eschringen.de\/wordpress\/","logo":{"@type":"ImageObject","inLanguage":"de","@id":"https:\/\/eschringen.de\/wordpress\/#\/schema\/logo\/image\/","url":"https:\/\/eschringen.de\/wordpress\/wp-content\/uploads\/2017\/03\/2017_kw15.jpg","contentUrl":"https:\/\/eschringen.de\/wordpress\/wp-content\/uploads\/2017\/03\/2017_kw15.jpg","width":784,"height":447,"caption":"Eschringen"},"image":{"@id":"https:\/\/eschringen.de\/wordpress\/#\/schema\/logo\/image\/"}}]}</script>
<!-- / Yoast SEO plugin. -->

“Kinderaugen” – Adventskonzert des MV “Lyra” Eschringen Nachdem wir uns gemeinsam mit unserem musikalischen Nachwuchs bei einem erfolgreichen Frühjahrskonzert präsentiert haben, möchten wir Sie in der Vorweihnachtszeit erneut zu unserem fast schon zur Tradition gewordenen Adventskonzert in die katholische Pfarrkirche St. Laurentius einladen. Auch in diesem Jahr hat sich unser musikalischer Leiter Jürgen Nisius nochmal ... Weiterlesen ...
