{"id":2398,"date":"2019-09-28T10:43:15","date_gmt":"2019-09-28T08:43:15","guid":{"rendered":"https:\/\/eschringen.de\/wordpress\/?post_type=tribe_events&#038;p=2398"},"modified":"2019-09-28T10:43:15","modified_gmt":"2019-09-28T08:43:15","slug":"erntedank","status":"publish","type":"tribe_events","link":"https:\/\/eschringen.de\/wordpress\/event\/erntedank\/","title":{"rendered":"Erntedank"},"content":{"rendered":"<p><strong>Erntedank \u2013 Da darf es auch ein bisschen mehr sein<\/strong><\/p>\n<p><strong>Am Sonntag, 6. Oktober im Pfarrheim Eschringen<\/strong><\/p>\n<p>Ob das Danken aus der Mode gekommen ist, das m\u00f6gen andere beurteilen. F\u00fcr Chist*innen, aber nicht nur f\u00fcr die, ist es eigentlich eine Grundhaltung, die das Lebensgef\u00fchl und die Lebenshaltung und -art pr\u00e4gen sollte. Die Selbstverst\u00e4ndlichkeit mit der wir Menschen in unseren Breiten alles genie\u00dfen, gebrauchen und verbrauchen f\u00fchrt schnell zu einer gedankenlosen Lebensart, die weder den Menschen noch der Sch\u00f6pfung gut tut. Auch wenn es unmodern oder sogar antiquiert klingt\u2026Etwas Bescheidenheit, Respekt und ja, sogar Demut w\u00e4ren nicht verkehrt. Daran will uns das Erntedankfest erinnern und das wollen wir mit dem Gottesdienst am Erntedankfest um 9.00h auch deutlich zum Ausdruck bringen. Grund zum Danken haben wir doch allemal, trotz so mancher Mankos und Wehwehchen. Zum Beispiel daf\u00fcr, dass wir als Gemeinde immer noch jeden Sonntag Gemeinschaft feiern k\u00f6nnen. Gemeinschaft aber braucht gemeinsame Zeit und Gelegenheit. Deshalb laden wir alle nach dem Gottesdienst zu einem kleinen und zwanglosen Steh-Imbiss und Umtrunk ein (Es gibt nat\u00fcrlich auch St\u00fchle zum Sitzen &#x1f609;) Eingeladen sind wirklich ALLE und wir sind sicher, dass f\u00fcr diese <em>ALLE<\/em> gen\u00fcgend Raum zur Verf\u00fcgung steht. Die Zeit nach dem Gottesdienst, die muss sich aber schon jede*r selber nehmen. Der Liebende Gott hat genug davon gemacht, um uns die Chance zu geben, dass neben den Fr\u00fcchten der Erde auch unsere Gemeinschaft wachsen kann.<\/p>\n<p>(bm)<\/p>\n","protected":false},"excerpt":{"rendered":"<p>Erntedank \u2013 Da darf es auch ein bisschen mehr sein Am Sonntag, 6. Oktober im Pfarrheim Eschringen Ob das Danken aus der Mode gekommen ist, das m\u00f6gen andere beurteilen. F\u00fcr Chist*innen, aber nicht nur f\u00fcr die, ist es eigentlich eine Grundhaltung, die das Lebensgef\u00fchl und die Lebenshaltung und -art pr\u00e4gen sollte. Die Selbstverst\u00e4ndlichkeit mit der &#8230; <a title=\"Erntedank\" class=\"read-more\" href=\"https:\/\/eschringen.de\/wordpress\/event\/erntedank\/\" aria-label=\"Mehr Informationen \u00fcber Erntedank\">Weiterlesen &#8230;<\/a><\/p>\n","protected":false},"author":1,"featured_media":1424,"template":"","meta":{"ngg_post_thumbnail":0,"_tribe_events_status":"","_tribe_events_status_reason":"","footnotes":""},"tags":[],"tribe_events_cat":[],"class_list":["post-2398","tribe_events","type-tribe_events","status-publish","has-post-thumbnail","hentry"],"yoast_head":"<!-- This site is optimized with the Yoast SEO plugin v27.4 - https:\/\/yoast.com\/product\/yoast-seo-wordpress\/ -->\n<title>Erntedank - Eschringen<\/title>\n<meta name=\"robots\" content=\"index, follow, max-snippet:-1, max-image-preview:large, max-video-preview:-1\" \/>\n<link rel=\"canonical\" href=\"https:\/\/eschringen.de\/wordpress\/event\/erntedank\/\" \/>\n<meta property=\"og:locale\" content=\"de_DE\" \/>\n<meta property=\"og:type\" content=\"article\" \/>\n<meta property=\"og:title\" content=\"Erntedank - Eschringen\" \/>\n<meta property=\"og:description\" content=\"Erntedank \u2013 Da darf es auch ein bisschen mehr sein Am Sonntag, 6. Oktober im Pfarrheim Eschringen Ob das Danken aus der Mode gekommen ist, das m\u00f6gen andere beurteilen. F\u00fcr Chist*innen, aber nicht nur f\u00fcr die, ist es eigentlich eine Grundhaltung, die das Lebensgef\u00fchl und die Lebenshaltung und -art pr\u00e4gen sollte. Die Selbstverst\u00e4ndlichkeit mit der ... Weiterlesen ...\" \/>\n<meta property=\"og:url\" content=\"https:\/\/eschringen.de\/wordpress\/event\/erntedank\/\" \/>\n<meta property=\"og:site_name\" content=\"Eschringen\" \/>\n<meta property=\"og:image\" content=\"https:\/\/eschringen.de\/wordpress\/wp-content\/uploads\/2017\/06\/Kirche_kal.jpg\" \/>\n\t<meta property=\"og:image:width\" content=\"210\" \/>\n\t<meta property=\"og:image:height\" content=\"212\" \/>\n\t<meta property=\"og:image:type\" content=\"image\/jpeg\" \/>\n<meta name=\"twitter:card\" content=\"summary_large_image\" \/>\n<meta name=\"twitter:label1\" content=\"Gesch\u00e4tzte Lesezeit\" \/>\n\t<meta name=\"twitter:data1\" content=\"1\u00a0Minute\" \/>\n<script type=\"application\/ld+json\" class=\"yoast-schema-graph\">{\"@context\":\"https:\\\/\\\/schema.org\",\"@graph\":[{\"@type\":\"WebPage\",\"@id\":\"https:\\\/\\\/eschringen.de\\\/wordpress\\\/event\\\/erntedank\\\/\",\"url\":\"https:\\\/\\\/eschringen.de\\\/wordpress\\\/event\\\/erntedank\\\/\",\"name\":\"Erntedank - Eschringen\",\"isPartOf\":{\"@id\":\"https:\\\/\\\/eschringen.de\\\/wordpress\\\/#website\"},\"primaryImageOfPage\":{\"@id\":\"https:\\\/\\\/eschringen.de\\\/wordpress\\\/event\\\/erntedank\\\/#primaryimage\"},\"image\":{\"@id\":\"https:\\\/\\\/eschringen.de\\\/wordpress\\\/event\\\/erntedank\\\/#primaryimage\"},\"thumbnailUrl\":\"https:\\\/\\\/i0.wp.com\\\/eschringen.de\\\/wordpress\\\/wp-content\\\/uploads\\\/2017\\\/06\\\/Kirche_kal.jpg?fit=210%2C212&ssl=1\",\"datePublished\":\"2019-09-28T08:43:15+00:00\",\"breadcrumb\":{\"@id\":\"https:\\\/\\\/eschringen.de\\\/wordpress\\\/event\\\/erntedank\\\/#breadcrumb\"},\"inLanguage\":\"de\",\"potentialAction\":[{\"@type\":\"ReadAction\",\"target\":[\"https:\\\/\\\/eschringen.de\\\/wordpress\\\/event\\\/erntedank\\\/\"]}]},{\"@type\":\"ImageObject\",\"inLanguage\":\"de\",\"@id\":\"https:\\\/\\\/eschringen.de\\\/wordpress\\\/event\\\/erntedank\\\/#primaryimage\",\"url\":\"https:\\\/\\\/i0.wp.com\\\/eschringen.de\\\/wordpress\\\/wp-content\\\/uploads\\\/2017\\\/06\\\/Kirche_kal.jpg?fit=210%2C212&ssl=1\",\"contentUrl\":\"https:\\\/\\\/i0.wp.com\\\/eschringen.de\\\/wordpress\\\/wp-content\\\/uploads\\\/2017\\\/06\\\/Kirche_kal.jpg?fit=210%2C212&ssl=1\",\"width\":210,\"height\":212},{\"@type\":\"BreadcrumbList\",\"@id\":\"https:\\\/\\\/eschringen.de\\\/wordpress\\\/event\\\/erntedank\\\/#breadcrumb\",\"itemListElement\":[{\"@type\":\"ListItem\",\"position\":1,\"name\":\"Startseite\",\"item\":\"https:\\\/\\\/eschringen.de\\\/wordpress\\\/\"},{\"@type\":\"ListItem\",\"position\":2,\"name\":\"Veranstaltungen\",\"item\":\"https:\\\/\\\/eschringen.de\\\/wordpress\\\/events\\\/\"},{\"@type\":\"ListItem\",\"position\":3,\"name\":\"Erntedank\"}]},{\"@type\":\"WebSite\",\"@id\":\"https:\\\/\\\/eschringen.de\\\/wordpress\\\/#website\",\"url\":\"https:\\\/\\\/eschringen.de\\\/wordpress\\\/\",\"name\":\"Eschringen\",\"description\":\"\",\"publisher\":{\"@id\":\"https:\\\/\\\/eschringen.de\\\/wordpress\\\/#organization\"},\"potentialAction\":[{\"@type\":\"SearchAction\",\"target\":{\"@type\":\"EntryPoint\",\"urlTemplate\":\"https:\\\/\\\/eschringen.de\\\/wordpress\\\/?s={search_term_string}\"},\"query-input\":{\"@type\":\"PropertyValueSpecification\",\"valueRequired\":true,\"valueName\":\"search_term_string\"}}],\"inLanguage\":\"de\"},{\"@type\":\"Organization\",\"@id\":\"https:\\\/\\\/eschringen.de\\\/wordpress\\\/#organization\",\"name\":\"Eschringen\",\"url\":\"https:\\\/\\\/eschringen.de\\\/wordpress\\\/\",\"logo\":{\"@type\":\"ImageObject\",\"inLanguage\":\"de\",\"@id\":\"https:\\\/\\\/eschringen.de\\\/wordpress\\\/#\\\/schema\\\/logo\\\/image\\\/\",\"url\":\"https:\\\/\\\/eschringen.de\\\/wordpress\\\/wp-content\\\/uploads\\\/2017\\\/03\\\/2017_kw15.jpg\",\"contentUrl\":\"https:\\\/\\\/eschringen.de\\\/wordpress\\\/wp-content\\\/uploads\\\/2017\\\/03\\\/2017_kw15.jpg\",\"width\":784,\"height\":447,\"caption\":\"Eschringen\"},\"image\":{\"@id\":\"https:\\\/\\\/eschringen.de\\\/wordpress\\\/#\\\/schema\\\/logo\\\/image\\\/\"}}]}<\/script>\n<!-- \/ Yoast SEO plugin. -->","yoast_head_json":{"title":"Erntedank - Eschringen","robots":{"index":"index","follow":"follow","max-snippet":"max-snippet:-1","max-image-preview":"max-image-preview:large","max-video-preview":"max-video-preview:-1"},"canonical":"https:\/\/eschringen.de\/wordpress\/event\/erntedank\/","og_locale":"de_DE","og_type":"article","og_title":"Erntedank - Eschringen","og_description":"Erntedank \u2013 Da darf es auch ein bisschen mehr sein Am Sonntag, 6. Oktober im Pfarrheim Eschringen Ob das Danken aus der Mode gekommen ist, das m\u00f6gen andere beurteilen. F\u00fcr Chist*innen, aber nicht nur f\u00fcr die, ist es eigentlich eine Grundhaltung, die das Lebensgef\u00fchl und die Lebenshaltung und -art pr\u00e4gen sollte. Die Selbstverst\u00e4ndlichkeit mit der ... Weiterlesen ...","og_url":"https:\/\/eschringen.de\/wordpress\/event\/erntedank\/","og_site_name":"Eschringen","og_image":[{"width":210,"height":212,"url":"https:\/\/eschringen.de\/wordpress\/wp-content\/uploads\/2017\/06\/Kirche_kal.jpg","type":"image\/jpeg"}],"twitter_card":"summary_large_image","twitter_misc":{"Gesch\u00e4tzte Lesezeit":"1\u00a0Minute"},"schema":{"@context":"https:\/\/schema.org","@graph":[{"@type":"WebPage","@id":"https:\/\/eschringen.de\/wordpress\/event\/erntedank\/","url":"https:\/\/eschringen.de\/wordpress\/event\/erntedank\/","name":"Erntedank - Eschringen","isPartOf":{"@id":"https:\/\/eschringen.de\/wordpress\/#website"},"primaryImageOfPage":{"@id":"https:\/\/eschringen.de\/wordpress\/event\/erntedank\/#primaryimage"},"image":{"@id":"https:\/\/eschringen.de\/wordpress\/event\/erntedank\/#primaryimage"},"thumbnailUrl":"https:\/\/i0.wp.com\/eschringen.de\/wordpress\/wp-content\/uploads\/2017\/06\/Kirche_kal.jpg?fit=210%2C212&ssl=1","datePublished":"2019-09-28T08:43:15+00:00","breadcrumb":{"@id":"https:\/\/eschringen.de\/wordpress\/event\/erntedank\/#breadcrumb"},"inLanguage":"de","potentialAction":[{"@type":"ReadAction","target":["https:\/\/eschringen.de\/wordpress\/event\/erntedank\/"]}]},{"@type":"ImageObject","inLanguage":"de","@id":"https:\/\/eschringen.de\/wordpress\/event\/erntedank\/#primaryimage","url":"https:\/\/i0.wp.com\/eschringen.de\/wordpress\/wp-content\/uploads\/2017\/06\/Kirche_kal.jpg?fit=210%2C212&ssl=1","contentUrl":"https:\/\/i0.wp.com\/eschringen.de\/wordpress\/wp-content\/uploads\/2017\/06\/Kirche_kal.jpg?fit=210%2C212&ssl=1","width":210,"height":212},{"@type":"BreadcrumbList","@id":"https:\/\/eschringen.de\/wordpress\/event\/erntedank\/#breadcrumb","itemListElement":[{"@type":"ListItem","position":1,"name":"Startseite","item":"https:\/\/eschringen.de\/wordpress\/"},{"@type":"ListItem","position":2,"name":"Veranstaltungen","item":"https:\/\/eschringen.de\/wordpress\/events\/"},{"@type":"ListItem","position":3,"name":"Erntedank"}]},{"@type":"WebSite","@id":"https:\/\/eschringen.de\/wordpress\/#website","url":"https:\/\/eschringen.de\/wordpress\/","name":"Eschringen","description":"","publisher":{"@id":"https:\/\/eschringen.de\/wordpress\/#organization"},"potentialAction":[{"@type":"SearchAction","target":{"@type":"EntryPoint","urlTemplate":"https:\/\/eschringen.de\/wordpress\/?s={search_term_string}"},"query-input":{"@type":"PropertyValueSpecification","valueRequired":true,"valueName":"search_term_string"}}],"inLanguage":"de"},{"@type":"Organization","@id":"https:\/\/eschringen.de\/wordpress\/#organization","name":"Eschringen","url":"https:\/\/eschringen.de\/wordpress\/","logo":{"@type":"ImageObject","inLanguage":"de","@id":"https:\/\/eschringen.de\/wordpress\/#\/schema\/logo\/image\/","url":"https:\/\/eschringen.de\/wordpress\/wp-content\/uploads\/2017\/03\/2017_kw15.jpg","contentUrl":"https:\/\/eschringen.de\/wordpress\/wp-content\/uploads\/2017\/03\/2017_kw15.jpg","width":784,"height":447,"caption":"Eschringen"},"image":{"@id":"https:\/\/eschringen.de\/wordpress\/#\/schema\/logo\/image\/"}}]}},"jetpack_sharing_enabled":true,"_links":{"self":[{"href":"https:\/\/eschringen.de\/wordpress\/wp-json\/wp\/v2\/tribe_events\/2398","targetHints":{"allow":["GET"]}}],"collection":[{"href":"https:\/\/eschringen.de\/wordpress\/wp-json\/wp\/v2\/tribe_events"}],"about":[{"href":"https:\/\/eschringen.de\/wordpress\/wp-json\/wp\/v2\/types\/tribe_events"}],"author":[{"embeddable":true,"href":"https:\/\/eschringen.de\/wordpress\/wp-json\/wp\/v2\/users\/1"}],"version-history":[{"count":1,"href":"https:\/\/eschringen.de\/wordpress\/wp-json\/wp\/v2\/tribe_events\/2398\/revisions"}],"predecessor-version":[{"id":2399,"href":"https:\/\/eschringen.de\/wordpress\/wp-json\/wp\/v2\/tribe_events\/2398\/revisions\/2399"}],"wp:featuredmedia":[{"embeddable":true,"href":"https:\/\/eschringen.de\/wordpress\/wp-json\/wp\/v2\/media\/1424"}],"wp:attachment":[{"href":"https:\/\/eschringen.de\/wordpress\/wp-json\/wp\/v2\/media?parent=2398"}],"wp:term":[{"taxonomy":"post_tag","embeddable":true,"href":"https:\/\/eschringen.de\/wordpress\/wp-json\/wp\/v2\/tags?post=2398"},{"taxonomy":"tribe_events_cat","embeddable":true,"href":"https:\/\/eschringen.de\/wordpress\/wp-json\/wp\/v2\/tribe_events_cat?post=2398"}],"curies":[{"name":"wp","href":"https:\/\/api.w.org\/{rel}","templated":true}]}}

<p><strong>Erntedank – Da darf es auch ein bisschen mehr sein</strong></p>
<p><strong>Am Sonntag, 6. Oktober im Pfarrheim Eschringen</strong></p>
<p>Ob das Danken aus der Mode gekommen ist, das mögen andere beurteilen. Für Chist*innen, aber nicht nur für die, ist es eigentlich eine Grundhaltung, die das Lebensgefühl und die Lebenshaltung und -art prägen sollte. Die Selbstverständlichkeit mit der wir Menschen in unseren Breiten alles genießen, gebrauchen und verbrauchen führt schnell zu einer gedankenlosen Lebensart, die weder den Menschen noch der Schöpfung gut tut. Auch wenn es unmodern oder sogar antiquiert klingt…Etwas Bescheidenheit, Respekt und ja, sogar Demut wären nicht verkehrt. Daran will uns das Erntedankfest erinnern und das wollen wir mit dem Gottesdienst am Erntedankfest um 9.00h auch deutlich zum Ausdruck bringen. Grund zum Danken haben wir doch allemal, trotz so mancher Mankos und Wehwehchen. Zum Beispiel dafür, dass wir als Gemeinde immer noch jeden Sonntag Gemeinschaft feiern können. Gemeinschaft aber braucht gemeinsame Zeit und Gelegenheit. Deshalb laden wir alle nach dem Gottesdienst zu einem kleinen und zwanglosen Steh-Imbiss und Umtrunk ein (Es gibt natürlich auch Stühle zum Sitzen &#x1f609;) Eingeladen sind wirklich ALLE und wir sind sicher, dass für diese <em>ALLE</em> genügend Raum zur Verfügung steht. Die Zeit nach dem Gottesdienst, die muss sich aber schon jede*r selber nehmen. Der Liebende Gott hat genug davon gemacht, um uns die Chance zu geben, dass neben den Früchten der Erde auch unsere Gemeinschaft wachsen kann.</p>
<p>(bm)</p>

<p>Erntedank – Da darf es auch ein bisschen mehr sein Am Sonntag, 6. Oktober im Pfarrheim Eschringen Ob das Danken aus der Mode gekommen ist, das mögen andere beurteilen. Für Chist*innen, aber nicht nur für die, ist es eigentlich eine Grundhaltung, die das Lebensgefühl und die Lebenshaltung und -art prägen sollte. Die Selbstverständlichkeit mit der &#8230; <a title="Erntedank" class="read-more" href="https://eschringen.de/wordpress/event/erntedank/" aria-label="Mehr Informationen über Erntedank">Weiterlesen &#8230;</a></p>

<!-- This site is optimized with the Yoast SEO plugin v27.4 - https://yoast.com/product/yoast-seo-wordpress/ -->
<title>Erntedank - Eschringen</title>
<meta name="robots" content="index, follow, max-snippet:-1, max-image-preview:large, max-video-preview:-1" />
<link rel="canonical" href="https://eschringen.de/wordpress/event/erntedank/" />
<meta property="og:locale" content="de_DE" />
<meta property="og:type" content="article" />
<meta property="og:title" content="Erntedank - Eschringen" />
<meta property="og:description" content="Erntedank – Da darf es auch ein bisschen mehr sein Am Sonntag, 6. Oktober im Pfarrheim Eschringen Ob das Danken aus der Mode gekommen ist, das mögen andere beurteilen. Für Chist*innen, aber nicht nur für die, ist es eigentlich eine Grundhaltung, die das Lebensgefühl und die Lebenshaltung und -art prägen sollte. Die Selbstverständlichkeit mit der ... Weiterlesen ..." />
<meta property="og:url" content="https://eschringen.de/wordpress/event/erntedank/" />
<meta property="og:site_name" content="Eschringen" />
<meta property="og:image" content="https://eschringen.de/wordpress/wp-content/uploads/2017/06/Kirche_kal.jpg" />
	<meta property="og:image:width" content="210" />
	<meta property="og:image:height" content="212" />
	<meta property="og:image:type" content="image/jpeg" />
<meta name="twitter:card" content="summary_large_image" />
<meta name="twitter:label1" content="Geschätzte Lesezeit" />
	<meta name="twitter:data1" content="1 Minute" />
<script type="application/ld+json" class="yoast-schema-graph">{"@context":"https:\/\/schema.org","@graph":[{"@type":"WebPage","@id":"https:\/\/eschringen.de\/wordpress\/event\/erntedank\/","url":"https:\/\/eschringen.de\/wordpress\/event\/erntedank\/","name":"Erntedank - Eschringen","isPartOf":{"@id":"https:\/\/eschringen.de\/wordpress\/#website"},"primaryImageOfPage":{"@id":"https:\/\/eschringen.de\/wordpress\/event\/erntedank\/#primaryimage"},"image":{"@id":"https:\/\/eschringen.de\/wordpress\/event\/erntedank\/#primaryimage"},"thumbnailUrl":"https:\/\/i0.wp.com\/eschringen.de\/wordpress\/wp-content\/uploads\/2017\/06\/Kirche_kal.jpg?fit=210%2C212&ssl=1","datePublished":"2019-09-28T08:43:15+00:00","breadcrumb":{"@id":"https:\/\/eschringen.de\/wordpress\/event\/erntedank\/#breadcrumb"},"inLanguage":"de","potentialAction":[{"@type":"ReadAction","target":["https:\/\/eschringen.de\/wordpress\/event\/erntedank\/"]}]},{"@type":"ImageObject","inLanguage":"de","@id":"https:\/\/eschringen.de\/wordpress\/event\/erntedank\/#primaryimage","url":"https:\/\/i0.wp.com\/eschringen.de\/wordpress\/wp-content\/uploads\/2017\/06\/Kirche_kal.jpg?fit=210%2C212&ssl=1","contentUrl":"https:\/\/i0.wp.com\/eschringen.de\/wordpress\/wp-content\/uploads\/2017\/06\/Kirche_kal.jpg?fit=210%2C212&ssl=1","width":210,"height":212},{"@type":"BreadcrumbList","@id":"https:\/\/eschringen.de\/wordpress\/event\/erntedank\/#breadcrumb","itemListElement":[{"@type":"ListItem","position":1,"name":"Startseite","item":"https:\/\/eschringen.de\/wordpress\/"},{"@type":"ListItem","position":2,"name":"Veranstaltungen","item":"https:\/\/eschringen.de\/wordpress\/events\/"},{"@type":"ListItem","position":3,"name":"Erntedank"}]},{"@type":"WebSite","@id":"https:\/\/eschringen.de\/wordpress\/#website","url":"https:\/\/eschringen.de\/wordpress\/","name":"Eschringen","description":"","publisher":{"@id":"https:\/\/eschringen.de\/wordpress\/#organization"},"potentialAction":[{"@type":"SearchAction","target":{"@type":"EntryPoint","urlTemplate":"https:\/\/eschringen.de\/wordpress\/?s={search_term_string}"},"query-input":{"@type":"PropertyValueSpecification","valueRequired":true,"valueName":"search_term_string"}}],"inLanguage":"de"},{"@type":"Organization","@id":"https:\/\/eschringen.de\/wordpress\/#organization","name":"Eschringen","url":"https:\/\/eschringen.de\/wordpress\/","logo":{"@type":"ImageObject","inLanguage":"de","@id":"https:\/\/eschringen.de\/wordpress\/#\/schema\/logo\/image\/","url":"https:\/\/eschringen.de\/wordpress\/wp-content\/uploads\/2017\/03\/2017_kw15.jpg","contentUrl":"https:\/\/eschringen.de\/wordpress\/wp-content\/uploads\/2017\/03\/2017_kw15.jpg","width":784,"height":447,"caption":"Eschringen"},"image":{"@id":"https:\/\/eschringen.de\/wordpress\/#\/schema\/logo\/image\/"}}]}</script>
<!-- / Yoast SEO plugin. -->

Erntedank – Da darf es auch ein bisschen mehr sein Am Sonntag, 6. Oktober im Pfarrheim Eschringen Ob das Danken aus der Mode gekommen ist, das mögen andere beurteilen. Für Chist*innen, aber nicht nur für die, ist es eigentlich eine Grundhaltung, die das Lebensgefühl und die Lebenshaltung und -art prägen sollte. Die Selbstverständlichkeit mit der ... Weiterlesen ...
