{"id":2362,"date":"2019-08-22T08:58:41","date_gmt":"2019-08-22T06:58:41","guid":{"rendered":"https:\/\/eschringen.de\/wordpress\/?post_type=tribe_events&#038;p=2362"},"modified":"2019-08-22T08:58:41","modified_gmt":"2019-08-22T06:58:41","slug":"seniorennachmittag-25","status":"publish","type":"tribe_events","link":"https:\/\/eschringen.de\/wordpress\/event\/seniorennachmittag-25\/","title":{"rendered":"Seniorennachmittag"},"content":{"rendered":"<p><strong>Veranstaltung f\u00fcr Seniorinnen und Senioren aus Ensheim und Eschringen<\/strong><\/p>\n<p>Am Sonntag, den 06.10.2019, findet der diesj\u00e4hrige Seniorennachmittag f\u00fcr die \u00e4lteren B\u00fcrgerinnen und B\u00fcrger aus Ensheim und Eschringen statt. Beginn ist um 14:30 Uhr in der Sport- und Kulturhalle in Ensheim.<\/p>\n<p>Ein buntes Rahmenprogramm wird f\u00fcr einen unterhaltsamen Nachmittag sorgen. Zudem gibt es kostenlos Kaffee und Kuchen.<\/p>\n<p>Im Namen des Bezirksrates Halberg lade ich Sie hierzu recht herzlich ein und w\u00fcrde mich freuen, Sie pers\u00f6nlich begr\u00fc\u00dfen zu k\u00f6nnen.<\/p>\n<p>Daniel Bollig, Bezirksb\u00fcrgermeister<\/p>\n<p>&nbsp;<\/p>\n","protected":false},"excerpt":{"rendered":"<p>Veranstaltung f\u00fcr Seniorinnen und Senioren aus Ensheim und Eschringen Am Sonntag, den 06.10.2019, findet der diesj\u00e4hrige Seniorennachmittag f\u00fcr die \u00e4lteren B\u00fcrgerinnen und B\u00fcrger aus Ensheim und Eschringen statt. Beginn ist um 14:30 Uhr in der Sport- und Kulturhalle in Ensheim. Ein buntes Rahmenprogramm wird f\u00fcr einen unterhaltsamen Nachmittag sorgen. Zudem gibt es kostenlos Kaffee und &#8230; <a title=\"Seniorennachmittag\" class=\"read-more\" href=\"https:\/\/eschringen.de\/wordpress\/event\/seniorennachmittag-25\/\" aria-label=\"Mehr Informationen \u00fcber Seniorennachmittag\">Weiterlesen &#8230;<\/a><\/p>\n","protected":false},"author":1,"featured_media":0,"template":"","meta":{"ngg_post_thumbnail":0,"_tribe_events_status":"","_tribe_events_status_reason":"","footnotes":""},"tags":[],"tribe_events_cat":[],"class_list":["post-2362","tribe_events","type-tribe_events","status-publish","hentry"],"yoast_head":"<!-- This site is optimized with the Yoast SEO plugin v27.4 - https:\/\/yoast.com\/product\/yoast-seo-wordpress\/ -->\n<title>Seniorennachmittag - Eschringen<\/title>\n<meta name=\"robots\" content=\"index, follow, max-snippet:-1, max-image-preview:large, max-video-preview:-1\" \/>\n<link rel=\"canonical\" href=\"https:\/\/eschringen.de\/wordpress\/event\/seniorennachmittag-25\/\" \/>\n<meta property=\"og:locale\" content=\"de_DE\" \/>\n<meta property=\"og:type\" content=\"article\" \/>\n<meta property=\"og:title\" content=\"Seniorennachmittag - Eschringen\" \/>\n<meta property=\"og:description\" content=\"Veranstaltung f\u00fcr Seniorinnen und Senioren aus Ensheim und Eschringen Am Sonntag, den 06.10.2019, findet der diesj\u00e4hrige Seniorennachmittag f\u00fcr die \u00e4lteren B\u00fcrgerinnen und B\u00fcrger aus Ensheim und Eschringen statt. Beginn ist um 14:30 Uhr in der Sport- und Kulturhalle in Ensheim. Ein buntes Rahmenprogramm wird f\u00fcr einen unterhaltsamen Nachmittag sorgen. Zudem gibt es kostenlos Kaffee und ... Weiterlesen ...\" \/>\n<meta property=\"og:url\" content=\"https:\/\/eschringen.de\/wordpress\/event\/seniorennachmittag-25\/\" \/>\n<meta property=\"og:site_name\" content=\"Eschringen\" \/>\n<meta name=\"twitter:card\" content=\"summary_large_image\" \/>\n<script type=\"application\/ld+json\" class=\"yoast-schema-graph\">{\"@context\":\"https:\\\/\\\/schema.org\",\"@graph\":[{\"@type\":\"WebPage\",\"@id\":\"https:\\\/\\\/eschringen.de\\\/wordpress\\\/event\\\/seniorennachmittag-25\\\/\",\"url\":\"https:\\\/\\\/eschringen.de\\\/wordpress\\\/event\\\/seniorennachmittag-25\\\/\",\"name\":\"Seniorennachmittag - Eschringen\",\"isPartOf\":{\"@id\":\"https:\\\/\\\/eschringen.de\\\/wordpress\\\/#website\"},\"datePublished\":\"2019-08-22T06:58:41+00:00\",\"breadcrumb\":{\"@id\":\"https:\\\/\\\/eschringen.de\\\/wordpress\\\/event\\\/seniorennachmittag-25\\\/#breadcrumb\"},\"inLanguage\":\"de\",\"potentialAction\":[{\"@type\":\"ReadAction\",\"target\":[\"https:\\\/\\\/eschringen.de\\\/wordpress\\\/event\\\/seniorennachmittag-25\\\/\"]}]},{\"@type\":\"BreadcrumbList\",\"@id\":\"https:\\\/\\\/eschringen.de\\\/wordpress\\\/event\\\/seniorennachmittag-25\\\/#breadcrumb\",\"itemListElement\":[{\"@type\":\"ListItem\",\"position\":1,\"name\":\"Startseite\",\"item\":\"https:\\\/\\\/eschringen.de\\\/wordpress\\\/\"},{\"@type\":\"ListItem\",\"position\":2,\"name\":\"Veranstaltungen\",\"item\":\"https:\\\/\\\/eschringen.de\\\/wordpress\\\/events\\\/\"},{\"@type\":\"ListItem\",\"position\":3,\"name\":\"Seniorennachmittag\"}]},{\"@type\":\"WebSite\",\"@id\":\"https:\\\/\\\/eschringen.de\\\/wordpress\\\/#website\",\"url\":\"https:\\\/\\\/eschringen.de\\\/wordpress\\\/\",\"name\":\"Eschringen\",\"description\":\"\",\"publisher\":{\"@id\":\"https:\\\/\\\/eschringen.de\\\/wordpress\\\/#organization\"},\"potentialAction\":[{\"@type\":\"SearchAction\",\"target\":{\"@type\":\"EntryPoint\",\"urlTemplate\":\"https:\\\/\\\/eschringen.de\\\/wordpress\\\/?s={search_term_string}\"},\"query-input\":{\"@type\":\"PropertyValueSpecification\",\"valueRequired\":true,\"valueName\":\"search_term_string\"}}],\"inLanguage\":\"de\"},{\"@type\":\"Organization\",\"@id\":\"https:\\\/\\\/eschringen.de\\\/wordpress\\\/#organization\",\"name\":\"Eschringen\",\"url\":\"https:\\\/\\\/eschringen.de\\\/wordpress\\\/\",\"logo\":{\"@type\":\"ImageObject\",\"inLanguage\":\"de\",\"@id\":\"https:\\\/\\\/eschringen.de\\\/wordpress\\\/#\\\/schema\\\/logo\\\/image\\\/\",\"url\":\"https:\\\/\\\/eschringen.de\\\/wordpress\\\/wp-content\\\/uploads\\\/2017\\\/03\\\/2017_kw15.jpg\",\"contentUrl\":\"https:\\\/\\\/eschringen.de\\\/wordpress\\\/wp-content\\\/uploads\\\/2017\\\/03\\\/2017_kw15.jpg\",\"width\":784,\"height\":447,\"caption\":\"Eschringen\"},\"image\":{\"@id\":\"https:\\\/\\\/eschringen.de\\\/wordpress\\\/#\\\/schema\\\/logo\\\/image\\\/\"}}]}<\/script>\n<!-- \/ Yoast SEO plugin. -->","yoast_head_json":{"title":"Seniorennachmittag - Eschringen","robots":{"index":"index","follow":"follow","max-snippet":"max-snippet:-1","max-image-preview":"max-image-preview:large","max-video-preview":"max-video-preview:-1"},"canonical":"https:\/\/eschringen.de\/wordpress\/event\/seniorennachmittag-25\/","og_locale":"de_DE","og_type":"article","og_title":"Seniorennachmittag - Eschringen","og_description":"Veranstaltung f\u00fcr Seniorinnen und Senioren aus Ensheim und Eschringen Am Sonntag, den 06.10.2019, findet der diesj\u00e4hrige Seniorennachmittag f\u00fcr die \u00e4lteren B\u00fcrgerinnen und B\u00fcrger aus Ensheim und Eschringen statt. Beginn ist um 14:30 Uhr in der Sport- und Kulturhalle in Ensheim. Ein buntes Rahmenprogramm wird f\u00fcr einen unterhaltsamen Nachmittag sorgen. Zudem gibt es kostenlos Kaffee und ... Weiterlesen ...","og_url":"https:\/\/eschringen.de\/wordpress\/event\/seniorennachmittag-25\/","og_site_name":"Eschringen","twitter_card":"summary_large_image","schema":{"@context":"https:\/\/schema.org","@graph":[{"@type":"WebPage","@id":"https:\/\/eschringen.de\/wordpress\/event\/seniorennachmittag-25\/","url":"https:\/\/eschringen.de\/wordpress\/event\/seniorennachmittag-25\/","name":"Seniorennachmittag - Eschringen","isPartOf":{"@id":"https:\/\/eschringen.de\/wordpress\/#website"},"datePublished":"2019-08-22T06:58:41+00:00","breadcrumb":{"@id":"https:\/\/eschringen.de\/wordpress\/event\/seniorennachmittag-25\/#breadcrumb"},"inLanguage":"de","potentialAction":[{"@type":"ReadAction","target":["https:\/\/eschringen.de\/wordpress\/event\/seniorennachmittag-25\/"]}]},{"@type":"BreadcrumbList","@id":"https:\/\/eschringen.de\/wordpress\/event\/seniorennachmittag-25\/#breadcrumb","itemListElement":[{"@type":"ListItem","position":1,"name":"Startseite","item":"https:\/\/eschringen.de\/wordpress\/"},{"@type":"ListItem","position":2,"name":"Veranstaltungen","item":"https:\/\/eschringen.de\/wordpress\/events\/"},{"@type":"ListItem","position":3,"name":"Seniorennachmittag"}]},{"@type":"WebSite","@id":"https:\/\/eschringen.de\/wordpress\/#website","url":"https:\/\/eschringen.de\/wordpress\/","name":"Eschringen","description":"","publisher":{"@id":"https:\/\/eschringen.de\/wordpress\/#organization"},"potentialAction":[{"@type":"SearchAction","target":{"@type":"EntryPoint","urlTemplate":"https:\/\/eschringen.de\/wordpress\/?s={search_term_string}"},"query-input":{"@type":"PropertyValueSpecification","valueRequired":true,"valueName":"search_term_string"}}],"inLanguage":"de"},{"@type":"Organization","@id":"https:\/\/eschringen.de\/wordpress\/#organization","name":"Eschringen","url":"https:\/\/eschringen.de\/wordpress\/","logo":{"@type":"ImageObject","inLanguage":"de","@id":"https:\/\/eschringen.de\/wordpress\/#\/schema\/logo\/image\/","url":"https:\/\/eschringen.de\/wordpress\/wp-content\/uploads\/2017\/03\/2017_kw15.jpg","contentUrl":"https:\/\/eschringen.de\/wordpress\/wp-content\/uploads\/2017\/03\/2017_kw15.jpg","width":784,"height":447,"caption":"Eschringen"},"image":{"@id":"https:\/\/eschringen.de\/wordpress\/#\/schema\/logo\/image\/"}}]}},"jetpack_sharing_enabled":true,"_links":{"self":[{"href":"https:\/\/eschringen.de\/wordpress\/wp-json\/wp\/v2\/tribe_events\/2362","targetHints":{"allow":["GET"]}}],"collection":[{"href":"https:\/\/eschringen.de\/wordpress\/wp-json\/wp\/v2\/tribe_events"}],"about":[{"href":"https:\/\/eschringen.de\/wordpress\/wp-json\/wp\/v2\/types\/tribe_events"}],"author":[{"embeddable":true,"href":"https:\/\/eschringen.de\/wordpress\/wp-json\/wp\/v2\/users\/1"}],"version-history":[{"count":1,"href":"https:\/\/eschringen.de\/wordpress\/wp-json\/wp\/v2\/tribe_events\/2362\/revisions"}],"predecessor-version":[{"id":2363,"href":"https:\/\/eschringen.de\/wordpress\/wp-json\/wp\/v2\/tribe_events\/2362\/revisions\/2363"}],"wp:attachment":[{"href":"https:\/\/eschringen.de\/wordpress\/wp-json\/wp\/v2\/media?parent=2362"}],"wp:term":[{"taxonomy":"post_tag","embeddable":true,"href":"https:\/\/eschringen.de\/wordpress\/wp-json\/wp\/v2\/tags?post=2362"},{"taxonomy":"tribe_events_cat","embeddable":true,"href":"https:\/\/eschringen.de\/wordpress\/wp-json\/wp\/v2\/tribe_events_cat?post=2362"}],"curies":[{"name":"wp","href":"https:\/\/api.w.org\/{rel}","templated":true}]}}

<p><strong>Veranstaltung für Seniorinnen und Senioren aus Ensheim und Eschringen</strong></p>
<p>Am Sonntag, den 06.10.2019, findet der diesjährige Seniorennachmittag für die älteren Bürgerinnen und Bürger aus Ensheim und Eschringen statt. Beginn ist um 14:30 Uhr in der Sport- und Kulturhalle in Ensheim.</p>
<p>Ein buntes Rahmenprogramm wird für einen unterhaltsamen Nachmittag sorgen. Zudem gibt es kostenlos Kaffee und Kuchen.</p>
<p>Im Namen des Bezirksrates Halberg lade ich Sie hierzu recht herzlich ein und würde mich freuen, Sie persönlich begrüßen zu können.</p>
<p>Daniel Bollig, Bezirksbürgermeister</p>
<p>&nbsp;</p>

<p>Veranstaltung für Seniorinnen und Senioren aus Ensheim und Eschringen Am Sonntag, den 06.10.2019, findet der diesjährige Seniorennachmittag für die älteren Bürgerinnen und Bürger aus Ensheim und Eschringen statt. Beginn ist um 14:30 Uhr in der Sport- und Kulturhalle in Ensheim. Ein buntes Rahmenprogramm wird für einen unterhaltsamen Nachmittag sorgen. Zudem gibt es kostenlos Kaffee und &#8230; <a title="Seniorennachmittag" class="read-more" href="https://eschringen.de/wordpress/event/seniorennachmittag-25/" aria-label="Mehr Informationen über Seniorennachmittag">Weiterlesen &#8230;</a></p>

<!-- This site is optimized with the Yoast SEO plugin v27.4 - https://yoast.com/product/yoast-seo-wordpress/ -->
<title>Seniorennachmittag - Eschringen</title>
<meta name="robots" content="index, follow, max-snippet:-1, max-image-preview:large, max-video-preview:-1" />
<link rel="canonical" href="https://eschringen.de/wordpress/event/seniorennachmittag-25/" />
<meta property="og:locale" content="de_DE" />
<meta property="og:type" content="article" />
<meta property="og:title" content="Seniorennachmittag - Eschringen" />
<meta property="og:description" content="Veranstaltung für Seniorinnen und Senioren aus Ensheim und Eschringen Am Sonntag, den 06.10.2019, findet der diesjährige Seniorennachmittag für die älteren Bürgerinnen und Bürger aus Ensheim und Eschringen statt. Beginn ist um 14:30 Uhr in der Sport- und Kulturhalle in Ensheim. Ein buntes Rahmenprogramm wird für einen unterhaltsamen Nachmittag sorgen. Zudem gibt es kostenlos Kaffee und ... Weiterlesen ..." />
<meta property="og:url" content="https://eschringen.de/wordpress/event/seniorennachmittag-25/" />
<meta property="og:site_name" content="Eschringen" />
<meta name="twitter:card" content="summary_large_image" />
<script type="application/ld+json" class="yoast-schema-graph">{"@context":"https:\/\/schema.org","@graph":[{"@type":"WebPage","@id":"https:\/\/eschringen.de\/wordpress\/event\/seniorennachmittag-25\/","url":"https:\/\/eschringen.de\/wordpress\/event\/seniorennachmittag-25\/","name":"Seniorennachmittag - Eschringen","isPartOf":{"@id":"https:\/\/eschringen.de\/wordpress\/#website"},"datePublished":"2019-08-22T06:58:41+00:00","breadcrumb":{"@id":"https:\/\/eschringen.de\/wordpress\/event\/seniorennachmittag-25\/#breadcrumb"},"inLanguage":"de","potentialAction":[{"@type":"ReadAction","target":["https:\/\/eschringen.de\/wordpress\/event\/seniorennachmittag-25\/"]}]},{"@type":"BreadcrumbList","@id":"https:\/\/eschringen.de\/wordpress\/event\/seniorennachmittag-25\/#breadcrumb","itemListElement":[{"@type":"ListItem","position":1,"name":"Startseite","item":"https:\/\/eschringen.de\/wordpress\/"},{"@type":"ListItem","position":2,"name":"Veranstaltungen","item":"https:\/\/eschringen.de\/wordpress\/events\/"},{"@type":"ListItem","position":3,"name":"Seniorennachmittag"}]},{"@type":"WebSite","@id":"https:\/\/eschringen.de\/wordpress\/#website","url":"https:\/\/eschringen.de\/wordpress\/","name":"Eschringen","description":"","publisher":{"@id":"https:\/\/eschringen.de\/wordpress\/#organization"},"potentialAction":[{"@type":"SearchAction","target":{"@type":"EntryPoint","urlTemplate":"https:\/\/eschringen.de\/wordpress\/?s={search_term_string}"},"query-input":{"@type":"PropertyValueSpecification","valueRequired":true,"valueName":"search_term_string"}}],"inLanguage":"de"},{"@type":"Organization","@id":"https:\/\/eschringen.de\/wordpress\/#organization","name":"Eschringen","url":"https:\/\/eschringen.de\/wordpress\/","logo":{"@type":"ImageObject","inLanguage":"de","@id":"https:\/\/eschringen.de\/wordpress\/#\/schema\/logo\/image\/","url":"https:\/\/eschringen.de\/wordpress\/wp-content\/uploads\/2017\/03\/2017_kw15.jpg","contentUrl":"https:\/\/eschringen.de\/wordpress\/wp-content\/uploads\/2017\/03\/2017_kw15.jpg","width":784,"height":447,"caption":"Eschringen"},"image":{"@id":"https:\/\/eschringen.de\/wordpress\/#\/schema\/logo\/image\/"}}]}</script>
<!-- / Yoast SEO plugin. -->

Veranstaltung für Seniorinnen und Senioren aus Ensheim und Eschringen Am Sonntag, den 06.10.2019, findet der diesjährige Seniorennachmittag für die älteren Bürgerinnen und Bürger aus Ensheim und Eschringen statt. Beginn ist um 14:30 Uhr in der Sport- und Kulturhalle in Ensheim. Ein buntes Rahmenprogramm wird für einen unterhaltsamen Nachmittag sorgen. Zudem gibt es kostenlos Kaffee und ... Weiterlesen ...
