{"id":2162,"date":"2019-03-24T17:34:05","date_gmt":"2019-03-24T16:34:05","guid":{"rendered":"https:\/\/eschringen.de\/wordpress\/?post_type=tribe_events&#038;p=2162"},"modified":"2019-03-24T17:34:05","modified_gmt":"2019-03-24T16:34:05","slug":"lichtbildervortrag-mit-wolfgang-arnold-einstiegstore-ins-holle-reich","status":"publish","type":"tribe_events","link":"https:\/\/eschringen.de\/wordpress\/event\/lichtbildervortrag-mit-wolfgang-arnold-einstiegstore-ins-holle-reich\/","title":{"rendered":"Lichtbildervortrag mit Wolfgang Arnold: Einstiegstore ins Holle-Reich"},"content":{"rendered":"<p>Gehen Sie mit auf eine Entdeckungsreise zu der fast vergessenen germanischen G\u00f6ttin Holle. Nicht zu jener M\u00e4rchen-Holle, die von den Br\u00fcdern Grimm verewigt wurde. Der Mythos von der G\u00f6ttin Holle ist Jahrtausende \u00e4lter und Zeugnis der matriarchalischen Kultur unserer Vorfahren. Die Holle war Ansprechpartnerin f\u00fcr alles was Frauen bewegte und auf dem Herzen hatten. In ihrer Gestalt sind alle drei Aspekte der Weiblichkeit vereint: die Jungfraug\u00f6ttin Freya, die Mutterg\u00f6ttin Frigg und die weise Alte, die \u00fcber Helheim, wo die Geister der Verstorbenen wohnen, wachte.<\/p>\n<p>Aus den Aufzeichnungen von R\u00f6mern und Griechen und in alten Sagen ist das Wesen der Holle zu entdecken. Mit ihrer urspr\u00fcnglichen Kraft als Natur- und Fruchtbarkeits-G\u00f6ttin spielte sie die wichtigste Rolle im Jahreskreis unserer Vorfahren. Sie war verantwortlich f\u00fcr das Werden, Wachsen und Vergehen allen Lebens von Menschen, Tieren und Pflanzen. Die ihr zu Ehren begangenen Feste sind in unserem christlichen Jahreskreises noch deutlich erkennbar.<\/p>\n<p>Folgen Sie mir auf dieser Spurensuche, bei der die alten Mythen der Vorv\u00e4ter und -m\u00fctter noch einmal lebendig werden. Von den Steinzeit-J\u00e4gern, dem Ziegenhirten \u00d6tzi und den seefahrenden Wikingern wird der Bogen bis zur Jetzt-Zeit reichen. Und auch in Eschringen geht die Legende von der \u201eWassernixe im Ellere Puhl\u201c auf eine Zeit zur\u00fcck, als es in geheimnisvollen Teichen noch einen Zugang ins Reich der G\u00f6ttin Holle gab. Es sollte ein spannender Abend werden.<\/p>\n<p>Termin: Samstag, 27. April, 19:00 Uhr, im Dorfgemeinschaftshaus Eschringen.<br \/>\nDauer: ca. 1 Std. \u2013 freier Eintritt. \u201e\u00dcber regen Besuch w\u00fcrde ich mich sehr freuen.\u201c<\/p>\n","protected":false},"excerpt":{"rendered":"<p>Gehen Sie mit auf eine Entdeckungsreise zu der fast vergessenen germanischen G\u00f6ttin Holle. Nicht zu jener M\u00e4rchen-Holle, die von den Br\u00fcdern Grimm verewigt wurde. Der Mythos von der G\u00f6ttin Holle ist Jahrtausende \u00e4lter und Zeugnis der matriarchalischen Kultur unserer Vorfahren. Die Holle war Ansprechpartnerin f\u00fcr alles was Frauen bewegte und auf dem Herzen hatten. In &#8230; <a title=\"Lichtbildervortrag mit Wolfgang Arnold: Einstiegstore ins Holle-Reich\" class=\"read-more\" href=\"https:\/\/eschringen.de\/wordpress\/event\/lichtbildervortrag-mit-wolfgang-arnold-einstiegstore-ins-holle-reich\/\" aria-label=\"Mehr Informationen \u00fcber Lichtbildervortrag mit Wolfgang Arnold: Einstiegstore ins Holle-Reich\">Weiterlesen &#8230;<\/a><\/p>\n","protected":false},"author":1,"featured_media":0,"template":"","meta":{"ngg_post_thumbnail":0,"_tribe_events_status":"","_tribe_events_status_reason":"","footnotes":""},"tags":[],"tribe_events_cat":[],"class_list":["post-2162","tribe_events","type-tribe_events","status-publish","hentry"],"yoast_head":"<!-- This site is optimized with the Yoast SEO plugin v27.4 - https:\/\/yoast.com\/product\/yoast-seo-wordpress\/ -->\n<title>Lichtbildervortrag mit Wolfgang Arnold: Einstiegstore ins Holle-Reich - Eschringen<\/title>\n<meta name=\"robots\" content=\"index, follow, max-snippet:-1, max-image-preview:large, max-video-preview:-1\" \/>\n<link rel=\"canonical\" href=\"https:\/\/eschringen.de\/wordpress\/event\/lichtbildervortrag-mit-wolfgang-arnold-einstiegstore-ins-holle-reich\/\" \/>\n<meta property=\"og:locale\" content=\"de_DE\" \/>\n<meta property=\"og:type\" content=\"article\" \/>\n<meta property=\"og:title\" content=\"Lichtbildervortrag mit Wolfgang Arnold: Einstiegstore ins Holle-Reich - Eschringen\" \/>\n<meta property=\"og:description\" content=\"Gehen Sie mit auf eine Entdeckungsreise zu der fast vergessenen germanischen G\u00f6ttin Holle. Nicht zu jener M\u00e4rchen-Holle, die von den Br\u00fcdern Grimm verewigt wurde. Der Mythos von der G\u00f6ttin Holle ist Jahrtausende \u00e4lter und Zeugnis der matriarchalischen Kultur unserer Vorfahren. Die Holle war Ansprechpartnerin f\u00fcr alles was Frauen bewegte und auf dem Herzen hatten. In ... Weiterlesen ...\" \/>\n<meta property=\"og:url\" content=\"https:\/\/eschringen.de\/wordpress\/event\/lichtbildervortrag-mit-wolfgang-arnold-einstiegstore-ins-holle-reich\/\" \/>\n<meta property=\"og:site_name\" content=\"Eschringen\" \/>\n<meta name=\"twitter:card\" content=\"summary_large_image\" \/>\n<meta name=\"twitter:label1\" content=\"Gesch\u00e4tzte Lesezeit\" \/>\n\t<meta name=\"twitter:data1\" content=\"1\u00a0Minute\" \/>\n<script type=\"application\/ld+json\" class=\"yoast-schema-graph\">{\"@context\":\"https:\\\/\\\/schema.org\",\"@graph\":[{\"@type\":\"WebPage\",\"@id\":\"https:\\\/\\\/eschringen.de\\\/wordpress\\\/event\\\/lichtbildervortrag-mit-wolfgang-arnold-einstiegstore-ins-holle-reich\\\/\",\"url\":\"https:\\\/\\\/eschringen.de\\\/wordpress\\\/event\\\/lichtbildervortrag-mit-wolfgang-arnold-einstiegstore-ins-holle-reich\\\/\",\"name\":\"Lichtbildervortrag mit Wolfgang Arnold: Einstiegstore ins Holle-Reich - Eschringen\",\"isPartOf\":{\"@id\":\"https:\\\/\\\/eschringen.de\\\/wordpress\\\/#website\"},\"datePublished\":\"2019-03-24T16:34:05+00:00\",\"breadcrumb\":{\"@id\":\"https:\\\/\\\/eschringen.de\\\/wordpress\\\/event\\\/lichtbildervortrag-mit-wolfgang-arnold-einstiegstore-ins-holle-reich\\\/#breadcrumb\"},\"inLanguage\":\"de\",\"potentialAction\":[{\"@type\":\"ReadAction\",\"target\":[\"https:\\\/\\\/eschringen.de\\\/wordpress\\\/event\\\/lichtbildervortrag-mit-wolfgang-arnold-einstiegstore-ins-holle-reich\\\/\"]}]},{\"@type\":\"BreadcrumbList\",\"@id\":\"https:\\\/\\\/eschringen.de\\\/wordpress\\\/event\\\/lichtbildervortrag-mit-wolfgang-arnold-einstiegstore-ins-holle-reich\\\/#breadcrumb\",\"itemListElement\":[{\"@type\":\"ListItem\",\"position\":1,\"name\":\"Startseite\",\"item\":\"https:\\\/\\\/eschringen.de\\\/wordpress\\\/\"},{\"@type\":\"ListItem\",\"position\":2,\"name\":\"Veranstaltungen\",\"item\":\"https:\\\/\\\/eschringen.de\\\/wordpress\\\/events\\\/\"},{\"@type\":\"ListItem\",\"position\":3,\"name\":\"Lichtbildervortrag mit Wolfgang Arnold: Einstiegstore ins Holle-Reich\"}]},{\"@type\":\"WebSite\",\"@id\":\"https:\\\/\\\/eschringen.de\\\/wordpress\\\/#website\",\"url\":\"https:\\\/\\\/eschringen.de\\\/wordpress\\\/\",\"name\":\"Eschringen\",\"description\":\"\",\"publisher\":{\"@id\":\"https:\\\/\\\/eschringen.de\\\/wordpress\\\/#organization\"},\"potentialAction\":[{\"@type\":\"SearchAction\",\"target\":{\"@type\":\"EntryPoint\",\"urlTemplate\":\"https:\\\/\\\/eschringen.de\\\/wordpress\\\/?s={search_term_string}\"},\"query-input\":{\"@type\":\"PropertyValueSpecification\",\"valueRequired\":true,\"valueName\":\"search_term_string\"}}],\"inLanguage\":\"de\"},{\"@type\":\"Organization\",\"@id\":\"https:\\\/\\\/eschringen.de\\\/wordpress\\\/#organization\",\"name\":\"Eschringen\",\"url\":\"https:\\\/\\\/eschringen.de\\\/wordpress\\\/\",\"logo\":{\"@type\":\"ImageObject\",\"inLanguage\":\"de\",\"@id\":\"https:\\\/\\\/eschringen.de\\\/wordpress\\\/#\\\/schema\\\/logo\\\/image\\\/\",\"url\":\"https:\\\/\\\/eschringen.de\\\/wordpress\\\/wp-content\\\/uploads\\\/2017\\\/03\\\/2017_kw15.jpg\",\"contentUrl\":\"https:\\\/\\\/eschringen.de\\\/wordpress\\\/wp-content\\\/uploads\\\/2017\\\/03\\\/2017_kw15.jpg\",\"width\":784,\"height\":447,\"caption\":\"Eschringen\"},\"image\":{\"@id\":\"https:\\\/\\\/eschringen.de\\\/wordpress\\\/#\\\/schema\\\/logo\\\/image\\\/\"}}]}<\/script>\n<!-- \/ Yoast SEO plugin. -->","yoast_head_json":{"title":"Lichtbildervortrag mit Wolfgang Arnold: Einstiegstore ins Holle-Reich - Eschringen","robots":{"index":"index","follow":"follow","max-snippet":"max-snippet:-1","max-image-preview":"max-image-preview:large","max-video-preview":"max-video-preview:-1"},"canonical":"https:\/\/eschringen.de\/wordpress\/event\/lichtbildervortrag-mit-wolfgang-arnold-einstiegstore-ins-holle-reich\/","og_locale":"de_DE","og_type":"article","og_title":"Lichtbildervortrag mit Wolfgang Arnold: Einstiegstore ins Holle-Reich - Eschringen","og_description":"Gehen Sie mit auf eine Entdeckungsreise zu der fast vergessenen germanischen G\u00f6ttin Holle. Nicht zu jener M\u00e4rchen-Holle, die von den Br\u00fcdern Grimm verewigt wurde. Der Mythos von der G\u00f6ttin Holle ist Jahrtausende \u00e4lter und Zeugnis der matriarchalischen Kultur unserer Vorfahren. Die Holle war Ansprechpartnerin f\u00fcr alles was Frauen bewegte und auf dem Herzen hatten. In ... Weiterlesen ...","og_url":"https:\/\/eschringen.de\/wordpress\/event\/lichtbildervortrag-mit-wolfgang-arnold-einstiegstore-ins-holle-reich\/","og_site_name":"Eschringen","twitter_card":"summary_large_image","twitter_misc":{"Gesch\u00e4tzte Lesezeit":"1\u00a0Minute"},"schema":{"@context":"https:\/\/schema.org","@graph":[{"@type":"WebPage","@id":"https:\/\/eschringen.de\/wordpress\/event\/lichtbildervortrag-mit-wolfgang-arnold-einstiegstore-ins-holle-reich\/","url":"https:\/\/eschringen.de\/wordpress\/event\/lichtbildervortrag-mit-wolfgang-arnold-einstiegstore-ins-holle-reich\/","name":"Lichtbildervortrag mit Wolfgang Arnold: Einstiegstore ins Holle-Reich - Eschringen","isPartOf":{"@id":"https:\/\/eschringen.de\/wordpress\/#website"},"datePublished":"2019-03-24T16:34:05+00:00","breadcrumb":{"@id":"https:\/\/eschringen.de\/wordpress\/event\/lichtbildervortrag-mit-wolfgang-arnold-einstiegstore-ins-holle-reich\/#breadcrumb"},"inLanguage":"de","potentialAction":[{"@type":"ReadAction","target":["https:\/\/eschringen.de\/wordpress\/event\/lichtbildervortrag-mit-wolfgang-arnold-einstiegstore-ins-holle-reich\/"]}]},{"@type":"BreadcrumbList","@id":"https:\/\/eschringen.de\/wordpress\/event\/lichtbildervortrag-mit-wolfgang-arnold-einstiegstore-ins-holle-reich\/#breadcrumb","itemListElement":[{"@type":"ListItem","position":1,"name":"Startseite","item":"https:\/\/eschringen.de\/wordpress\/"},{"@type":"ListItem","position":2,"name":"Veranstaltungen","item":"https:\/\/eschringen.de\/wordpress\/events\/"},{"@type":"ListItem","position":3,"name":"Lichtbildervortrag mit Wolfgang Arnold: Einstiegstore ins Holle-Reich"}]},{"@type":"WebSite","@id":"https:\/\/eschringen.de\/wordpress\/#website","url":"https:\/\/eschringen.de\/wordpress\/","name":"Eschringen","description":"","publisher":{"@id":"https:\/\/eschringen.de\/wordpress\/#organization"},"potentialAction":[{"@type":"SearchAction","target":{"@type":"EntryPoint","urlTemplate":"https:\/\/eschringen.de\/wordpress\/?s={search_term_string}"},"query-input":{"@type":"PropertyValueSpecification","valueRequired":true,"valueName":"search_term_string"}}],"inLanguage":"de"},{"@type":"Organization","@id":"https:\/\/eschringen.de\/wordpress\/#organization","name":"Eschringen","url":"https:\/\/eschringen.de\/wordpress\/","logo":{"@type":"ImageObject","inLanguage":"de","@id":"https:\/\/eschringen.de\/wordpress\/#\/schema\/logo\/image\/","url":"https:\/\/eschringen.de\/wordpress\/wp-content\/uploads\/2017\/03\/2017_kw15.jpg","contentUrl":"https:\/\/eschringen.de\/wordpress\/wp-content\/uploads\/2017\/03\/2017_kw15.jpg","width":784,"height":447,"caption":"Eschringen"},"image":{"@id":"https:\/\/eschringen.de\/wordpress\/#\/schema\/logo\/image\/"}}]}},"jetpack_sharing_enabled":true,"_links":{"self":[{"href":"https:\/\/eschringen.de\/wordpress\/wp-json\/wp\/v2\/tribe_events\/2162","targetHints":{"allow":["GET"]}}],"collection":[{"href":"https:\/\/eschringen.de\/wordpress\/wp-json\/wp\/v2\/tribe_events"}],"about":[{"href":"https:\/\/eschringen.de\/wordpress\/wp-json\/wp\/v2\/types\/tribe_events"}],"author":[{"embeddable":true,"href":"https:\/\/eschringen.de\/wordpress\/wp-json\/wp\/v2\/users\/1"}],"version-history":[{"count":1,"href":"https:\/\/eschringen.de\/wordpress\/wp-json\/wp\/v2\/tribe_events\/2162\/revisions"}],"predecessor-version":[{"id":2163,"href":"https:\/\/eschringen.de\/wordpress\/wp-json\/wp\/v2\/tribe_events\/2162\/revisions\/2163"}],"wp:attachment":[{"href":"https:\/\/eschringen.de\/wordpress\/wp-json\/wp\/v2\/media?parent=2162"}],"wp:term":[{"taxonomy":"post_tag","embeddable":true,"href":"https:\/\/eschringen.de\/wordpress\/wp-json\/wp\/v2\/tags?post=2162"},{"taxonomy":"tribe_events_cat","embeddable":true,"href":"https:\/\/eschringen.de\/wordpress\/wp-json\/wp\/v2\/tribe_events_cat?post=2162"}],"curies":[{"name":"wp","href":"https:\/\/api.w.org\/{rel}","templated":true}]}}

<p>Gehen Sie mit auf eine Entdeckungsreise zu der fast vergessenen germanischen Göttin Holle. Nicht zu jener Märchen-Holle, die von den Brüdern Grimm verewigt wurde. Der Mythos von der Göttin Holle ist Jahrtausende älter und Zeugnis der matriarchalischen Kultur unserer Vorfahren. Die Holle war Ansprechpartnerin für alles was Frauen bewegte und auf dem Herzen hatten. In ihrer Gestalt sind alle drei Aspekte der Weiblichkeit vereint: die Jungfraugöttin Freya, die Muttergöttin Frigg und die weise Alte, die über Helheim, wo die Geister der Verstorbenen wohnen, wachte.</p>
<p>Aus den Aufzeichnungen von Römern und Griechen und in alten Sagen ist das Wesen der Holle zu entdecken. Mit ihrer ursprünglichen Kraft als Natur- und Fruchtbarkeits-Göttin spielte sie die wichtigste Rolle im Jahreskreis unserer Vorfahren. Sie war verantwortlich für das Werden, Wachsen und Vergehen allen Lebens von Menschen, Tieren und Pflanzen. Die ihr zu Ehren begangenen Feste sind in unserem christlichen Jahreskreises noch deutlich erkennbar.</p>
<p>Folgen Sie mir auf dieser Spurensuche, bei der die alten Mythen der Vorväter und -mütter noch einmal lebendig werden. Von den Steinzeit-Jägern, dem Ziegenhirten Ötzi und den seefahrenden Wikingern wird der Bogen bis zur Jetzt-Zeit reichen. Und auch in Eschringen geht die Legende von der „Wassernixe im Ellere Puhl“ auf eine Zeit zurück, als es in geheimnisvollen Teichen noch einen Zugang ins Reich der Göttin Holle gab. Es sollte ein spannender Abend werden.</p>
<p>Termin: Samstag, 27. April, 19:00 Uhr, im Dorfgemeinschaftshaus Eschringen.<br />
Dauer: ca. 1 Std. – freier Eintritt. „Über regen Besuch würde ich mich sehr freuen.“</p>

<p>Gehen Sie mit auf eine Entdeckungsreise zu der fast vergessenen germanischen Göttin Holle. Nicht zu jener Märchen-Holle, die von den Brüdern Grimm verewigt wurde. Der Mythos von der Göttin Holle ist Jahrtausende älter und Zeugnis der matriarchalischen Kultur unserer Vorfahren. Die Holle war Ansprechpartnerin für alles was Frauen bewegte und auf dem Herzen hatten. In &#8230; <a title="Lichtbildervortrag mit Wolfgang Arnold: Einstiegstore ins Holle-Reich" class="read-more" href="https://eschringen.de/wordpress/event/lichtbildervortrag-mit-wolfgang-arnold-einstiegstore-ins-holle-reich/" aria-label="Mehr Informationen über Lichtbildervortrag mit Wolfgang Arnold: Einstiegstore ins Holle-Reich">Weiterlesen &#8230;</a></p>

<!-- This site is optimized with the Yoast SEO plugin v27.4 - https://yoast.com/product/yoast-seo-wordpress/ -->
<title>Lichtbildervortrag mit Wolfgang Arnold: Einstiegstore ins Holle-Reich - Eschringen</title>
<meta name="robots" content="index, follow, max-snippet:-1, max-image-preview:large, max-video-preview:-1" />
<link rel="canonical" href="https://eschringen.de/wordpress/event/lichtbildervortrag-mit-wolfgang-arnold-einstiegstore-ins-holle-reich/" />
<meta property="og:locale" content="de_DE" />
<meta property="og:type" content="article" />
<meta property="og:title" content="Lichtbildervortrag mit Wolfgang Arnold: Einstiegstore ins Holle-Reich - Eschringen" />
<meta property="og:description" content="Gehen Sie mit auf eine Entdeckungsreise zu der fast vergessenen germanischen Göttin Holle. Nicht zu jener Märchen-Holle, die von den Brüdern Grimm verewigt wurde. Der Mythos von der Göttin Holle ist Jahrtausende älter und Zeugnis der matriarchalischen Kultur unserer Vorfahren. Die Holle war Ansprechpartnerin für alles was Frauen bewegte und auf dem Herzen hatten. In ... Weiterlesen ..." />
<meta property="og:url" content="https://eschringen.de/wordpress/event/lichtbildervortrag-mit-wolfgang-arnold-einstiegstore-ins-holle-reich/" />
<meta property="og:site_name" content="Eschringen" />
<meta name="twitter:card" content="summary_large_image" />
<meta name="twitter:label1" content="Geschätzte Lesezeit" />
	<meta name="twitter:data1" content="1 Minute" />
<script type="application/ld+json" class="yoast-schema-graph">{"@context":"https:\/\/schema.org","@graph":[{"@type":"WebPage","@id":"https:\/\/eschringen.de\/wordpress\/event\/lichtbildervortrag-mit-wolfgang-arnold-einstiegstore-ins-holle-reich\/","url":"https:\/\/eschringen.de\/wordpress\/event\/lichtbildervortrag-mit-wolfgang-arnold-einstiegstore-ins-holle-reich\/","name":"Lichtbildervortrag mit Wolfgang Arnold: Einstiegstore ins Holle-Reich - Eschringen","isPartOf":{"@id":"https:\/\/eschringen.de\/wordpress\/#website"},"datePublished":"2019-03-24T16:34:05+00:00","breadcrumb":{"@id":"https:\/\/eschringen.de\/wordpress\/event\/lichtbildervortrag-mit-wolfgang-arnold-einstiegstore-ins-holle-reich\/#breadcrumb"},"inLanguage":"de","potentialAction":[{"@type":"ReadAction","target":["https:\/\/eschringen.de\/wordpress\/event\/lichtbildervortrag-mit-wolfgang-arnold-einstiegstore-ins-holle-reich\/"]}]},{"@type":"BreadcrumbList","@id":"https:\/\/eschringen.de\/wordpress\/event\/lichtbildervortrag-mit-wolfgang-arnold-einstiegstore-ins-holle-reich\/#breadcrumb","itemListElement":[{"@type":"ListItem","position":1,"name":"Startseite","item":"https:\/\/eschringen.de\/wordpress\/"},{"@type":"ListItem","position":2,"name":"Veranstaltungen","item":"https:\/\/eschringen.de\/wordpress\/events\/"},{"@type":"ListItem","position":3,"name":"Lichtbildervortrag mit Wolfgang Arnold: Einstiegstore ins Holle-Reich"}]},{"@type":"WebSite","@id":"https:\/\/eschringen.de\/wordpress\/#website","url":"https:\/\/eschringen.de\/wordpress\/","name":"Eschringen","description":"","publisher":{"@id":"https:\/\/eschringen.de\/wordpress\/#organization"},"potentialAction":[{"@type":"SearchAction","target":{"@type":"EntryPoint","urlTemplate":"https:\/\/eschringen.de\/wordpress\/?s={search_term_string}"},"query-input":{"@type":"PropertyValueSpecification","valueRequired":true,"valueName":"search_term_string"}}],"inLanguage":"de"},{"@type":"Organization","@id":"https:\/\/eschringen.de\/wordpress\/#organization","name":"Eschringen","url":"https:\/\/eschringen.de\/wordpress\/","logo":{"@type":"ImageObject","inLanguage":"de","@id":"https:\/\/eschringen.de\/wordpress\/#\/schema\/logo\/image\/","url":"https:\/\/eschringen.de\/wordpress\/wp-content\/uploads\/2017\/03\/2017_kw15.jpg","contentUrl":"https:\/\/eschringen.de\/wordpress\/wp-content\/uploads\/2017\/03\/2017_kw15.jpg","width":784,"height":447,"caption":"Eschringen"},"image":{"@id":"https:\/\/eschringen.de\/wordpress\/#\/schema\/logo\/image\/"}}]}</script>
<!-- / Yoast SEO plugin. -->

Gehen Sie mit auf eine Entdeckungsreise zu der fast vergessenen germanischen Göttin Holle. Nicht zu jener Märchen-Holle, die von den Brüdern Grimm verewigt wurde. Der Mythos von der Göttin Holle ist Jahrtausende älter und Zeugnis der matriarchalischen Kultur unserer Vorfahren. Die Holle war Ansprechpartnerin für alles was Frauen bewegte und auf dem Herzen hatten. In ... Weiterlesen ...
