{"id":2072,"date":"2018-12-29T12:16:07","date_gmt":"2018-12-29T11:16:07","guid":{"rendered":"https:\/\/eschringen.de\/wordpress\/?post_type=tribe_events&#038;p=2072"},"modified":"2018-12-29T12:16:07","modified_gmt":"2018-12-29T11:16:07","slug":"neujahrsempfang-2","status":"publish","type":"tribe_events","link":"https:\/\/eschringen.de\/wordpress\/event\/neujahrsempfang-2\/","title":{"rendered":"Neujahrsempfang"},"content":{"rendered":"<p><strong>Neujahrsempfang der AG Eschringer Vereine<\/strong><\/p>\n<p>Am Sonntag, den 20. Januar 2019, ab 10.30 Uhr, findet im Dorfgemeinschaftshaus (ehemalige Grundschule) der turnusgem\u00e4\u00dfe Neujahrsempfang der AG Eschringer Vereine e. V. statt. Der AG-Vorsitzende Arno Schmitt wird das vergangene Jahr Revue passieren lassen und mit den Vereinsvertretern sowie geladenen G\u00e4sten auf das Neue Jahr ansto\u00dfen. F\u00fcr die musikalische Umrahmung sorgt diesmal <strong>das Duo Ann\u00e4X, bestehend aus der Eschringerin Annika Weibel (Gitarre, Piano, Gesang) und Al\u00e4x Steinhauser (Gitarre, Percussion, Gesang). <\/strong>Anschlie\u00dfend besteht die M\u00f6glichkeit zum Gedanken- und Meinungsaustausch. (red.)<\/p>\n","protected":false},"excerpt":{"rendered":"<p>Neujahrsempfang der AG Eschringer Vereine Am Sonntag, den 20. Januar 2019, ab 10.30 Uhr, findet im Dorfgemeinschaftshaus (ehemalige Grundschule) der turnusgem\u00e4\u00dfe Neujahrsempfang der AG Eschringer Vereine e. V. statt. Der AG-Vorsitzende Arno Schmitt wird das vergangene Jahr Revue passieren lassen und mit den Vereinsvertretern sowie geladenen G\u00e4sten auf das Neue Jahr ansto\u00dfen. F\u00fcr die musikalische &#8230; <a title=\"Neujahrsempfang\" class=\"read-more\" href=\"https:\/\/eschringen.de\/wordpress\/event\/neujahrsempfang-2\/\" aria-label=\"Mehr Informationen \u00fcber Neujahrsempfang\">Weiterlesen &#8230;<\/a><\/p>\n","protected":false},"author":1,"featured_media":1428,"template":"","meta":{"ngg_post_thumbnail":0,"_tribe_events_status":"","_tribe_events_status_reason":"","footnotes":""},"tags":[],"tribe_events_cat":[],"class_list":["post-2072","tribe_events","type-tribe_events","status-publish","has-post-thumbnail","hentry"],"yoast_head":"<!-- This site is optimized with the Yoast SEO plugin v27.4 - https:\/\/yoast.com\/product\/yoast-seo-wordpress\/ -->\n<title>Neujahrsempfang - Eschringen<\/title>\n<meta name=\"robots\" content=\"index, follow, max-snippet:-1, max-image-preview:large, max-video-preview:-1\" \/>\n<link rel=\"canonical\" href=\"https:\/\/eschringen.de\/wordpress\/event\/neujahrsempfang-2\/\" \/>\n<meta property=\"og:locale\" content=\"de_DE\" \/>\n<meta property=\"og:type\" content=\"article\" \/>\n<meta property=\"og:title\" content=\"Neujahrsempfang - Eschringen\" \/>\n<meta property=\"og:description\" content=\"Neujahrsempfang der AG Eschringer Vereine Am Sonntag, den 20. Januar 2019, ab 10.30 Uhr, findet im Dorfgemeinschaftshaus (ehemalige Grundschule) der turnusgem\u00e4\u00dfe Neujahrsempfang der AG Eschringer Vereine e. V. statt. Der AG-Vorsitzende Arno Schmitt wird das vergangene Jahr Revue passieren lassen und mit den Vereinsvertretern sowie geladenen G\u00e4sten auf das Neue Jahr ansto\u00dfen. F\u00fcr die musikalische ... Weiterlesen ...\" \/>\n<meta property=\"og:url\" content=\"https:\/\/eschringen.de\/wordpress\/event\/neujahrsempfang-2\/\" \/>\n<meta property=\"og:site_name\" content=\"Eschringen\" \/>\n<meta property=\"og:image\" content=\"https:\/\/eschringen.de\/wordpress\/wp-content\/uploads\/2017\/06\/AG_kal.jpg\" \/>\n\t<meta property=\"og:image:width\" content=\"210\" \/>\n\t<meta property=\"og:image:height\" content=\"212\" \/>\n\t<meta property=\"og:image:type\" content=\"image\/jpeg\" \/>\n<meta name=\"twitter:card\" content=\"summary_large_image\" \/>\n<script type=\"application\/ld+json\" class=\"yoast-schema-graph\">{\"@context\":\"https:\\\/\\\/schema.org\",\"@graph\":[{\"@type\":\"WebPage\",\"@id\":\"https:\\\/\\\/eschringen.de\\\/wordpress\\\/event\\\/neujahrsempfang-2\\\/\",\"url\":\"https:\\\/\\\/eschringen.de\\\/wordpress\\\/event\\\/neujahrsempfang-2\\\/\",\"name\":\"Neujahrsempfang - Eschringen\",\"isPartOf\":{\"@id\":\"https:\\\/\\\/eschringen.de\\\/wordpress\\\/#website\"},\"primaryImageOfPage\":{\"@id\":\"https:\\\/\\\/eschringen.de\\\/wordpress\\\/event\\\/neujahrsempfang-2\\\/#primaryimage\"},\"image\":{\"@id\":\"https:\\\/\\\/eschringen.de\\\/wordpress\\\/event\\\/neujahrsempfang-2\\\/#primaryimage\"},\"thumbnailUrl\":\"https:\\\/\\\/i0.wp.com\\\/eschringen.de\\\/wordpress\\\/wp-content\\\/uploads\\\/2017\\\/06\\\/AG_kal.jpg?fit=210%2C212&ssl=1\",\"datePublished\":\"2018-12-29T11:16:07+00:00\",\"breadcrumb\":{\"@id\":\"https:\\\/\\\/eschringen.de\\\/wordpress\\\/event\\\/neujahrsempfang-2\\\/#breadcrumb\"},\"inLanguage\":\"de\",\"potentialAction\":[{\"@type\":\"ReadAction\",\"target\":[\"https:\\\/\\\/eschringen.de\\\/wordpress\\\/event\\\/neujahrsempfang-2\\\/\"]}]},{\"@type\":\"ImageObject\",\"inLanguage\":\"de\",\"@id\":\"https:\\\/\\\/eschringen.de\\\/wordpress\\\/event\\\/neujahrsempfang-2\\\/#primaryimage\",\"url\":\"https:\\\/\\\/i0.wp.com\\\/eschringen.de\\\/wordpress\\\/wp-content\\\/uploads\\\/2017\\\/06\\\/AG_kal.jpg?fit=210%2C212&ssl=1\",\"contentUrl\":\"https:\\\/\\\/i0.wp.com\\\/eschringen.de\\\/wordpress\\\/wp-content\\\/uploads\\\/2017\\\/06\\\/AG_kal.jpg?fit=210%2C212&ssl=1\",\"width\":210,\"height\":212},{\"@type\":\"BreadcrumbList\",\"@id\":\"https:\\\/\\\/eschringen.de\\\/wordpress\\\/event\\\/neujahrsempfang-2\\\/#breadcrumb\",\"itemListElement\":[{\"@type\":\"ListItem\",\"position\":1,\"name\":\"Startseite\",\"item\":\"https:\\\/\\\/eschringen.de\\\/wordpress\\\/\"},{\"@type\":\"ListItem\",\"position\":2,\"name\":\"Veranstaltungen\",\"item\":\"https:\\\/\\\/eschringen.de\\\/wordpress\\\/events\\\/\"},{\"@type\":\"ListItem\",\"position\":3,\"name\":\"Neujahrsempfang\"}]},{\"@type\":\"WebSite\",\"@id\":\"https:\\\/\\\/eschringen.de\\\/wordpress\\\/#website\",\"url\":\"https:\\\/\\\/eschringen.de\\\/wordpress\\\/\",\"name\":\"Eschringen\",\"description\":\"\",\"publisher\":{\"@id\":\"https:\\\/\\\/eschringen.de\\\/wordpress\\\/#organization\"},\"potentialAction\":[{\"@type\":\"SearchAction\",\"target\":{\"@type\":\"EntryPoint\",\"urlTemplate\":\"https:\\\/\\\/eschringen.de\\\/wordpress\\\/?s={search_term_string}\"},\"query-input\":{\"@type\":\"PropertyValueSpecification\",\"valueRequired\":true,\"valueName\":\"search_term_string\"}}],\"inLanguage\":\"de\"},{\"@type\":\"Organization\",\"@id\":\"https:\\\/\\\/eschringen.de\\\/wordpress\\\/#organization\",\"name\":\"Eschringen\",\"url\":\"https:\\\/\\\/eschringen.de\\\/wordpress\\\/\",\"logo\":{\"@type\":\"ImageObject\",\"inLanguage\":\"de\",\"@id\":\"https:\\\/\\\/eschringen.de\\\/wordpress\\\/#\\\/schema\\\/logo\\\/image\\\/\",\"url\":\"https:\\\/\\\/eschringen.de\\\/wordpress\\\/wp-content\\\/uploads\\\/2017\\\/03\\\/2017_kw15.jpg\",\"contentUrl\":\"https:\\\/\\\/eschringen.de\\\/wordpress\\\/wp-content\\\/uploads\\\/2017\\\/03\\\/2017_kw15.jpg\",\"width\":784,\"height\":447,\"caption\":\"Eschringen\"},\"image\":{\"@id\":\"https:\\\/\\\/eschringen.de\\\/wordpress\\\/#\\\/schema\\\/logo\\\/image\\\/\"}}]}<\/script>\n<!-- \/ Yoast SEO plugin. -->","yoast_head_json":{"title":"Neujahrsempfang - Eschringen","robots":{"index":"index","follow":"follow","max-snippet":"max-snippet:-1","max-image-preview":"max-image-preview:large","max-video-preview":"max-video-preview:-1"},"canonical":"https:\/\/eschringen.de\/wordpress\/event\/neujahrsempfang-2\/","og_locale":"de_DE","og_type":"article","og_title":"Neujahrsempfang - Eschringen","og_description":"Neujahrsempfang der AG Eschringer Vereine Am Sonntag, den 20. Januar 2019, ab 10.30 Uhr, findet im Dorfgemeinschaftshaus (ehemalige Grundschule) der turnusgem\u00e4\u00dfe Neujahrsempfang der AG Eschringer Vereine e. V. statt. Der AG-Vorsitzende Arno Schmitt wird das vergangene Jahr Revue passieren lassen und mit den Vereinsvertretern sowie geladenen G\u00e4sten auf das Neue Jahr ansto\u00dfen. F\u00fcr die musikalische ... Weiterlesen ...","og_url":"https:\/\/eschringen.de\/wordpress\/event\/neujahrsempfang-2\/","og_site_name":"Eschringen","og_image":[{"width":210,"height":212,"url":"https:\/\/eschringen.de\/wordpress\/wp-content\/uploads\/2017\/06\/AG_kal.jpg","type":"image\/jpeg"}],"twitter_card":"summary_large_image","schema":{"@context":"https:\/\/schema.org","@graph":[{"@type":"WebPage","@id":"https:\/\/eschringen.de\/wordpress\/event\/neujahrsempfang-2\/","url":"https:\/\/eschringen.de\/wordpress\/event\/neujahrsempfang-2\/","name":"Neujahrsempfang - Eschringen","isPartOf":{"@id":"https:\/\/eschringen.de\/wordpress\/#website"},"primaryImageOfPage":{"@id":"https:\/\/eschringen.de\/wordpress\/event\/neujahrsempfang-2\/#primaryimage"},"image":{"@id":"https:\/\/eschringen.de\/wordpress\/event\/neujahrsempfang-2\/#primaryimage"},"thumbnailUrl":"https:\/\/i0.wp.com\/eschringen.de\/wordpress\/wp-content\/uploads\/2017\/06\/AG_kal.jpg?fit=210%2C212&ssl=1","datePublished":"2018-12-29T11:16:07+00:00","breadcrumb":{"@id":"https:\/\/eschringen.de\/wordpress\/event\/neujahrsempfang-2\/#breadcrumb"},"inLanguage":"de","potentialAction":[{"@type":"ReadAction","target":["https:\/\/eschringen.de\/wordpress\/event\/neujahrsempfang-2\/"]}]},{"@type":"ImageObject","inLanguage":"de","@id":"https:\/\/eschringen.de\/wordpress\/event\/neujahrsempfang-2\/#primaryimage","url":"https:\/\/i0.wp.com\/eschringen.de\/wordpress\/wp-content\/uploads\/2017\/06\/AG_kal.jpg?fit=210%2C212&ssl=1","contentUrl":"https:\/\/i0.wp.com\/eschringen.de\/wordpress\/wp-content\/uploads\/2017\/06\/AG_kal.jpg?fit=210%2C212&ssl=1","width":210,"height":212},{"@type":"BreadcrumbList","@id":"https:\/\/eschringen.de\/wordpress\/event\/neujahrsempfang-2\/#breadcrumb","itemListElement":[{"@type":"ListItem","position":1,"name":"Startseite","item":"https:\/\/eschringen.de\/wordpress\/"},{"@type":"ListItem","position":2,"name":"Veranstaltungen","item":"https:\/\/eschringen.de\/wordpress\/events\/"},{"@type":"ListItem","position":3,"name":"Neujahrsempfang"}]},{"@type":"WebSite","@id":"https:\/\/eschringen.de\/wordpress\/#website","url":"https:\/\/eschringen.de\/wordpress\/","name":"Eschringen","description":"","publisher":{"@id":"https:\/\/eschringen.de\/wordpress\/#organization"},"potentialAction":[{"@type":"SearchAction","target":{"@type":"EntryPoint","urlTemplate":"https:\/\/eschringen.de\/wordpress\/?s={search_term_string}"},"query-input":{"@type":"PropertyValueSpecification","valueRequired":true,"valueName":"search_term_string"}}],"inLanguage":"de"},{"@type":"Organization","@id":"https:\/\/eschringen.de\/wordpress\/#organization","name":"Eschringen","url":"https:\/\/eschringen.de\/wordpress\/","logo":{"@type":"ImageObject","inLanguage":"de","@id":"https:\/\/eschringen.de\/wordpress\/#\/schema\/logo\/image\/","url":"https:\/\/eschringen.de\/wordpress\/wp-content\/uploads\/2017\/03\/2017_kw15.jpg","contentUrl":"https:\/\/eschringen.de\/wordpress\/wp-content\/uploads\/2017\/03\/2017_kw15.jpg","width":784,"height":447,"caption":"Eschringen"},"image":{"@id":"https:\/\/eschringen.de\/wordpress\/#\/schema\/logo\/image\/"}}]}},"jetpack_sharing_enabled":true,"_links":{"self":[{"href":"https:\/\/eschringen.de\/wordpress\/wp-json\/wp\/v2\/tribe_events\/2072","targetHints":{"allow":["GET"]}}],"collection":[{"href":"https:\/\/eschringen.de\/wordpress\/wp-json\/wp\/v2\/tribe_events"}],"about":[{"href":"https:\/\/eschringen.de\/wordpress\/wp-json\/wp\/v2\/types\/tribe_events"}],"author":[{"embeddable":true,"href":"https:\/\/eschringen.de\/wordpress\/wp-json\/wp\/v2\/users\/1"}],"version-history":[{"count":1,"href":"https:\/\/eschringen.de\/wordpress\/wp-json\/wp\/v2\/tribe_events\/2072\/revisions"}],"predecessor-version":[{"id":2073,"href":"https:\/\/eschringen.de\/wordpress\/wp-json\/wp\/v2\/tribe_events\/2072\/revisions\/2073"}],"wp:featuredmedia":[{"embeddable":true,"href":"https:\/\/eschringen.de\/wordpress\/wp-json\/wp\/v2\/media\/1428"}],"wp:attachment":[{"href":"https:\/\/eschringen.de\/wordpress\/wp-json\/wp\/v2\/media?parent=2072"}],"wp:term":[{"taxonomy":"post_tag","embeddable":true,"href":"https:\/\/eschringen.de\/wordpress\/wp-json\/wp\/v2\/tags?post=2072"},{"taxonomy":"tribe_events_cat","embeddable":true,"href":"https:\/\/eschringen.de\/wordpress\/wp-json\/wp\/v2\/tribe_events_cat?post=2072"}],"curies":[{"name":"wp","href":"https:\/\/api.w.org\/{rel}","templated":true}]}}

<p><strong>Neujahrsempfang der AG Eschringer Vereine</strong></p>
<p>Am Sonntag, den 20. Januar 2019, ab 10.30 Uhr, findet im Dorfgemeinschaftshaus (ehemalige Grundschule) der turnusgemäße Neujahrsempfang der AG Eschringer Vereine e. V. statt. Der AG-Vorsitzende Arno Schmitt wird das vergangene Jahr Revue passieren lassen und mit den Vereinsvertretern sowie geladenen Gästen auf das Neue Jahr anstoßen. Für die musikalische Umrahmung sorgt diesmal <strong>das Duo AnnäX, bestehend aus der Eschringerin Annika Weibel (Gitarre, Piano, Gesang) und Aläx Steinhauser (Gitarre, Percussion, Gesang). </strong>Anschließend besteht die Möglichkeit zum Gedanken- und Meinungsaustausch. (red.)</p>

<p>Neujahrsempfang der AG Eschringer Vereine Am Sonntag, den 20. Januar 2019, ab 10.30 Uhr, findet im Dorfgemeinschaftshaus (ehemalige Grundschule) der turnusgemäße Neujahrsempfang der AG Eschringer Vereine e. V. statt. Der AG-Vorsitzende Arno Schmitt wird das vergangene Jahr Revue passieren lassen und mit den Vereinsvertretern sowie geladenen Gästen auf das Neue Jahr anstoßen. Für die musikalische &#8230; <a title="Neujahrsempfang" class="read-more" href="https://eschringen.de/wordpress/event/neujahrsempfang-2/" aria-label="Mehr Informationen über Neujahrsempfang">Weiterlesen &#8230;</a></p>

<!-- This site is optimized with the Yoast SEO plugin v27.4 - https://yoast.com/product/yoast-seo-wordpress/ -->
<title>Neujahrsempfang - Eschringen</title>
<meta name="robots" content="index, follow, max-snippet:-1, max-image-preview:large, max-video-preview:-1" />
<link rel="canonical" href="https://eschringen.de/wordpress/event/neujahrsempfang-2/" />
<meta property="og:locale" content="de_DE" />
<meta property="og:type" content="article" />
<meta property="og:title" content="Neujahrsempfang - Eschringen" />
<meta property="og:description" content="Neujahrsempfang der AG Eschringer Vereine Am Sonntag, den 20. Januar 2019, ab 10.30 Uhr, findet im Dorfgemeinschaftshaus (ehemalige Grundschule) der turnusgemäße Neujahrsempfang der AG Eschringer Vereine e. V. statt. Der AG-Vorsitzende Arno Schmitt wird das vergangene Jahr Revue passieren lassen und mit den Vereinsvertretern sowie geladenen Gästen auf das Neue Jahr anstoßen. Für die musikalische ... Weiterlesen ..." />
<meta property="og:url" content="https://eschringen.de/wordpress/event/neujahrsempfang-2/" />
<meta property="og:site_name" content="Eschringen" />
<meta property="og:image" content="https://eschringen.de/wordpress/wp-content/uploads/2017/06/AG_kal.jpg" />
	<meta property="og:image:width" content="210" />
	<meta property="og:image:height" content="212" />
	<meta property="og:image:type" content="image/jpeg" />
<meta name="twitter:card" content="summary_large_image" />
<script type="application/ld+json" class="yoast-schema-graph">{"@context":"https:\/\/schema.org","@graph":[{"@type":"WebPage","@id":"https:\/\/eschringen.de\/wordpress\/event\/neujahrsempfang-2\/","url":"https:\/\/eschringen.de\/wordpress\/event\/neujahrsempfang-2\/","name":"Neujahrsempfang - Eschringen","isPartOf":{"@id":"https:\/\/eschringen.de\/wordpress\/#website"},"primaryImageOfPage":{"@id":"https:\/\/eschringen.de\/wordpress\/event\/neujahrsempfang-2\/#primaryimage"},"image":{"@id":"https:\/\/eschringen.de\/wordpress\/event\/neujahrsempfang-2\/#primaryimage"},"thumbnailUrl":"https:\/\/i0.wp.com\/eschringen.de\/wordpress\/wp-content\/uploads\/2017\/06\/AG_kal.jpg?fit=210%2C212&ssl=1","datePublished":"2018-12-29T11:16:07+00:00","breadcrumb":{"@id":"https:\/\/eschringen.de\/wordpress\/event\/neujahrsempfang-2\/#breadcrumb"},"inLanguage":"de","potentialAction":[{"@type":"ReadAction","target":["https:\/\/eschringen.de\/wordpress\/event\/neujahrsempfang-2\/"]}]},{"@type":"ImageObject","inLanguage":"de","@id":"https:\/\/eschringen.de\/wordpress\/event\/neujahrsempfang-2\/#primaryimage","url":"https:\/\/i0.wp.com\/eschringen.de\/wordpress\/wp-content\/uploads\/2017\/06\/AG_kal.jpg?fit=210%2C212&ssl=1","contentUrl":"https:\/\/i0.wp.com\/eschringen.de\/wordpress\/wp-content\/uploads\/2017\/06\/AG_kal.jpg?fit=210%2C212&ssl=1","width":210,"height":212},{"@type":"BreadcrumbList","@id":"https:\/\/eschringen.de\/wordpress\/event\/neujahrsempfang-2\/#breadcrumb","itemListElement":[{"@type":"ListItem","position":1,"name":"Startseite","item":"https:\/\/eschringen.de\/wordpress\/"},{"@type":"ListItem","position":2,"name":"Veranstaltungen","item":"https:\/\/eschringen.de\/wordpress\/events\/"},{"@type":"ListItem","position":3,"name":"Neujahrsempfang"}]},{"@type":"WebSite","@id":"https:\/\/eschringen.de\/wordpress\/#website","url":"https:\/\/eschringen.de\/wordpress\/","name":"Eschringen","description":"","publisher":{"@id":"https:\/\/eschringen.de\/wordpress\/#organization"},"potentialAction":[{"@type":"SearchAction","target":{"@type":"EntryPoint","urlTemplate":"https:\/\/eschringen.de\/wordpress\/?s={search_term_string}"},"query-input":{"@type":"PropertyValueSpecification","valueRequired":true,"valueName":"search_term_string"}}],"inLanguage":"de"},{"@type":"Organization","@id":"https:\/\/eschringen.de\/wordpress\/#organization","name":"Eschringen","url":"https:\/\/eschringen.de\/wordpress\/","logo":{"@type":"ImageObject","inLanguage":"de","@id":"https:\/\/eschringen.de\/wordpress\/#\/schema\/logo\/image\/","url":"https:\/\/eschringen.de\/wordpress\/wp-content\/uploads\/2017\/03\/2017_kw15.jpg","contentUrl":"https:\/\/eschringen.de\/wordpress\/wp-content\/uploads\/2017\/03\/2017_kw15.jpg","width":784,"height":447,"caption":"Eschringen"},"image":{"@id":"https:\/\/eschringen.de\/wordpress\/#\/schema\/logo\/image\/"}}]}</script>
<!-- / Yoast SEO plugin. -->

Neujahrsempfang der AG Eschringer Vereine Am Sonntag, den 20. Januar 2019, ab 10.30 Uhr, findet im Dorfgemeinschaftshaus (ehemalige Grundschule) der turnusgemäße Neujahrsempfang der AG Eschringer Vereine e. V. statt. Der AG-Vorsitzende Arno Schmitt wird das vergangene Jahr Revue passieren lassen und mit den Vereinsvertretern sowie geladenen Gästen auf das Neue Jahr anstoßen. Für die musikalische ... Weiterlesen ...
