{"id":2021,"date":"2018-11-02T10:15:25","date_gmt":"2018-11-02T09:15:25","guid":{"rendered":"https:\/\/eschringen.de\/wordpress\/?post_type=tribe_events&#038;p=2021"},"modified":"2018-11-02T10:15:25","modified_gmt":"2018-11-02T09:15:25","slug":"martinsumzug-2","status":"publish","type":"tribe_events","link":"https:\/\/eschringen.de\/wordpress\/event\/martinsumzug-2\/","title":{"rendered":"Martinsumzug"},"content":{"rendered":"<p><strong>9.11.: Martinsumzug in Eschringen<\/strong><\/p>\n<p>Am Freitag, den 9. November 2018, findet in Eschringen, wie seit vielen Jahren, wieder ein Martinsumzug statt.<br \/>\nUm 18:00 Uhr treffen sich alle teilnehmenden Gruppen, insbesondere die Eltern und Gro\u00dfeltern mit den Kindern am Feuerwehrger\u00e4tehaus in der Gr\u00e4finthaler Stra\u00dfe. Von dort geht der Umzug, von St. Martin zu Pferd angef\u00fchrt, durch die Karl-Leidinger-Stra\u00dfe und die Andreas-Kremp-Sta\u00dfe zum Festplatz im Pfaffeneck. Der Musikverein \u201cLyra\u201d Eschringen begleitet den Umzug mit Musik. Der Ausklang des Umzuges auf dem Festplatz erfolgt mit warmem Tee, Gl\u00fchwein und Grillw\u00fcrsten.<br \/>\nDie M\u00e4nner und Frauen der Freiwilligen Feuerwehr Eschringen sorgen f\u00fcr die Sicherheit w\u00e4hrend des Umzuges und beim Martinsfeuer und zusammen mit dem DRK-Ortsverband Eschringen f\u00fcr die Bewirtung auf dem Festplatz.<br \/>\nAuch bei schlechter Witterung findet der Martinsumzug statt, nur dass anstatt des Feuers auf dem Festplatz der Ausklang im Feuerwehrger\u00e4tehaus durchgef\u00fchrt wird.<br \/>\nAlle Mitb\u00fcrger\/innen von Eschringen (und Umgebung) sind zu dieser Veranstaltung herzlich eingeladen.<br \/>\nEvtl. R\u00fcckfragen unter:<br \/>\nArno Schmitt. Auf der Poweyh 20, 66130 SB-Eschringen, Tel. 06893\/2045<\/p>\n","protected":false},"excerpt":{"rendered":"<p>9.11.: Martinsumzug in Eschringen Am Freitag, den 9. November 2018, findet in Eschringen, wie seit vielen Jahren, wieder ein Martinsumzug statt. Um 18:00 Uhr treffen sich alle teilnehmenden Gruppen, insbesondere die Eltern und Gro\u00dfeltern mit den Kindern am Feuerwehrger\u00e4tehaus in der Gr\u00e4finthaler Stra\u00dfe. Von dort geht der Umzug, von St. Martin zu Pferd angef\u00fchrt, durch &#8230; <a title=\"Martinsumzug\" class=\"read-more\" href=\"https:\/\/eschringen.de\/wordpress\/event\/martinsumzug-2\/\" aria-label=\"Mehr Informationen \u00fcber Martinsumzug\">Weiterlesen &#8230;<\/a><\/p>\n","protected":false},"author":1,"featured_media":1428,"template":"","meta":{"ngg_post_thumbnail":0,"_tribe_events_status":"","_tribe_events_status_reason":"","footnotes":""},"tags":[],"tribe_events_cat":[],"class_list":["post-2021","tribe_events","type-tribe_events","status-publish","has-post-thumbnail","hentry"],"yoast_head":"<!-- This site is optimized with the Yoast SEO plugin v27.4 - https:\/\/yoast.com\/product\/yoast-seo-wordpress\/ -->\n<title>Martinsumzug - Eschringen<\/title>\n<meta name=\"robots\" content=\"index, follow, max-snippet:-1, max-image-preview:large, max-video-preview:-1\" \/>\n<link rel=\"canonical\" href=\"https:\/\/eschringen.de\/wordpress\/event\/martinsumzug-2\/\" \/>\n<meta property=\"og:locale\" content=\"de_DE\" \/>\n<meta property=\"og:type\" content=\"article\" \/>\n<meta property=\"og:title\" content=\"Martinsumzug - Eschringen\" \/>\n<meta property=\"og:description\" content=\"9.11.: Martinsumzug in Eschringen Am Freitag, den 9. November 2018, findet in Eschringen, wie seit vielen Jahren, wieder ein Martinsumzug statt. Um 18:00 Uhr treffen sich alle teilnehmenden Gruppen, insbesondere die Eltern und Gro\u00dfeltern mit den Kindern am Feuerwehrger\u00e4tehaus in der Gr\u00e4finthaler Stra\u00dfe. Von dort geht der Umzug, von St. Martin zu Pferd angef\u00fchrt, durch ... Weiterlesen ...\" \/>\n<meta property=\"og:url\" content=\"https:\/\/eschringen.de\/wordpress\/event\/martinsumzug-2\/\" \/>\n<meta property=\"og:site_name\" content=\"Eschringen\" \/>\n<meta property=\"og:image\" content=\"https:\/\/eschringen.de\/wordpress\/wp-content\/uploads\/2017\/06\/AG_kal.jpg\" \/>\n\t<meta property=\"og:image:width\" content=\"210\" \/>\n\t<meta property=\"og:image:height\" content=\"212\" \/>\n\t<meta property=\"og:image:type\" content=\"image\/jpeg\" \/>\n<meta name=\"twitter:card\" content=\"summary_large_image\" \/>\n<meta name=\"twitter:label1\" content=\"Gesch\u00e4tzte Lesezeit\" \/>\n\t<meta name=\"twitter:data1\" content=\"1\u00a0Minute\" \/>\n<script type=\"application\/ld+json\" class=\"yoast-schema-graph\">{\"@context\":\"https:\\\/\\\/schema.org\",\"@graph\":[{\"@type\":\"WebPage\",\"@id\":\"https:\\\/\\\/eschringen.de\\\/wordpress\\\/event\\\/martinsumzug-2\\\/\",\"url\":\"https:\\\/\\\/eschringen.de\\\/wordpress\\\/event\\\/martinsumzug-2\\\/\",\"name\":\"Martinsumzug - Eschringen\",\"isPartOf\":{\"@id\":\"https:\\\/\\\/eschringen.de\\\/wordpress\\\/#website\"},\"primaryImageOfPage\":{\"@id\":\"https:\\\/\\\/eschringen.de\\\/wordpress\\\/event\\\/martinsumzug-2\\\/#primaryimage\"},\"image\":{\"@id\":\"https:\\\/\\\/eschringen.de\\\/wordpress\\\/event\\\/martinsumzug-2\\\/#primaryimage\"},\"thumbnailUrl\":\"https:\\\/\\\/i0.wp.com\\\/eschringen.de\\\/wordpress\\\/wp-content\\\/uploads\\\/2017\\\/06\\\/AG_kal.jpg?fit=210%2C212&ssl=1\",\"datePublished\":\"2018-11-02T09:15:25+00:00\",\"breadcrumb\":{\"@id\":\"https:\\\/\\\/eschringen.de\\\/wordpress\\\/event\\\/martinsumzug-2\\\/#breadcrumb\"},\"inLanguage\":\"de\",\"potentialAction\":[{\"@type\":\"ReadAction\",\"target\":[\"https:\\\/\\\/eschringen.de\\\/wordpress\\\/event\\\/martinsumzug-2\\\/\"]}]},{\"@type\":\"ImageObject\",\"inLanguage\":\"de\",\"@id\":\"https:\\\/\\\/eschringen.de\\\/wordpress\\\/event\\\/martinsumzug-2\\\/#primaryimage\",\"url\":\"https:\\\/\\\/i0.wp.com\\\/eschringen.de\\\/wordpress\\\/wp-content\\\/uploads\\\/2017\\\/06\\\/AG_kal.jpg?fit=210%2C212&ssl=1\",\"contentUrl\":\"https:\\\/\\\/i0.wp.com\\\/eschringen.de\\\/wordpress\\\/wp-content\\\/uploads\\\/2017\\\/06\\\/AG_kal.jpg?fit=210%2C212&ssl=1\",\"width\":210,\"height\":212},{\"@type\":\"BreadcrumbList\",\"@id\":\"https:\\\/\\\/eschringen.de\\\/wordpress\\\/event\\\/martinsumzug-2\\\/#breadcrumb\",\"itemListElement\":[{\"@type\":\"ListItem\",\"position\":1,\"name\":\"Startseite\",\"item\":\"https:\\\/\\\/eschringen.de\\\/wordpress\\\/\"},{\"@type\":\"ListItem\",\"position\":2,\"name\":\"Veranstaltungen\",\"item\":\"https:\\\/\\\/eschringen.de\\\/wordpress\\\/events\\\/\"},{\"@type\":\"ListItem\",\"position\":3,\"name\":\"Martinsumzug\"}]},{\"@type\":\"WebSite\",\"@id\":\"https:\\\/\\\/eschringen.de\\\/wordpress\\\/#website\",\"url\":\"https:\\\/\\\/eschringen.de\\\/wordpress\\\/\",\"name\":\"Eschringen\",\"description\":\"\",\"publisher\":{\"@id\":\"https:\\\/\\\/eschringen.de\\\/wordpress\\\/#organization\"},\"potentialAction\":[{\"@type\":\"SearchAction\",\"target\":{\"@type\":\"EntryPoint\",\"urlTemplate\":\"https:\\\/\\\/eschringen.de\\\/wordpress\\\/?s={search_term_string}\"},\"query-input\":{\"@type\":\"PropertyValueSpecification\",\"valueRequired\":true,\"valueName\":\"search_term_string\"}}],\"inLanguage\":\"de\"},{\"@type\":\"Organization\",\"@id\":\"https:\\\/\\\/eschringen.de\\\/wordpress\\\/#organization\",\"name\":\"Eschringen\",\"url\":\"https:\\\/\\\/eschringen.de\\\/wordpress\\\/\",\"logo\":{\"@type\":\"ImageObject\",\"inLanguage\":\"de\",\"@id\":\"https:\\\/\\\/eschringen.de\\\/wordpress\\\/#\\\/schema\\\/logo\\\/image\\\/\",\"url\":\"https:\\\/\\\/eschringen.de\\\/wordpress\\\/wp-content\\\/uploads\\\/2017\\\/03\\\/2017_kw15.jpg\",\"contentUrl\":\"https:\\\/\\\/eschringen.de\\\/wordpress\\\/wp-content\\\/uploads\\\/2017\\\/03\\\/2017_kw15.jpg\",\"width\":784,\"height\":447,\"caption\":\"Eschringen\"},\"image\":{\"@id\":\"https:\\\/\\\/eschringen.de\\\/wordpress\\\/#\\\/schema\\\/logo\\\/image\\\/\"}}]}<\/script>\n<!-- \/ Yoast SEO plugin. -->","yoast_head_json":{"title":"Martinsumzug - Eschringen","robots":{"index":"index","follow":"follow","max-snippet":"max-snippet:-1","max-image-preview":"max-image-preview:large","max-video-preview":"max-video-preview:-1"},"canonical":"https:\/\/eschringen.de\/wordpress\/event\/martinsumzug-2\/","og_locale":"de_DE","og_type":"article","og_title":"Martinsumzug - Eschringen","og_description":"9.11.: Martinsumzug in Eschringen Am Freitag, den 9. November 2018, findet in Eschringen, wie seit vielen Jahren, wieder ein Martinsumzug statt. Um 18:00 Uhr treffen sich alle teilnehmenden Gruppen, insbesondere die Eltern und Gro\u00dfeltern mit den Kindern am Feuerwehrger\u00e4tehaus in der Gr\u00e4finthaler Stra\u00dfe. Von dort geht der Umzug, von St. Martin zu Pferd angef\u00fchrt, durch ... Weiterlesen ...","og_url":"https:\/\/eschringen.de\/wordpress\/event\/martinsumzug-2\/","og_site_name":"Eschringen","og_image":[{"width":210,"height":212,"url":"https:\/\/eschringen.de\/wordpress\/wp-content\/uploads\/2017\/06\/AG_kal.jpg","type":"image\/jpeg"}],"twitter_card":"summary_large_image","twitter_misc":{"Gesch\u00e4tzte Lesezeit":"1\u00a0Minute"},"schema":{"@context":"https:\/\/schema.org","@graph":[{"@type":"WebPage","@id":"https:\/\/eschringen.de\/wordpress\/event\/martinsumzug-2\/","url":"https:\/\/eschringen.de\/wordpress\/event\/martinsumzug-2\/","name":"Martinsumzug - Eschringen","isPartOf":{"@id":"https:\/\/eschringen.de\/wordpress\/#website"},"primaryImageOfPage":{"@id":"https:\/\/eschringen.de\/wordpress\/event\/martinsumzug-2\/#primaryimage"},"image":{"@id":"https:\/\/eschringen.de\/wordpress\/event\/martinsumzug-2\/#primaryimage"},"thumbnailUrl":"https:\/\/i0.wp.com\/eschringen.de\/wordpress\/wp-content\/uploads\/2017\/06\/AG_kal.jpg?fit=210%2C212&ssl=1","datePublished":"2018-11-02T09:15:25+00:00","breadcrumb":{"@id":"https:\/\/eschringen.de\/wordpress\/event\/martinsumzug-2\/#breadcrumb"},"inLanguage":"de","potentialAction":[{"@type":"ReadAction","target":["https:\/\/eschringen.de\/wordpress\/event\/martinsumzug-2\/"]}]},{"@type":"ImageObject","inLanguage":"de","@id":"https:\/\/eschringen.de\/wordpress\/event\/martinsumzug-2\/#primaryimage","url":"https:\/\/i0.wp.com\/eschringen.de\/wordpress\/wp-content\/uploads\/2017\/06\/AG_kal.jpg?fit=210%2C212&ssl=1","contentUrl":"https:\/\/i0.wp.com\/eschringen.de\/wordpress\/wp-content\/uploads\/2017\/06\/AG_kal.jpg?fit=210%2C212&ssl=1","width":210,"height":212},{"@type":"BreadcrumbList","@id":"https:\/\/eschringen.de\/wordpress\/event\/martinsumzug-2\/#breadcrumb","itemListElement":[{"@type":"ListItem","position":1,"name":"Startseite","item":"https:\/\/eschringen.de\/wordpress\/"},{"@type":"ListItem","position":2,"name":"Veranstaltungen","item":"https:\/\/eschringen.de\/wordpress\/events\/"},{"@type":"ListItem","position":3,"name":"Martinsumzug"}]},{"@type":"WebSite","@id":"https:\/\/eschringen.de\/wordpress\/#website","url":"https:\/\/eschringen.de\/wordpress\/","name":"Eschringen","description":"","publisher":{"@id":"https:\/\/eschringen.de\/wordpress\/#organization"},"potentialAction":[{"@type":"SearchAction","target":{"@type":"EntryPoint","urlTemplate":"https:\/\/eschringen.de\/wordpress\/?s={search_term_string}"},"query-input":{"@type":"PropertyValueSpecification","valueRequired":true,"valueName":"search_term_string"}}],"inLanguage":"de"},{"@type":"Organization","@id":"https:\/\/eschringen.de\/wordpress\/#organization","name":"Eschringen","url":"https:\/\/eschringen.de\/wordpress\/","logo":{"@type":"ImageObject","inLanguage":"de","@id":"https:\/\/eschringen.de\/wordpress\/#\/schema\/logo\/image\/","url":"https:\/\/eschringen.de\/wordpress\/wp-content\/uploads\/2017\/03\/2017_kw15.jpg","contentUrl":"https:\/\/eschringen.de\/wordpress\/wp-content\/uploads\/2017\/03\/2017_kw15.jpg","width":784,"height":447,"caption":"Eschringen"},"image":{"@id":"https:\/\/eschringen.de\/wordpress\/#\/schema\/logo\/image\/"}}]}},"jetpack_sharing_enabled":true,"_links":{"self":[{"href":"https:\/\/eschringen.de\/wordpress\/wp-json\/wp\/v2\/tribe_events\/2021","targetHints":{"allow":["GET"]}}],"collection":[{"href":"https:\/\/eschringen.de\/wordpress\/wp-json\/wp\/v2\/tribe_events"}],"about":[{"href":"https:\/\/eschringen.de\/wordpress\/wp-json\/wp\/v2\/types\/tribe_events"}],"author":[{"embeddable":true,"href":"https:\/\/eschringen.de\/wordpress\/wp-json\/wp\/v2\/users\/1"}],"version-history":[{"count":1,"href":"https:\/\/eschringen.de\/wordpress\/wp-json\/wp\/v2\/tribe_events\/2021\/revisions"}],"predecessor-version":[{"id":2022,"href":"https:\/\/eschringen.de\/wordpress\/wp-json\/wp\/v2\/tribe_events\/2021\/revisions\/2022"}],"wp:featuredmedia":[{"embeddable":true,"href":"https:\/\/eschringen.de\/wordpress\/wp-json\/wp\/v2\/media\/1428"}],"wp:attachment":[{"href":"https:\/\/eschringen.de\/wordpress\/wp-json\/wp\/v2\/media?parent=2021"}],"wp:term":[{"taxonomy":"post_tag","embeddable":true,"href":"https:\/\/eschringen.de\/wordpress\/wp-json\/wp\/v2\/tags?post=2021"},{"taxonomy":"tribe_events_cat","embeddable":true,"href":"https:\/\/eschringen.de\/wordpress\/wp-json\/wp\/v2\/tribe_events_cat?post=2021"}],"curies":[{"name":"wp","href":"https:\/\/api.w.org\/{rel}","templated":true}]}}

<p><strong>9.11.: Martinsumzug in Eschringen</strong></p>
<p>Am Freitag, den 9. November 2018, findet in Eschringen, wie seit vielen Jahren, wieder ein Martinsumzug statt.<br />
Um 18:00 Uhr treffen sich alle teilnehmenden Gruppen, insbesondere die Eltern und Großeltern mit den Kindern am Feuerwehrgerätehaus in der Gräfinthaler Straße. Von dort geht der Umzug, von St. Martin zu Pferd angeführt, durch die Karl-Leidinger-Straße und die Andreas-Kremp-Staße zum Festplatz im Pfaffeneck. Der Musikverein “Lyra” Eschringen begleitet den Umzug mit Musik. Der Ausklang des Umzuges auf dem Festplatz erfolgt mit warmem Tee, Glühwein und Grillwürsten.<br />
Die Männer und Frauen der Freiwilligen Feuerwehr Eschringen sorgen für die Sicherheit während des Umzuges und beim Martinsfeuer und zusammen mit dem DRK-Ortsverband Eschringen für die Bewirtung auf dem Festplatz.<br />
Auch bei schlechter Witterung findet der Martinsumzug statt, nur dass anstatt des Feuers auf dem Festplatz der Ausklang im Feuerwehrgerätehaus durchgeführt wird.<br />
Alle Mitbürger/innen von Eschringen (und Umgebung) sind zu dieser Veranstaltung herzlich eingeladen.<br />
Evtl. Rückfragen unter:<br />
Arno Schmitt. Auf der Poweyh 20, 66130 SB-Eschringen, Tel. 06893/2045</p>

<p>9.11.: Martinsumzug in Eschringen Am Freitag, den 9. November 2018, findet in Eschringen, wie seit vielen Jahren, wieder ein Martinsumzug statt. Um 18:00 Uhr treffen sich alle teilnehmenden Gruppen, insbesondere die Eltern und Großeltern mit den Kindern am Feuerwehrgerätehaus in der Gräfinthaler Straße. Von dort geht der Umzug, von St. Martin zu Pferd angeführt, durch &#8230; <a title="Martinsumzug" class="read-more" href="https://eschringen.de/wordpress/event/martinsumzug-2/" aria-label="Mehr Informationen über Martinsumzug">Weiterlesen &#8230;</a></p>

<!-- This site is optimized with the Yoast SEO plugin v27.4 - https://yoast.com/product/yoast-seo-wordpress/ -->
<title>Martinsumzug - Eschringen</title>
<meta name="robots" content="index, follow, max-snippet:-1, max-image-preview:large, max-video-preview:-1" />
<link rel="canonical" href="https://eschringen.de/wordpress/event/martinsumzug-2/" />
<meta property="og:locale" content="de_DE" />
<meta property="og:type" content="article" />
<meta property="og:title" content="Martinsumzug - Eschringen" />
<meta property="og:description" content="9.11.: Martinsumzug in Eschringen Am Freitag, den 9. November 2018, findet in Eschringen, wie seit vielen Jahren, wieder ein Martinsumzug statt. Um 18:00 Uhr treffen sich alle teilnehmenden Gruppen, insbesondere die Eltern und Großeltern mit den Kindern am Feuerwehrgerätehaus in der Gräfinthaler Straße. Von dort geht der Umzug, von St. Martin zu Pferd angeführt, durch ... Weiterlesen ..." />
<meta property="og:url" content="https://eschringen.de/wordpress/event/martinsumzug-2/" />
<meta property="og:site_name" content="Eschringen" />
<meta property="og:image" content="https://eschringen.de/wordpress/wp-content/uploads/2017/06/AG_kal.jpg" />
	<meta property="og:image:width" content="210" />
	<meta property="og:image:height" content="212" />
	<meta property="og:image:type" content="image/jpeg" />
<meta name="twitter:card" content="summary_large_image" />
<meta name="twitter:label1" content="Geschätzte Lesezeit" />
	<meta name="twitter:data1" content="1 Minute" />
<script type="application/ld+json" class="yoast-schema-graph">{"@context":"https:\/\/schema.org","@graph":[{"@type":"WebPage","@id":"https:\/\/eschringen.de\/wordpress\/event\/martinsumzug-2\/","url":"https:\/\/eschringen.de\/wordpress\/event\/martinsumzug-2\/","name":"Martinsumzug - Eschringen","isPartOf":{"@id":"https:\/\/eschringen.de\/wordpress\/#website"},"primaryImageOfPage":{"@id":"https:\/\/eschringen.de\/wordpress\/event\/martinsumzug-2\/#primaryimage"},"image":{"@id":"https:\/\/eschringen.de\/wordpress\/event\/martinsumzug-2\/#primaryimage"},"thumbnailUrl":"https:\/\/i0.wp.com\/eschringen.de\/wordpress\/wp-content\/uploads\/2017\/06\/AG_kal.jpg?fit=210%2C212&ssl=1","datePublished":"2018-11-02T09:15:25+00:00","breadcrumb":{"@id":"https:\/\/eschringen.de\/wordpress\/event\/martinsumzug-2\/#breadcrumb"},"inLanguage":"de","potentialAction":[{"@type":"ReadAction","target":["https:\/\/eschringen.de\/wordpress\/event\/martinsumzug-2\/"]}]},{"@type":"ImageObject","inLanguage":"de","@id":"https:\/\/eschringen.de\/wordpress\/event\/martinsumzug-2\/#primaryimage","url":"https:\/\/i0.wp.com\/eschringen.de\/wordpress\/wp-content\/uploads\/2017\/06\/AG_kal.jpg?fit=210%2C212&ssl=1","contentUrl":"https:\/\/i0.wp.com\/eschringen.de\/wordpress\/wp-content\/uploads\/2017\/06\/AG_kal.jpg?fit=210%2C212&ssl=1","width":210,"height":212},{"@type":"BreadcrumbList","@id":"https:\/\/eschringen.de\/wordpress\/event\/martinsumzug-2\/#breadcrumb","itemListElement":[{"@type":"ListItem","position":1,"name":"Startseite","item":"https:\/\/eschringen.de\/wordpress\/"},{"@type":"ListItem","position":2,"name":"Veranstaltungen","item":"https:\/\/eschringen.de\/wordpress\/events\/"},{"@type":"ListItem","position":3,"name":"Martinsumzug"}]},{"@type":"WebSite","@id":"https:\/\/eschringen.de\/wordpress\/#website","url":"https:\/\/eschringen.de\/wordpress\/","name":"Eschringen","description":"","publisher":{"@id":"https:\/\/eschringen.de\/wordpress\/#organization"},"potentialAction":[{"@type":"SearchAction","target":{"@type":"EntryPoint","urlTemplate":"https:\/\/eschringen.de\/wordpress\/?s={search_term_string}"},"query-input":{"@type":"PropertyValueSpecification","valueRequired":true,"valueName":"search_term_string"}}],"inLanguage":"de"},{"@type":"Organization","@id":"https:\/\/eschringen.de\/wordpress\/#organization","name":"Eschringen","url":"https:\/\/eschringen.de\/wordpress\/","logo":{"@type":"ImageObject","inLanguage":"de","@id":"https:\/\/eschringen.de\/wordpress\/#\/schema\/logo\/image\/","url":"https:\/\/eschringen.de\/wordpress\/wp-content\/uploads\/2017\/03\/2017_kw15.jpg","contentUrl":"https:\/\/eschringen.de\/wordpress\/wp-content\/uploads\/2017\/03\/2017_kw15.jpg","width":784,"height":447,"caption":"Eschringen"},"image":{"@id":"https:\/\/eschringen.de\/wordpress\/#\/schema\/logo\/image\/"}}]}</script>
<!-- / Yoast SEO plugin. -->

9.11.: Martinsumzug in Eschringen Am Freitag, den 9. November 2018, findet in Eschringen, wie seit vielen Jahren, wieder ein Martinsumzug statt. Um 18:00 Uhr treffen sich alle teilnehmenden Gruppen, insbesondere die Eltern und Großeltern mit den Kindern am Feuerwehrgerätehaus in der Gräfinthaler Straße. Von dort geht der Umzug, von St. Martin zu Pferd angeführt, durch ... Weiterlesen ...
