{"id":2019,"date":"2018-11-02T10:12:18","date_gmt":"2018-11-02T09:12:18","guid":{"rendered":"https:\/\/eschringen.de\/wordpress\/?post_type=tribe_events&#038;p=2019"},"modified":"2018-11-21T14:10:05","modified_gmt":"2018-11-21T13:10:05","slug":"kirchenkonzert","status":"publish","type":"tribe_events","link":"https:\/\/eschringen.de\/wordpress\/event\/kirchenkonzert\/","title":{"rendered":"Kirchenkonzert"},"content":{"rendered":"<p>Das Warten und Proben hat bald ein Ende: Am 16. Dezember 2018 ab 18 Uhr steht das Highlight im Vereinsjahr an \u2013 das traditionelle Adventskonzert in der Pfarrkirche St. Laurentius Eschringen. Diesmal unter dem Motto \u201cGaudete \u2013 Freut Euch!\u201d Das Gro\u00dfe Orchester des Musikvereins \u201cLyra\u201d Eschringen stimmt Sie mit modernen wie klassischen Liedst\u00fccken auf die sch\u00f6nste Zeit des Jahres ein. Annika Weibel, geb. Peter, wird uns gesanglich begleiten. Die Leitung obliegt J\u00fcrgen Nisius. Sagen Sie\u2019s weiter, wir freuen uns auf Sie!<\/p>\n","protected":false},"excerpt":{"rendered":"<p>Das Warten und Proben hat bald ein Ende: Am 16. Dezember 2018 ab 18 Uhr steht das Highlight im Vereinsjahr an \u2013 das traditionelle Adventskonzert in der Pfarrkirche St. Laurentius Eschringen. Diesmal unter dem Motto \u201cGaudete \u2013 Freut Euch!\u201d Das Gro\u00dfe Orchester des Musikvereins \u201cLyra\u201d Eschringen stimmt Sie mit modernen wie klassischen Liedst\u00fccken auf die &#8230; <a title=\"Kirchenkonzert\" class=\"read-more\" href=\"https:\/\/eschringen.de\/wordpress\/event\/kirchenkonzert\/\" aria-label=\"Mehr Informationen \u00fcber Kirchenkonzert\">Weiterlesen &#8230;<\/a><\/p>\n","protected":false},"author":1,"featured_media":1425,"template":"","meta":{"ngg_post_thumbnail":0,"_tribe_events_status":"","_tribe_events_status_reason":"","footnotes":""},"tags":[],"tribe_events_cat":[],"class_list":["post-2019","tribe_events","type-tribe_events","status-publish","has-post-thumbnail","hentry"],"yoast_head":"<!-- This site is optimized with the Yoast SEO plugin v27.4 - https:\/\/yoast.com\/product\/yoast-seo-wordpress\/ -->\n<title>Kirchenkonzert - Eschringen<\/title>\n<meta name=\"robots\" content=\"index, follow, max-snippet:-1, max-image-preview:large, max-video-preview:-1\" \/>\n<link rel=\"canonical\" href=\"https:\/\/eschringen.de\/wordpress\/event\/kirchenkonzert\/\" \/>\n<meta property=\"og:locale\" content=\"de_DE\" \/>\n<meta property=\"og:type\" content=\"article\" \/>\n<meta property=\"og:title\" content=\"Kirchenkonzert - Eschringen\" \/>\n<meta property=\"og:description\" content=\"Das Warten und Proben hat bald ein Ende: Am 16. Dezember 2018 ab 18 Uhr steht das Highlight im Vereinsjahr an \u2013 das traditionelle Adventskonzert in der Pfarrkirche St. Laurentius Eschringen. Diesmal unter dem Motto \u201cGaudete \u2013 Freut Euch!\u201d Das Gro\u00dfe Orchester des Musikvereins \u201cLyra\u201d Eschringen stimmt Sie mit modernen wie klassischen Liedst\u00fccken auf die ... Weiterlesen ...\" \/>\n<meta property=\"og:url\" content=\"https:\/\/eschringen.de\/wordpress\/event\/kirchenkonzert\/\" \/>\n<meta property=\"og:site_name\" content=\"Eschringen\" \/>\n<meta property=\"article:modified_time\" content=\"2018-11-21T13:10:05+00:00\" \/>\n<meta property=\"og:image\" content=\"https:\/\/eschringen.de\/wordpress\/wp-content\/uploads\/2017\/04\/Lyra_kal.jpg\" \/>\n\t<meta property=\"og:image:width\" content=\"210\" \/>\n\t<meta property=\"og:image:height\" content=\"212\" \/>\n\t<meta property=\"og:image:type\" content=\"image\/jpeg\" \/>\n<meta name=\"twitter:card\" content=\"summary_large_image\" \/>\n<script type=\"application\/ld+json\" class=\"yoast-schema-graph\">{\"@context\":\"https:\\\/\\\/schema.org\",\"@graph\":[{\"@type\":\"WebPage\",\"@id\":\"https:\\\/\\\/eschringen.de\\\/wordpress\\\/event\\\/kirchenkonzert\\\/\",\"url\":\"https:\\\/\\\/eschringen.de\\\/wordpress\\\/event\\\/kirchenkonzert\\\/\",\"name\":\"Kirchenkonzert - Eschringen\",\"isPartOf\":{\"@id\":\"https:\\\/\\\/eschringen.de\\\/wordpress\\\/#website\"},\"primaryImageOfPage\":{\"@id\":\"https:\\\/\\\/eschringen.de\\\/wordpress\\\/event\\\/kirchenkonzert\\\/#primaryimage\"},\"image\":{\"@id\":\"https:\\\/\\\/eschringen.de\\\/wordpress\\\/event\\\/kirchenkonzert\\\/#primaryimage\"},\"thumbnailUrl\":\"https:\\\/\\\/i0.wp.com\\\/eschringen.de\\\/wordpress\\\/wp-content\\\/uploads\\\/2017\\\/04\\\/Lyra_kal.jpg?fit=210%2C212&ssl=1\",\"datePublished\":\"2018-11-02T09:12:18+00:00\",\"dateModified\":\"2018-11-21T13:10:05+00:00\",\"breadcrumb\":{\"@id\":\"https:\\\/\\\/eschringen.de\\\/wordpress\\\/event\\\/kirchenkonzert\\\/#breadcrumb\"},\"inLanguage\":\"de\",\"potentialAction\":[{\"@type\":\"ReadAction\",\"target\":[\"https:\\\/\\\/eschringen.de\\\/wordpress\\\/event\\\/kirchenkonzert\\\/\"]}]},{\"@type\":\"ImageObject\",\"inLanguage\":\"de\",\"@id\":\"https:\\\/\\\/eschringen.de\\\/wordpress\\\/event\\\/kirchenkonzert\\\/#primaryimage\",\"url\":\"https:\\\/\\\/i0.wp.com\\\/eschringen.de\\\/wordpress\\\/wp-content\\\/uploads\\\/2017\\\/04\\\/Lyra_kal.jpg?fit=210%2C212&ssl=1\",\"contentUrl\":\"https:\\\/\\\/i0.wp.com\\\/eschringen.de\\\/wordpress\\\/wp-content\\\/uploads\\\/2017\\\/04\\\/Lyra_kal.jpg?fit=210%2C212&ssl=1\",\"width\":210,\"height\":212},{\"@type\":\"BreadcrumbList\",\"@id\":\"https:\\\/\\\/eschringen.de\\\/wordpress\\\/event\\\/kirchenkonzert\\\/#breadcrumb\",\"itemListElement\":[{\"@type\":\"ListItem\",\"position\":1,\"name\":\"Startseite\",\"item\":\"https:\\\/\\\/eschringen.de\\\/wordpress\\\/\"},{\"@type\":\"ListItem\",\"position\":2,\"name\":\"Veranstaltungen\",\"item\":\"https:\\\/\\\/eschringen.de\\\/wordpress\\\/events\\\/\"},{\"@type\":\"ListItem\",\"position\":3,\"name\":\"Kirchenkonzert\"}]},{\"@type\":\"WebSite\",\"@id\":\"https:\\\/\\\/eschringen.de\\\/wordpress\\\/#website\",\"url\":\"https:\\\/\\\/eschringen.de\\\/wordpress\\\/\",\"name\":\"Eschringen\",\"description\":\"\",\"publisher\":{\"@id\":\"https:\\\/\\\/eschringen.de\\\/wordpress\\\/#organization\"},\"potentialAction\":[{\"@type\":\"SearchAction\",\"target\":{\"@type\":\"EntryPoint\",\"urlTemplate\":\"https:\\\/\\\/eschringen.de\\\/wordpress\\\/?s={search_term_string}\"},\"query-input\":{\"@type\":\"PropertyValueSpecification\",\"valueRequired\":true,\"valueName\":\"search_term_string\"}}],\"inLanguage\":\"de\"},{\"@type\":\"Organization\",\"@id\":\"https:\\\/\\\/eschringen.de\\\/wordpress\\\/#organization\",\"name\":\"Eschringen\",\"url\":\"https:\\\/\\\/eschringen.de\\\/wordpress\\\/\",\"logo\":{\"@type\":\"ImageObject\",\"inLanguage\":\"de\",\"@id\":\"https:\\\/\\\/eschringen.de\\\/wordpress\\\/#\\\/schema\\\/logo\\\/image\\\/\",\"url\":\"https:\\\/\\\/eschringen.de\\\/wordpress\\\/wp-content\\\/uploads\\\/2017\\\/03\\\/2017_kw15.jpg\",\"contentUrl\":\"https:\\\/\\\/eschringen.de\\\/wordpress\\\/wp-content\\\/uploads\\\/2017\\\/03\\\/2017_kw15.jpg\",\"width\":784,\"height\":447,\"caption\":\"Eschringen\"},\"image\":{\"@id\":\"https:\\\/\\\/eschringen.de\\\/wordpress\\\/#\\\/schema\\\/logo\\\/image\\\/\"}}]}<\/script>\n<!-- \/ Yoast SEO plugin. -->","yoast_head_json":{"title":"Kirchenkonzert - Eschringen","robots":{"index":"index","follow":"follow","max-snippet":"max-snippet:-1","max-image-preview":"max-image-preview:large","max-video-preview":"max-video-preview:-1"},"canonical":"https:\/\/eschringen.de\/wordpress\/event\/kirchenkonzert\/","og_locale":"de_DE","og_type":"article","og_title":"Kirchenkonzert - Eschringen","og_description":"Das Warten und Proben hat bald ein Ende: Am 16. Dezember 2018 ab 18 Uhr steht das Highlight im Vereinsjahr an \u2013 das traditionelle Adventskonzert in der Pfarrkirche St. Laurentius Eschringen. Diesmal unter dem Motto \u201cGaudete \u2013 Freut Euch!\u201d Das Gro\u00dfe Orchester des Musikvereins \u201cLyra\u201d Eschringen stimmt Sie mit modernen wie klassischen Liedst\u00fccken auf die ... Weiterlesen ...","og_url":"https:\/\/eschringen.de\/wordpress\/event\/kirchenkonzert\/","og_site_name":"Eschringen","article_modified_time":"2018-11-21T13:10:05+00:00","og_image":[{"width":210,"height":212,"url":"https:\/\/eschringen.de\/wordpress\/wp-content\/uploads\/2017\/04\/Lyra_kal.jpg","type":"image\/jpeg"}],"twitter_card":"summary_large_image","schema":{"@context":"https:\/\/schema.org","@graph":[{"@type":"WebPage","@id":"https:\/\/eschringen.de\/wordpress\/event\/kirchenkonzert\/","url":"https:\/\/eschringen.de\/wordpress\/event\/kirchenkonzert\/","name":"Kirchenkonzert - Eschringen","isPartOf":{"@id":"https:\/\/eschringen.de\/wordpress\/#website"},"primaryImageOfPage":{"@id":"https:\/\/eschringen.de\/wordpress\/event\/kirchenkonzert\/#primaryimage"},"image":{"@id":"https:\/\/eschringen.de\/wordpress\/event\/kirchenkonzert\/#primaryimage"},"thumbnailUrl":"https:\/\/i0.wp.com\/eschringen.de\/wordpress\/wp-content\/uploads\/2017\/04\/Lyra_kal.jpg?fit=210%2C212&ssl=1","datePublished":"2018-11-02T09:12:18+00:00","dateModified":"2018-11-21T13:10:05+00:00","breadcrumb":{"@id":"https:\/\/eschringen.de\/wordpress\/event\/kirchenkonzert\/#breadcrumb"},"inLanguage":"de","potentialAction":[{"@type":"ReadAction","target":["https:\/\/eschringen.de\/wordpress\/event\/kirchenkonzert\/"]}]},{"@type":"ImageObject","inLanguage":"de","@id":"https:\/\/eschringen.de\/wordpress\/event\/kirchenkonzert\/#primaryimage","url":"https:\/\/i0.wp.com\/eschringen.de\/wordpress\/wp-content\/uploads\/2017\/04\/Lyra_kal.jpg?fit=210%2C212&ssl=1","contentUrl":"https:\/\/i0.wp.com\/eschringen.de\/wordpress\/wp-content\/uploads\/2017\/04\/Lyra_kal.jpg?fit=210%2C212&ssl=1","width":210,"height":212},{"@type":"BreadcrumbList","@id":"https:\/\/eschringen.de\/wordpress\/event\/kirchenkonzert\/#breadcrumb","itemListElement":[{"@type":"ListItem","position":1,"name":"Startseite","item":"https:\/\/eschringen.de\/wordpress\/"},{"@type":"ListItem","position":2,"name":"Veranstaltungen","item":"https:\/\/eschringen.de\/wordpress\/events\/"},{"@type":"ListItem","position":3,"name":"Kirchenkonzert"}]},{"@type":"WebSite","@id":"https:\/\/eschringen.de\/wordpress\/#website","url":"https:\/\/eschringen.de\/wordpress\/","name":"Eschringen","description":"","publisher":{"@id":"https:\/\/eschringen.de\/wordpress\/#organization"},"potentialAction":[{"@type":"SearchAction","target":{"@type":"EntryPoint","urlTemplate":"https:\/\/eschringen.de\/wordpress\/?s={search_term_string}"},"query-input":{"@type":"PropertyValueSpecification","valueRequired":true,"valueName":"search_term_string"}}],"inLanguage":"de"},{"@type":"Organization","@id":"https:\/\/eschringen.de\/wordpress\/#organization","name":"Eschringen","url":"https:\/\/eschringen.de\/wordpress\/","logo":{"@type":"ImageObject","inLanguage":"de","@id":"https:\/\/eschringen.de\/wordpress\/#\/schema\/logo\/image\/","url":"https:\/\/eschringen.de\/wordpress\/wp-content\/uploads\/2017\/03\/2017_kw15.jpg","contentUrl":"https:\/\/eschringen.de\/wordpress\/wp-content\/uploads\/2017\/03\/2017_kw15.jpg","width":784,"height":447,"caption":"Eschringen"},"image":{"@id":"https:\/\/eschringen.de\/wordpress\/#\/schema\/logo\/image\/"}}]}},"jetpack_sharing_enabled":true,"_links":{"self":[{"href":"https:\/\/eschringen.de\/wordpress\/wp-json\/wp\/v2\/tribe_events\/2019","targetHints":{"allow":["GET"]}}],"collection":[{"href":"https:\/\/eschringen.de\/wordpress\/wp-json\/wp\/v2\/tribe_events"}],"about":[{"href":"https:\/\/eschringen.de\/wordpress\/wp-json\/wp\/v2\/types\/tribe_events"}],"author":[{"embeddable":true,"href":"https:\/\/eschringen.de\/wordpress\/wp-json\/wp\/v2\/users\/1"}],"version-history":[{"count":2,"href":"https:\/\/eschringen.de\/wordpress\/wp-json\/wp\/v2\/tribe_events\/2019\/revisions"}],"predecessor-version":[{"id":2044,"href":"https:\/\/eschringen.de\/wordpress\/wp-json\/wp\/v2\/tribe_events\/2019\/revisions\/2044"}],"wp:featuredmedia":[{"embeddable":true,"href":"https:\/\/eschringen.de\/wordpress\/wp-json\/wp\/v2\/media\/1425"}],"wp:attachment":[{"href":"https:\/\/eschringen.de\/wordpress\/wp-json\/wp\/v2\/media?parent=2019"}],"wp:term":[{"taxonomy":"post_tag","embeddable":true,"href":"https:\/\/eschringen.de\/wordpress\/wp-json\/wp\/v2\/tags?post=2019"},{"taxonomy":"tribe_events_cat","embeddable":true,"href":"https:\/\/eschringen.de\/wordpress\/wp-json\/wp\/v2\/tribe_events_cat?post=2019"}],"curies":[{"name":"wp","href":"https:\/\/api.w.org\/{rel}","templated":true}]}}

<p>Das Warten und Proben hat bald ein Ende: Am 16. Dezember 2018 ab 18 Uhr steht das Highlight im Vereinsjahr an – das traditionelle Adventskonzert in der Pfarrkirche St. Laurentius Eschringen. Diesmal unter dem Motto “Gaudete – Freut Euch!” Das Große Orchester des Musikvereins “Lyra” Eschringen stimmt Sie mit modernen wie klassischen Liedstücken auf die schönste Zeit des Jahres ein. Annika Weibel, geb. Peter, wird uns gesanglich begleiten. Die Leitung obliegt Jürgen Nisius. Sagen Sie’s weiter, wir freuen uns auf Sie!</p>

<p>Das Warten und Proben hat bald ein Ende: Am 16. Dezember 2018 ab 18 Uhr steht das Highlight im Vereinsjahr an – das traditionelle Adventskonzert in der Pfarrkirche St. Laurentius Eschringen. Diesmal unter dem Motto “Gaudete – Freut Euch!” Das Große Orchester des Musikvereins “Lyra” Eschringen stimmt Sie mit modernen wie klassischen Liedstücken auf die &#8230; <a title="Kirchenkonzert" class="read-more" href="https://eschringen.de/wordpress/event/kirchenkonzert/" aria-label="Mehr Informationen über Kirchenkonzert">Weiterlesen &#8230;</a></p>

<!-- This site is optimized with the Yoast SEO plugin v27.4 - https://yoast.com/product/yoast-seo-wordpress/ -->
<title>Kirchenkonzert - Eschringen</title>
<meta name="robots" content="index, follow, max-snippet:-1, max-image-preview:large, max-video-preview:-1" />
<link rel="canonical" href="https://eschringen.de/wordpress/event/kirchenkonzert/" />
<meta property="og:locale" content="de_DE" />
<meta property="og:type" content="article" />
<meta property="og:title" content="Kirchenkonzert - Eschringen" />
<meta property="og:description" content="Das Warten und Proben hat bald ein Ende: Am 16. Dezember 2018 ab 18 Uhr steht das Highlight im Vereinsjahr an – das traditionelle Adventskonzert in der Pfarrkirche St. Laurentius Eschringen. Diesmal unter dem Motto “Gaudete – Freut Euch!” Das Große Orchester des Musikvereins “Lyra” Eschringen stimmt Sie mit modernen wie klassischen Liedstücken auf die ... Weiterlesen ..." />
<meta property="og:url" content="https://eschringen.de/wordpress/event/kirchenkonzert/" />
<meta property="og:site_name" content="Eschringen" />
<meta property="article:modified_time" content="2018-11-21T13:10:05+00:00" />
<meta property="og:image" content="https://eschringen.de/wordpress/wp-content/uploads/2017/04/Lyra_kal.jpg" />
	<meta property="og:image:width" content="210" />
	<meta property="og:image:height" content="212" />
	<meta property="og:image:type" content="image/jpeg" />
<meta name="twitter:card" content="summary_large_image" />
<script type="application/ld+json" class="yoast-schema-graph">{"@context":"https:\/\/schema.org","@graph":[{"@type":"WebPage","@id":"https:\/\/eschringen.de\/wordpress\/event\/kirchenkonzert\/","url":"https:\/\/eschringen.de\/wordpress\/event\/kirchenkonzert\/","name":"Kirchenkonzert - Eschringen","isPartOf":{"@id":"https:\/\/eschringen.de\/wordpress\/#website"},"primaryImageOfPage":{"@id":"https:\/\/eschringen.de\/wordpress\/event\/kirchenkonzert\/#primaryimage"},"image":{"@id":"https:\/\/eschringen.de\/wordpress\/event\/kirchenkonzert\/#primaryimage"},"thumbnailUrl":"https:\/\/i0.wp.com\/eschringen.de\/wordpress\/wp-content\/uploads\/2017\/04\/Lyra_kal.jpg?fit=210%2C212&ssl=1","datePublished":"2018-11-02T09:12:18+00:00","dateModified":"2018-11-21T13:10:05+00:00","breadcrumb":{"@id":"https:\/\/eschringen.de\/wordpress\/event\/kirchenkonzert\/#breadcrumb"},"inLanguage":"de","potentialAction":[{"@type":"ReadAction","target":["https:\/\/eschringen.de\/wordpress\/event\/kirchenkonzert\/"]}]},{"@type":"ImageObject","inLanguage":"de","@id":"https:\/\/eschringen.de\/wordpress\/event\/kirchenkonzert\/#primaryimage","url":"https:\/\/i0.wp.com\/eschringen.de\/wordpress\/wp-content\/uploads\/2017\/04\/Lyra_kal.jpg?fit=210%2C212&ssl=1","contentUrl":"https:\/\/i0.wp.com\/eschringen.de\/wordpress\/wp-content\/uploads\/2017\/04\/Lyra_kal.jpg?fit=210%2C212&ssl=1","width":210,"height":212},{"@type":"BreadcrumbList","@id":"https:\/\/eschringen.de\/wordpress\/event\/kirchenkonzert\/#breadcrumb","itemListElement":[{"@type":"ListItem","position":1,"name":"Startseite","item":"https:\/\/eschringen.de\/wordpress\/"},{"@type":"ListItem","position":2,"name":"Veranstaltungen","item":"https:\/\/eschringen.de\/wordpress\/events\/"},{"@type":"ListItem","position":3,"name":"Kirchenkonzert"}]},{"@type":"WebSite","@id":"https:\/\/eschringen.de\/wordpress\/#website","url":"https:\/\/eschringen.de\/wordpress\/","name":"Eschringen","description":"","publisher":{"@id":"https:\/\/eschringen.de\/wordpress\/#organization"},"potentialAction":[{"@type":"SearchAction","target":{"@type":"EntryPoint","urlTemplate":"https:\/\/eschringen.de\/wordpress\/?s={search_term_string}"},"query-input":{"@type":"PropertyValueSpecification","valueRequired":true,"valueName":"search_term_string"}}],"inLanguage":"de"},{"@type":"Organization","@id":"https:\/\/eschringen.de\/wordpress\/#organization","name":"Eschringen","url":"https:\/\/eschringen.de\/wordpress\/","logo":{"@type":"ImageObject","inLanguage":"de","@id":"https:\/\/eschringen.de\/wordpress\/#\/schema\/logo\/image\/","url":"https:\/\/eschringen.de\/wordpress\/wp-content\/uploads\/2017\/03\/2017_kw15.jpg","contentUrl":"https:\/\/eschringen.de\/wordpress\/wp-content\/uploads\/2017\/03\/2017_kw15.jpg","width":784,"height":447,"caption":"Eschringen"},"image":{"@id":"https:\/\/eschringen.de\/wordpress\/#\/schema\/logo\/image\/"}}]}</script>
<!-- / Yoast SEO plugin. -->

Das Warten und Proben hat bald ein Ende: Am 16. Dezember 2018 ab 18 Uhr steht das Highlight im Vereinsjahr an – das traditionelle Adventskonzert in der Pfarrkirche St. Laurentius Eschringen. Diesmal unter dem Motto “Gaudete – Freut Euch!” Das Große Orchester des Musikvereins “Lyra” Eschringen stimmt Sie mit modernen wie klassischen Liedstücken auf die ... Weiterlesen ...
