{"id":1383,"date":"2017-05-13T08:24:14","date_gmt":"2017-05-13T06:24:14","guid":{"rendered":"http:\/\/eschringen.de\/wordpress\/?post_type=tribe_events&#038;p=1383"},"modified":"2017-05-13T08:37:46","modified_gmt":"2017-05-13T06:37:46","slug":"fronleichnam","status":"publish","type":"tribe_events","link":"https:\/\/eschringen.de\/wordpress\/event\/fronleichnam\/","title":{"rendered":"Fronleichnam &#8211; ganz anders"},"content":{"rendered":"<p>Wie immer wollen wir auch dieses Jahr draussen inmitten der Gemeinde Fronleichnam feiern. Ganz anders werden wir das Fest am<b> Vorabend, Mittwoch, den 14. Juni um 19.00 Uhr<\/b> feiern. Grund daf\u00fcr ist, dass Domkapitular Franz Vogelgesang dieses Jahr an der Fronleichnamsprozession in Speyer teilnehmen wird und nicht nach Eschringen kommen kann. Auch andere Pfarrer, die wir gefragt haben, sind schon in anderen Gemeinden verplant. Ganz anders werden wir den Gottesdienst auf der Kirchenwiese feiern und eine Miniprozession in die Kirche machen. Wie immer werden der Kirchenchor St. Laurentius und der Musikverein Lyra die Eucharistiefeier musikalisch gestalten. Wie immer wird der Abschlusssegen in der Kirche erteilt. Wie immer treffen wir uns im Anschluss zur Reunion auf dem Platz zwischen Pfarrhaus und Kirche. Wie immer werden gute Gespr\u00e4che, Brezeln und Getr\u00e4nke die Gemeinschaft \u00fcber den Gottesdienst hinaus erlebbar machen. Ganz anders gibt es dieses Jahr auch Rostw\u00fcrstchen und Weck. Nach einem langen Tag soll niemand hungern. Wie immer findet die Messe bei schlechtem Wetter in der Kirche statt und die Prozession f\u00e4llt aus. Wie immer freuen wir uns \u00fcber jeden, der mit uns Fronleichnam im Gottesdienst und beim gem\u00fctlichen Beisammensein feiert. Herzlich willkommen!<\/p>\n","protected":false},"excerpt":{"rendered":"<p>Wie immer wollen wir auch dieses Jahr draussen inmitten der Gemeinde Fronleichnam feiern. Ganz anders werden wir das Fest am Vorabend, Mittwoch, den 14. Juni um 19.00 Uhr feiern. Grund daf\u00fcr ist, dass Domkapitular Franz Vogelgesang dieses Jahr an der Fronleichnamsprozession in Speyer teilnehmen wird und nicht nach Eschringen kommen kann. Auch andere Pfarrer, die &#8230; <a title=\"Fronleichnam &#8211; ganz anders\" class=\"read-more\" href=\"https:\/\/eschringen.de\/wordpress\/event\/fronleichnam\/\" aria-label=\"Mehr Informationen \u00fcber Fronleichnam &#8211; ganz anders\">Weiterlesen &#8230;<\/a><\/p>\n","protected":false},"author":1,"featured_media":1387,"template":"","meta":{"ngg_post_thumbnail":0,"_tribe_events_status":"","_tribe_events_status_reason":"","footnotes":""},"tags":[],"tribe_events_cat":[],"class_list":["post-1383","tribe_events","type-tribe_events","status-publish","has-post-thumbnail","hentry"],"yoast_head":"<!-- This site is optimized with the Yoast SEO plugin v27.4 - https:\/\/yoast.com\/product\/yoast-seo-wordpress\/ -->\n<title>Fronleichnam - ganz anders - Eschringen<\/title>\n<meta name=\"robots\" content=\"index, follow, max-snippet:-1, max-image-preview:large, max-video-preview:-1\" \/>\n<link rel=\"canonical\" href=\"https:\/\/eschringen.de\/wordpress\/event\/fronleichnam\/\" \/>\n<meta property=\"og:locale\" content=\"de_DE\" \/>\n<meta property=\"og:type\" content=\"article\" \/>\n<meta property=\"og:title\" content=\"Fronleichnam - ganz anders - Eschringen\" \/>\n<meta property=\"og:description\" content=\"Wie immer wollen wir auch dieses Jahr draussen inmitten der Gemeinde Fronleichnam feiern. Ganz anders werden wir das Fest am Vorabend, Mittwoch, den 14. Juni um 19.00 Uhr feiern. Grund daf\u00fcr ist, dass Domkapitular Franz Vogelgesang dieses Jahr an der Fronleichnamsprozession in Speyer teilnehmen wird und nicht nach Eschringen kommen kann. Auch andere Pfarrer, die ... Weiterlesen ...\" \/>\n<meta property=\"og:url\" content=\"https:\/\/eschringen.de\/wordpress\/event\/fronleichnam\/\" \/>\n<meta property=\"og:site_name\" content=\"Eschringen\" \/>\n<meta property=\"article:modified_time\" content=\"2017-05-13T06:37:46+00:00\" \/>\n<meta property=\"og:image\" content=\"https:\/\/eschringen.de\/wordpress\/wp-content\/uploads\/2017\/05\/Kirche_termin.jpg\" \/>\n\t<meta property=\"og:image:width\" content=\"50\" \/>\n\t<meta property=\"og:image:height\" content=\"50\" \/>\n\t<meta property=\"og:image:type\" content=\"image\/jpeg\" \/>\n<meta name=\"twitter:card\" content=\"summary_large_image\" \/>\n<meta name=\"twitter:label1\" content=\"Gesch\u00e4tzte Lesezeit\" \/>\n\t<meta name=\"twitter:data1\" content=\"1\u00a0Minute\" \/>\n<script type=\"application\/ld+json\" class=\"yoast-schema-graph\">{\"@context\":\"https:\\\/\\\/schema.org\",\"@graph\":[{\"@type\":\"WebPage\",\"@id\":\"https:\\\/\\\/eschringen.de\\\/wordpress\\\/event\\\/fronleichnam\\\/\",\"url\":\"https:\\\/\\\/eschringen.de\\\/wordpress\\\/event\\\/fronleichnam\\\/\",\"name\":\"Fronleichnam - ganz anders - Eschringen\",\"isPartOf\":{\"@id\":\"https:\\\/\\\/eschringen.de\\\/wordpress\\\/#website\"},\"primaryImageOfPage\":{\"@id\":\"https:\\\/\\\/eschringen.de\\\/wordpress\\\/event\\\/fronleichnam\\\/#primaryimage\"},\"image\":{\"@id\":\"https:\\\/\\\/eschringen.de\\\/wordpress\\\/event\\\/fronleichnam\\\/#primaryimage\"},\"thumbnailUrl\":\"https:\\\/\\\/i0.wp.com\\\/eschringen.de\\\/wordpress\\\/wp-content\\\/uploads\\\/2017\\\/05\\\/Kirche_termin.jpg?fit=50%2C50&ssl=1\",\"datePublished\":\"2017-05-13T06:24:14+00:00\",\"dateModified\":\"2017-05-13T06:37:46+00:00\",\"breadcrumb\":{\"@id\":\"https:\\\/\\\/eschringen.de\\\/wordpress\\\/event\\\/fronleichnam\\\/#breadcrumb\"},\"inLanguage\":\"de\",\"potentialAction\":[{\"@type\":\"ReadAction\",\"target\":[\"https:\\\/\\\/eschringen.de\\\/wordpress\\\/event\\\/fronleichnam\\\/\"]}]},{\"@type\":\"ImageObject\",\"inLanguage\":\"de\",\"@id\":\"https:\\\/\\\/eschringen.de\\\/wordpress\\\/event\\\/fronleichnam\\\/#primaryimage\",\"url\":\"https:\\\/\\\/i0.wp.com\\\/eschringen.de\\\/wordpress\\\/wp-content\\\/uploads\\\/2017\\\/05\\\/Kirche_termin.jpg?fit=50%2C50&ssl=1\",\"contentUrl\":\"https:\\\/\\\/i0.wp.com\\\/eschringen.de\\\/wordpress\\\/wp-content\\\/uploads\\\/2017\\\/05\\\/Kirche_termin.jpg?fit=50%2C50&ssl=1\",\"width\":50,\"height\":50},{\"@type\":\"BreadcrumbList\",\"@id\":\"https:\\\/\\\/eschringen.de\\\/wordpress\\\/event\\\/fronleichnam\\\/#breadcrumb\",\"itemListElement\":[{\"@type\":\"ListItem\",\"position\":1,\"name\":\"Startseite\",\"item\":\"https:\\\/\\\/eschringen.de\\\/wordpress\\\/\"},{\"@type\":\"ListItem\",\"position\":2,\"name\":\"Veranstaltungen\",\"item\":\"https:\\\/\\\/eschringen.de\\\/wordpress\\\/events\\\/\"},{\"@type\":\"ListItem\",\"position\":3,\"name\":\"Fronleichnam &#8211; ganz anders\"}]},{\"@type\":\"WebSite\",\"@id\":\"https:\\\/\\\/eschringen.de\\\/wordpress\\\/#website\",\"url\":\"https:\\\/\\\/eschringen.de\\\/wordpress\\\/\",\"name\":\"Eschringen\",\"description\":\"\",\"publisher\":{\"@id\":\"https:\\\/\\\/eschringen.de\\\/wordpress\\\/#organization\"},\"potentialAction\":[{\"@type\":\"SearchAction\",\"target\":{\"@type\":\"EntryPoint\",\"urlTemplate\":\"https:\\\/\\\/eschringen.de\\\/wordpress\\\/?s={search_term_string}\"},\"query-input\":{\"@type\":\"PropertyValueSpecification\",\"valueRequired\":true,\"valueName\":\"search_term_string\"}}],\"inLanguage\":\"de\"},{\"@type\":\"Organization\",\"@id\":\"https:\\\/\\\/eschringen.de\\\/wordpress\\\/#organization\",\"name\":\"Eschringen\",\"url\":\"https:\\\/\\\/eschringen.de\\\/wordpress\\\/\",\"logo\":{\"@type\":\"ImageObject\",\"inLanguage\":\"de\",\"@id\":\"https:\\\/\\\/eschringen.de\\\/wordpress\\\/#\\\/schema\\\/logo\\\/image\\\/\",\"url\":\"https:\\\/\\\/eschringen.de\\\/wordpress\\\/wp-content\\\/uploads\\\/2017\\\/03\\\/2017_kw15.jpg\",\"contentUrl\":\"https:\\\/\\\/eschringen.de\\\/wordpress\\\/wp-content\\\/uploads\\\/2017\\\/03\\\/2017_kw15.jpg\",\"width\":784,\"height\":447,\"caption\":\"Eschringen\"},\"image\":{\"@id\":\"https:\\\/\\\/eschringen.de\\\/wordpress\\\/#\\\/schema\\\/logo\\\/image\\\/\"}}]}<\/script>\n<!-- \/ Yoast SEO plugin. -->","yoast_head_json":{"title":"Fronleichnam - ganz anders - Eschringen","robots":{"index":"index","follow":"follow","max-snippet":"max-snippet:-1","max-image-preview":"max-image-preview:large","max-video-preview":"max-video-preview:-1"},"canonical":"https:\/\/eschringen.de\/wordpress\/event\/fronleichnam\/","og_locale":"de_DE","og_type":"article","og_title":"Fronleichnam - ganz anders - Eschringen","og_description":"Wie immer wollen wir auch dieses Jahr draussen inmitten der Gemeinde Fronleichnam feiern. Ganz anders werden wir das Fest am Vorabend, Mittwoch, den 14. Juni um 19.00 Uhr feiern. Grund daf\u00fcr ist, dass Domkapitular Franz Vogelgesang dieses Jahr an der Fronleichnamsprozession in Speyer teilnehmen wird und nicht nach Eschringen kommen kann. Auch andere Pfarrer, die ... Weiterlesen ...","og_url":"https:\/\/eschringen.de\/wordpress\/event\/fronleichnam\/","og_site_name":"Eschringen","article_modified_time":"2017-05-13T06:37:46+00:00","og_image":[{"width":50,"height":50,"url":"https:\/\/eschringen.de\/wordpress\/wp-content\/uploads\/2017\/05\/Kirche_termin.jpg","type":"image\/jpeg"}],"twitter_card":"summary_large_image","twitter_misc":{"Gesch\u00e4tzte Lesezeit":"1\u00a0Minute"},"schema":{"@context":"https:\/\/schema.org","@graph":[{"@type":"WebPage","@id":"https:\/\/eschringen.de\/wordpress\/event\/fronleichnam\/","url":"https:\/\/eschringen.de\/wordpress\/event\/fronleichnam\/","name":"Fronleichnam - ganz anders - Eschringen","isPartOf":{"@id":"https:\/\/eschringen.de\/wordpress\/#website"},"primaryImageOfPage":{"@id":"https:\/\/eschringen.de\/wordpress\/event\/fronleichnam\/#primaryimage"},"image":{"@id":"https:\/\/eschringen.de\/wordpress\/event\/fronleichnam\/#primaryimage"},"thumbnailUrl":"https:\/\/i0.wp.com\/eschringen.de\/wordpress\/wp-content\/uploads\/2017\/05\/Kirche_termin.jpg?fit=50%2C50&ssl=1","datePublished":"2017-05-13T06:24:14+00:00","dateModified":"2017-05-13T06:37:46+00:00","breadcrumb":{"@id":"https:\/\/eschringen.de\/wordpress\/event\/fronleichnam\/#breadcrumb"},"inLanguage":"de","potentialAction":[{"@type":"ReadAction","target":["https:\/\/eschringen.de\/wordpress\/event\/fronleichnam\/"]}]},{"@type":"ImageObject","inLanguage":"de","@id":"https:\/\/eschringen.de\/wordpress\/event\/fronleichnam\/#primaryimage","url":"https:\/\/i0.wp.com\/eschringen.de\/wordpress\/wp-content\/uploads\/2017\/05\/Kirche_termin.jpg?fit=50%2C50&ssl=1","contentUrl":"https:\/\/i0.wp.com\/eschringen.de\/wordpress\/wp-content\/uploads\/2017\/05\/Kirche_termin.jpg?fit=50%2C50&ssl=1","width":50,"height":50},{"@type":"BreadcrumbList","@id":"https:\/\/eschringen.de\/wordpress\/event\/fronleichnam\/#breadcrumb","itemListElement":[{"@type":"ListItem","position":1,"name":"Startseite","item":"https:\/\/eschringen.de\/wordpress\/"},{"@type":"ListItem","position":2,"name":"Veranstaltungen","item":"https:\/\/eschringen.de\/wordpress\/events\/"},{"@type":"ListItem","position":3,"name":"Fronleichnam &#8211; ganz anders"}]},{"@type":"WebSite","@id":"https:\/\/eschringen.de\/wordpress\/#website","url":"https:\/\/eschringen.de\/wordpress\/","name":"Eschringen","description":"","publisher":{"@id":"https:\/\/eschringen.de\/wordpress\/#organization"},"potentialAction":[{"@type":"SearchAction","target":{"@type":"EntryPoint","urlTemplate":"https:\/\/eschringen.de\/wordpress\/?s={search_term_string}"},"query-input":{"@type":"PropertyValueSpecification","valueRequired":true,"valueName":"search_term_string"}}],"inLanguage":"de"},{"@type":"Organization","@id":"https:\/\/eschringen.de\/wordpress\/#organization","name":"Eschringen","url":"https:\/\/eschringen.de\/wordpress\/","logo":{"@type":"ImageObject","inLanguage":"de","@id":"https:\/\/eschringen.de\/wordpress\/#\/schema\/logo\/image\/","url":"https:\/\/eschringen.de\/wordpress\/wp-content\/uploads\/2017\/03\/2017_kw15.jpg","contentUrl":"https:\/\/eschringen.de\/wordpress\/wp-content\/uploads\/2017\/03\/2017_kw15.jpg","width":784,"height":447,"caption":"Eschringen"},"image":{"@id":"https:\/\/eschringen.de\/wordpress\/#\/schema\/logo\/image\/"}}]}},"jetpack_sharing_enabled":true,"_links":{"self":[{"href":"https:\/\/eschringen.de\/wordpress\/wp-json\/wp\/v2\/tribe_events\/1383","targetHints":{"allow":["GET"]}}],"collection":[{"href":"https:\/\/eschringen.de\/wordpress\/wp-json\/wp\/v2\/tribe_events"}],"about":[{"href":"https:\/\/eschringen.de\/wordpress\/wp-json\/wp\/v2\/types\/tribe_events"}],"author":[{"embeddable":true,"href":"https:\/\/eschringen.de\/wordpress\/wp-json\/wp\/v2\/users\/1"}],"version-history":[{"count":2,"href":"https:\/\/eschringen.de\/wordpress\/wp-json\/wp\/v2\/tribe_events\/1383\/revisions"}],"predecessor-version":[{"id":1388,"href":"https:\/\/eschringen.de\/wordpress\/wp-json\/wp\/v2\/tribe_events\/1383\/revisions\/1388"}],"wp:featuredmedia":[{"embeddable":true,"href":"https:\/\/eschringen.de\/wordpress\/wp-json\/wp\/v2\/media\/1387"}],"wp:attachment":[{"href":"https:\/\/eschringen.de\/wordpress\/wp-json\/wp\/v2\/media?parent=1383"}],"wp:term":[{"taxonomy":"post_tag","embeddable":true,"href":"https:\/\/eschringen.de\/wordpress\/wp-json\/wp\/v2\/tags?post=1383"},{"taxonomy":"tribe_events_cat","embeddable":true,"href":"https:\/\/eschringen.de\/wordpress\/wp-json\/wp\/v2\/tribe_events_cat?post=1383"}],"curies":[{"name":"wp","href":"https:\/\/api.w.org\/{rel}","templated":true}]}}

<p>Wie immer wollen wir auch dieses Jahr draussen inmitten der Gemeinde Fronleichnam feiern. Ganz anders werden wir das Fest am<b> Vorabend, Mittwoch, den 14. Juni um 19.00 Uhr</b> feiern. Grund dafür ist, dass Domkapitular Franz Vogelgesang dieses Jahr an der Fronleichnamsprozession in Speyer teilnehmen wird und nicht nach Eschringen kommen kann. Auch andere Pfarrer, die wir gefragt haben, sind schon in anderen Gemeinden verplant. Ganz anders werden wir den Gottesdienst auf der Kirchenwiese feiern und eine Miniprozession in die Kirche machen. Wie immer werden der Kirchenchor St. Laurentius und der Musikverein Lyra die Eucharistiefeier musikalisch gestalten. Wie immer wird der Abschlusssegen in der Kirche erteilt. Wie immer treffen wir uns im Anschluss zur Reunion auf dem Platz zwischen Pfarrhaus und Kirche. Wie immer werden gute Gespräche, Brezeln und Getränke die Gemeinschaft über den Gottesdienst hinaus erlebbar machen. Ganz anders gibt es dieses Jahr auch Rostwürstchen und Weck. Nach einem langen Tag soll niemand hungern. Wie immer findet die Messe bei schlechtem Wetter in der Kirche statt und die Prozession fällt aus. Wie immer freuen wir uns über jeden, der mit uns Fronleichnam im Gottesdienst und beim gemütlichen Beisammensein feiert. Herzlich willkommen!</p>

<p>Wie immer wollen wir auch dieses Jahr draussen inmitten der Gemeinde Fronleichnam feiern. Ganz anders werden wir das Fest am Vorabend, Mittwoch, den 14. Juni um 19.00 Uhr feiern. Grund dafür ist, dass Domkapitular Franz Vogelgesang dieses Jahr an der Fronleichnamsprozession in Speyer teilnehmen wird und nicht nach Eschringen kommen kann. Auch andere Pfarrer, die &#8230; <a title="Fronleichnam &#8211; ganz anders" class="read-more" href="https://eschringen.de/wordpress/event/fronleichnam/" aria-label="Mehr Informationen über Fronleichnam &#8211; ganz anders">Weiterlesen &#8230;</a></p>

<!-- This site is optimized with the Yoast SEO plugin v27.4 - https://yoast.com/product/yoast-seo-wordpress/ -->
<title>Fronleichnam - ganz anders - Eschringen</title>
<meta name="robots" content="index, follow, max-snippet:-1, max-image-preview:large, max-video-preview:-1" />
<link rel="canonical" href="https://eschringen.de/wordpress/event/fronleichnam/" />
<meta property="og:locale" content="de_DE" />
<meta property="og:type" content="article" />
<meta property="og:title" content="Fronleichnam - ganz anders - Eschringen" />
<meta property="og:description" content="Wie immer wollen wir auch dieses Jahr draussen inmitten der Gemeinde Fronleichnam feiern. Ganz anders werden wir das Fest am Vorabend, Mittwoch, den 14. Juni um 19.00 Uhr feiern. Grund dafür ist, dass Domkapitular Franz Vogelgesang dieses Jahr an der Fronleichnamsprozession in Speyer teilnehmen wird und nicht nach Eschringen kommen kann. Auch andere Pfarrer, die ... Weiterlesen ..." />
<meta property="og:url" content="https://eschringen.de/wordpress/event/fronleichnam/" />
<meta property="og:site_name" content="Eschringen" />
<meta property="article:modified_time" content="2017-05-13T06:37:46+00:00" />
<meta property="og:image" content="https://eschringen.de/wordpress/wp-content/uploads/2017/05/Kirche_termin.jpg" />
	<meta property="og:image:width" content="50" />
	<meta property="og:image:height" content="50" />
	<meta property="og:image:type" content="image/jpeg" />
<meta name="twitter:card" content="summary_large_image" />
<meta name="twitter:label1" content="Geschätzte Lesezeit" />
	<meta name="twitter:data1" content="1 Minute" />
<script type="application/ld+json" class="yoast-schema-graph">{"@context":"https:\/\/schema.org","@graph":[{"@type":"WebPage","@id":"https:\/\/eschringen.de\/wordpress\/event\/fronleichnam\/","url":"https:\/\/eschringen.de\/wordpress\/event\/fronleichnam\/","name":"Fronleichnam - ganz anders - Eschringen","isPartOf":{"@id":"https:\/\/eschringen.de\/wordpress\/#website"},"primaryImageOfPage":{"@id":"https:\/\/eschringen.de\/wordpress\/event\/fronleichnam\/#primaryimage"},"image":{"@id":"https:\/\/eschringen.de\/wordpress\/event\/fronleichnam\/#primaryimage"},"thumbnailUrl":"https:\/\/i0.wp.com\/eschringen.de\/wordpress\/wp-content\/uploads\/2017\/05\/Kirche_termin.jpg?fit=50%2C50&ssl=1","datePublished":"2017-05-13T06:24:14+00:00","dateModified":"2017-05-13T06:37:46+00:00","breadcrumb":{"@id":"https:\/\/eschringen.de\/wordpress\/event\/fronleichnam\/#breadcrumb"},"inLanguage":"de","potentialAction":[{"@type":"ReadAction","target":["https:\/\/eschringen.de\/wordpress\/event\/fronleichnam\/"]}]},{"@type":"ImageObject","inLanguage":"de","@id":"https:\/\/eschringen.de\/wordpress\/event\/fronleichnam\/#primaryimage","url":"https:\/\/i0.wp.com\/eschringen.de\/wordpress\/wp-content\/uploads\/2017\/05\/Kirche_termin.jpg?fit=50%2C50&ssl=1","contentUrl":"https:\/\/i0.wp.com\/eschringen.de\/wordpress\/wp-content\/uploads\/2017\/05\/Kirche_termin.jpg?fit=50%2C50&ssl=1","width":50,"height":50},{"@type":"BreadcrumbList","@id":"https:\/\/eschringen.de\/wordpress\/event\/fronleichnam\/#breadcrumb","itemListElement":[{"@type":"ListItem","position":1,"name":"Startseite","item":"https:\/\/eschringen.de\/wordpress\/"},{"@type":"ListItem","position":2,"name":"Veranstaltungen","item":"https:\/\/eschringen.de\/wordpress\/events\/"},{"@type":"ListItem","position":3,"name":"Fronleichnam &#8211; ganz anders"}]},{"@type":"WebSite","@id":"https:\/\/eschringen.de\/wordpress\/#website","url":"https:\/\/eschringen.de\/wordpress\/","name":"Eschringen","description":"","publisher":{"@id":"https:\/\/eschringen.de\/wordpress\/#organization"},"potentialAction":[{"@type":"SearchAction","target":{"@type":"EntryPoint","urlTemplate":"https:\/\/eschringen.de\/wordpress\/?s={search_term_string}"},"query-input":{"@type":"PropertyValueSpecification","valueRequired":true,"valueName":"search_term_string"}}],"inLanguage":"de"},{"@type":"Organization","@id":"https:\/\/eschringen.de\/wordpress\/#organization","name":"Eschringen","url":"https:\/\/eschringen.de\/wordpress\/","logo":{"@type":"ImageObject","inLanguage":"de","@id":"https:\/\/eschringen.de\/wordpress\/#\/schema\/logo\/image\/","url":"https:\/\/eschringen.de\/wordpress\/wp-content\/uploads\/2017\/03\/2017_kw15.jpg","contentUrl":"https:\/\/eschringen.de\/wordpress\/wp-content\/uploads\/2017\/03\/2017_kw15.jpg","width":784,"height":447,"caption":"Eschringen"},"image":{"@id":"https:\/\/eschringen.de\/wordpress\/#\/schema\/logo\/image\/"}}]}</script>
<!-- / Yoast SEO plugin. -->

Wie immer wollen wir auch dieses Jahr draussen inmitten der Gemeinde Fronleichnam feiern. Ganz anders werden wir das Fest am Vorabend, Mittwoch, den 14. Juni um 19.00 Uhr feiern. Grund dafür ist, dass Domkapitular Franz Vogelgesang dieses Jahr an der Fronleichnamsprozession in Speyer teilnehmen wird und nicht nach Eschringen kommen kann. Auch andere Pfarrer, die ... Weiterlesen ...
