{"id":970,"date":"2017-02-23T19:49:13","date_gmt":"2017-02-23T18:49:13","guid":{"rendered":"http:\/\/eschringen.de\/wordpress\/?page_id=970"},"modified":"2017-02-23T19:50:15","modified_gmt":"2017-02-23T18:50:15","slug":"21-06-02-unser-dorf-soll-schoener-werden","status":"publish","type":"page","link":"https:\/\/eschringen.de\/wordpress\/geschichte\/archiv\/21-06-02-unser-dorf-soll-schoener-werden\/","title":{"rendered":"21.06.02 &#8211; Unser Dorf soll sch\u00f6ner werden"},"content":{"rendered":"<div><strong>Fr\u00fchst\u00fcck am Maulbeerbaum <\/strong>(aus der Saarbr\u00fccker Zeitung v. 21.6.2002)<\/div>\n<div>&nbsp;<\/div>\n<div>&#8222;Unser Dorf soll sch\u00f6ner werden&#8220;: Ausgiebiger Rundgang mit der Experten-Kommission auf<\/div>\n<div>Stadtverbands-Ebene<\/div>\n<div>-Von ANDREAS LANG-<\/div>\n<div>&nbsp;<\/div>\n<div>Eschringen. Die Spannung unter den Mitgliedern der Arbeitsgemeinschaft der Eschringer Vereine (AGE)<\/div>\n<div>ist deutlich zu sp\u00fcren. Die Experten-Kommission des Stadtverbandes f\u00fcr den Bundeswettbewerb &#8222;Unser<\/div>\n<div>Dorf soll sch\u00f6ner werden-unser Dorf hat Zukunft&#8220; hat sich f\u00fcr Mittwochmorgen um 8 Uhr angek\u00fcndigt.<\/div>\n<div>P\u00fcnktlich ist die Jury am Gasthaus Zur Post versammelt und so geht es in Begleitung von Bezirksb\u00fcrgermeisterin Anette H\u00fcbinger los. Roland Schmitt, Gesch\u00e4ftsf\u00fchrer der AGE und Leiter der<\/div>\n<div>Geschichtswerkstatt Eschringen \u00fcbernimmt die F\u00fchrung der Gruppe. Mit dem Bus wird die Steigung zum\u00dcberwald erklommen. Von dort hat man den besten Blick auf den Ort. Um der Jury das Dorf in der<\/div>\n<div>Landschaft zu zeigen -dies ist eines der Bewertungspunkte &#8211; f\u00fchrt Roland Schmitt eine Gel\u00e4nde-&#8222;Taufe&#8220;<\/div>\n<div>durch. Dabei werden Orte und charakteristische Gel\u00e4ndepunkte beim Namen genannt, daher der Begriff<\/div>\n<div>Taufe.<\/div>\n<div>&nbsp;<\/div>\n<div>Der \u00dcberwald ist auch ein beliebtes Wanderziel, hier hat die Geschichtswerkstatt einen Grenzstein-Lehrpfad angelegt. Ein Eckstein, der einst die Grenze zwischen dem F\u00fcrstentum Nassau-Saarbr\u00fccken<\/div>\n<div>zeigte, steht direkt neben einem Stein, auf dem noch deutlich &#8222;KB&#8220; prangt. Er k\u00fcndet seit 1768 stolz vom<\/div>\n<div>K\u00f6niglich-Bayerischen Reich. Die Gruppe steigt wieder in den Bus. Auf der Fahrt zur Schule beteiligen<\/div>\n<div>sich auch Edgar Hartz, der Vorsitzende der AGE und Anette H\u00fcbinger daran, die Jury mit Informationen<\/div>\n<div>zu versorgen. N\u00e4chster Halt ist die Schule. Hier wieder ein Blick \u00fcber die Laurentius-Kirche auf den Ort.<\/div>\n<div>Hinter einem Brunnen wieder Geschichtstr\u00e4chtiges: Wo heute der Sportplatz ist, hatten einst die R\u00f6mer<\/div>\n<div>eine Villa Rustica, einen Gutsherrenhof, errichtet. Noch heute k\u00f6nne man dort, mit etwas Gl\u00fcck, antike<\/div>\n<div>Scherben finden, berichtet Schmitt. Auf dem Weg zur Kirche ein exotisches Fr\u00fchst\u00fcck f\u00fcr die Jury. Ein f\u00fcr diese Gegend seltener Maulbeerbaum lockt mit reifen Fr\u00fcchten. Da auch die Gr\u00fcngestaltung und<\/div>\n<div>-entwicklung bewertet wird, zeigt sich die Jury an dem Baum interessiert und viele Mitglieder naschen von den s\u00fc\u00dfen Fr\u00fcchten.<\/div>\n<div>&nbsp;<\/div>\n<div>Stolz sind die Eschringer auch auf ihren Streuobstgarten rund um die Kirche. &#8222;Alles Obst von den<\/div>\n<div>B\u00e4umen wird verwertet&#8220;, erkl\u00e4rt Schmitt. &#8222;Das meiste wandert in die Konfit\u00fcren-Herstellung, aber auch<\/div>\n<div>das hochprozentige Laurentiuswasser schmeckt den Kennern.&#8220; Bei den Festen, die im Pfarrgarten<\/div>\n<div>stattfinden, erfreue man sich der schattigen B\u00e4ume, f\u00e4hrt er fort. Edgar Hartz: &#8222;Die B\u00e4ume bereiten uns<\/div>\n<div>jedoch nicht nur Freude. So waren sie schon so dicht gewachsen, dass sie den Blick vom Ehrendenkmal<\/div>\n<div>der Gefallenen auf die Kirche versperrten.&#8220; Deshalb habe man sie schonend zur\u00fcckgeschnitten. An der<\/div>\n<div>Bachaue entlang geht&#8217;s wieder Richtung Alte Post. Viel beachtet neben der beschaulichen Dorfwiese mit<\/div>\n<div>angrenzendem Spielplatz: ein sch\u00f6n angelegter Gartenteich in einem privaten Garten. \u00dcber die<\/div>\n<div>Hauptstra\u00dfe strebt die Gruppe auf die mittelalterliche Laurentiuskapelle zu. F\u00fcr Erheiterung sorgt eine<\/div>\n<div>Erz\u00e4hlung von Roland Schmitt: &#8222;Hier soll es zu Beginn des 18. Jahrhunderts einen wegen<\/div>\n<div>Frauengeschichten strafversetzten Pfarrer gegeben haben, der hat den urspr\u00fcnglichen Altar der Kapelle<\/div>\n<div>kurzerhand zu seinem Eigentum erkl\u00e4rt und bei seinem Ausscheiden mitgenommen.&#8220; Am<\/div>\n<div>Laurentiusbrunnen geht Schmitt auf das Verh\u00e4ltnis der Eschringer zu ihrem Schutzheiligen ein, der im Ort allgegenw\u00e4rtig ist. An den Seitenw\u00e4nden des Brunnensteins kann man Historisches und<\/div>\n<div>auch eine der Sagen \u00fcber den Heiligen Laurentius nachlesen. An der alten M\u00fchle nebenan verdeutlicht Schmitt die Erhaltung alter Bausubstanz, einem weiteren Kriterium der Jury. Dann wieder eine kleine Busfahrt. Durch die Halbergsiedlung und den Erlenhain wird der Bewertungspunkt Baugestaltung und<\/div>\n<div>-entwicklung bedient, bevor die Gruppe dann in der Alten Post einkehrt. Nat\u00fcrlich ist man froh \u00fcber die, bei diesen Temperaturen willkommenen Erfrischungen, doch der Besuch der Gastst\u00e4tte gilt auch der Vorstellung der \u00f6rtlichen Vereine, die hier Schautafeln hergerichtet haben. Auch die Eschringer Internetseite wird pr\u00e4sentiert (www.eschringen.de).<\/div>\n<div>&nbsp;<\/div>\n<div>Die Jury, die ja auch das soziale und kulturelle Leben im Ort bewertet, saugt diese Informationen auf. Wie im Flug ist die Zeit vergangen. Um zehn Uhr bricht die Jury auf, denn in einer Viertelstunde wollen die Bliesransbacher ihr Dorf vorstellen, und dann kommt Auersmacher dran. An den Tagen zuvor haben sie Wahlschied, Ober- und Niedersalbach, Lummerschied, Hilschbach und Karlsbrunn unter die Lupe<\/div>\n<div>genommen. Alle Orte warteten gespannt auf das Ergebnis. Der Sieger auf Stadtverbandsebene darf am<\/div>\n<div>Landeswettbewerb teilnehmen. Der Ort, der als Sieger hervorgeht, nimmt am Bundeswettbewerb teil.<\/div>\n<div id=\"outerContainer\">&nbsp;<\/div>\n","protected":false},"excerpt":{"rendered":"<p>Fr\u00fchst\u00fcck am Maulbeerbaum (aus der Saarbr\u00fccker Zeitung v. 21.6.2002) &nbsp; &#8222;Unser Dorf soll sch\u00f6ner werden&#8220;: Ausgiebiger Rundgang mit der Experten-Kommission auf Stadtverbands-Ebene -Von ANDREAS LANG- &nbsp; Eschringen. Die Spannung unter den Mitgliedern der Arbeitsgemeinschaft der Eschringer Vereine (AGE) ist deutlich zu sp\u00fcren. Die Experten-Kommission des Stadtverbandes f\u00fcr den Bundeswettbewerb &#8222;Unser Dorf soll sch\u00f6ner werden-unser Dorf &#8230; <a title=\"21.06.02 &#8211; Unser Dorf soll sch\u00f6ner werden\" class=\"read-more\" href=\"https:\/\/eschringen.de\/wordpress\/geschichte\/archiv\/21-06-02-unser-dorf-soll-schoener-werden\/\" aria-label=\"Mehr Informationen \u00fcber 21.06.02 &#8211; Unser Dorf soll sch\u00f6ner werden\">Weiterlesen &#8230;<\/a><\/p>\n","protected":false},"author":1,"featured_media":0,"parent":403,"menu_order":56,"comment_status":"closed","ping_status":"closed","template":"","meta":{"ngg_post_thumbnail":0,"footnotes":""},"class_list":["post-970","page","type-page","status-publish"],"yoast_head":"<!-- This site is optimized with the Yoast SEO plugin v27.4 - https:\/\/yoast.com\/product\/yoast-seo-wordpress\/ -->\n<title>21.06.02 - Unser Dorf soll sch\u00f6ner werden - Eschringen<\/title>\n<meta name=\"robots\" content=\"index, follow, max-snippet:-1, max-image-preview:large, max-video-preview:-1\" \/>\n<link rel=\"canonical\" href=\"https:\/\/eschringen.de\/wordpress\/geschichte\/archiv\/21-06-02-unser-dorf-soll-schoener-werden\/\" \/>\n<meta property=\"og:locale\" content=\"de_DE\" \/>\n<meta property=\"og:type\" content=\"article\" \/>\n<meta property=\"og:title\" content=\"21.06.02 - Unser Dorf soll sch\u00f6ner werden - Eschringen\" \/>\n<meta property=\"og:description\" content=\"Fr\u00fchst\u00fcck am Maulbeerbaum (aus der Saarbr\u00fccker Zeitung v. 21.6.2002) &nbsp; &#8222;Unser Dorf soll sch\u00f6ner werden&#8220;: Ausgiebiger Rundgang mit der Experten-Kommission auf Stadtverbands-Ebene -Von ANDREAS LANG- &nbsp; Eschringen. Die Spannung unter den Mitgliedern der Arbeitsgemeinschaft der Eschringer Vereine (AGE) ist deutlich zu sp\u00fcren. Die Experten-Kommission des Stadtverbandes f\u00fcr den Bundeswettbewerb &#8222;Unser Dorf soll sch\u00f6ner werden-unser Dorf ... Weiterlesen ...\" \/>\n<meta property=\"og:url\" content=\"https:\/\/eschringen.de\/wordpress\/geschichte\/archiv\/21-06-02-unser-dorf-soll-schoener-werden\/\" \/>\n<meta property=\"og:site_name\" content=\"Eschringen\" \/>\n<meta property=\"article:modified_time\" content=\"2017-02-23T18:50:15+00:00\" \/>\n<meta name=\"twitter:card\" content=\"summary_large_image\" \/>\n<meta name=\"twitter:label1\" content=\"Gesch\u00e4tzte Lesezeit\" \/>\n\t<meta name=\"twitter:data1\" content=\"4\u00a0Minuten\" \/>\n<script type=\"application\/ld+json\" class=\"yoast-schema-graph\">{\"@context\":\"https:\\\/\\\/schema.org\",\"@graph\":[{\"@type\":\"WebPage\",\"@id\":\"https:\\\/\\\/eschringen.de\\\/wordpress\\\/geschichte\\\/archiv\\\/21-06-02-unser-dorf-soll-schoener-werden\\\/\",\"url\":\"https:\\\/\\\/eschringen.de\\\/wordpress\\\/geschichte\\\/archiv\\\/21-06-02-unser-dorf-soll-schoener-werden\\\/\",\"name\":\"21.06.02 - Unser Dorf soll sch\u00f6ner werden - Eschringen\",\"isPartOf\":{\"@id\":\"https:\\\/\\\/eschringen.de\\\/wordpress\\\/#website\"},\"datePublished\":\"2017-02-23T18:49:13+00:00\",\"dateModified\":\"2017-02-23T18:50:15+00:00\",\"breadcrumb\":{\"@id\":\"https:\\\/\\\/eschringen.de\\\/wordpress\\\/geschichte\\\/archiv\\\/21-06-02-unser-dorf-soll-schoener-werden\\\/#breadcrumb\"},\"inLanguage\":\"de\",\"potentialAction\":[{\"@type\":\"ReadAction\",\"target\":[\"https:\\\/\\\/eschringen.de\\\/wordpress\\\/geschichte\\\/archiv\\\/21-06-02-unser-dorf-soll-schoener-werden\\\/\"]}]},{\"@type\":\"BreadcrumbList\",\"@id\":\"https:\\\/\\\/eschringen.de\\\/wordpress\\\/geschichte\\\/archiv\\\/21-06-02-unser-dorf-soll-schoener-werden\\\/#breadcrumb\",\"itemListElement\":[{\"@type\":\"ListItem\",\"position\":1,\"name\":\"Startseite\",\"item\":\"https:\\\/\\\/eschringen.de\\\/wordpress\\\/\"},{\"@type\":\"ListItem\",\"position\":2,\"name\":\"Geschichte\",\"item\":\"https:\\\/\\\/eschringen.de\\\/wordpress\\\/geschichte\\\/\"},{\"@type\":\"ListItem\",\"position\":3,\"name\":\"Archiv\",\"item\":\"https:\\\/\\\/eschringen.de\\\/wordpress\\\/geschichte\\\/archiv\\\/\"},{\"@type\":\"ListItem\",\"position\":4,\"name\":\"21.06.02 &#8211; Unser Dorf soll sch\u00f6ner werden\"}]},{\"@type\":\"WebSite\",\"@id\":\"https:\\\/\\\/eschringen.de\\\/wordpress\\\/#website\",\"url\":\"https:\\\/\\\/eschringen.de\\\/wordpress\\\/\",\"name\":\"Eschringen\",\"description\":\"\",\"publisher\":{\"@id\":\"https:\\\/\\\/eschringen.de\\\/wordpress\\\/#organization\"},\"potentialAction\":[{\"@type\":\"SearchAction\",\"target\":{\"@type\":\"EntryPoint\",\"urlTemplate\":\"https:\\\/\\\/eschringen.de\\\/wordpress\\\/?s={search_term_string}\"},\"query-input\":{\"@type\":\"PropertyValueSpecification\",\"valueRequired\":true,\"valueName\":\"search_term_string\"}}],\"inLanguage\":\"de\"},{\"@type\":\"Organization\",\"@id\":\"https:\\\/\\\/eschringen.de\\\/wordpress\\\/#organization\",\"name\":\"Eschringen\",\"url\":\"https:\\\/\\\/eschringen.de\\\/wordpress\\\/\",\"logo\":{\"@type\":\"ImageObject\",\"inLanguage\":\"de\",\"@id\":\"https:\\\/\\\/eschringen.de\\\/wordpress\\\/#\\\/schema\\\/logo\\\/image\\\/\",\"url\":\"https:\\\/\\\/eschringen.de\\\/wordpress\\\/wp-content\\\/uploads\\\/2017\\\/03\\\/2017_kw15.jpg\",\"contentUrl\":\"https:\\\/\\\/eschringen.de\\\/wordpress\\\/wp-content\\\/uploads\\\/2017\\\/03\\\/2017_kw15.jpg\",\"width\":784,\"height\":447,\"caption\":\"Eschringen\"},\"image\":{\"@id\":\"https:\\\/\\\/eschringen.de\\\/wordpress\\\/#\\\/schema\\\/logo\\\/image\\\/\"}}]}<\/script>\n<!-- \/ Yoast SEO plugin. -->","yoast_head_json":{"title":"21.06.02 - Unser Dorf soll sch\u00f6ner werden - Eschringen","robots":{"index":"index","follow":"follow","max-snippet":"max-snippet:-1","max-image-preview":"max-image-preview:large","max-video-preview":"max-video-preview:-1"},"canonical":"https:\/\/eschringen.de\/wordpress\/geschichte\/archiv\/21-06-02-unser-dorf-soll-schoener-werden\/","og_locale":"de_DE","og_type":"article","og_title":"21.06.02 - Unser Dorf soll sch\u00f6ner werden - Eschringen","og_description":"Fr\u00fchst\u00fcck am Maulbeerbaum (aus der Saarbr\u00fccker Zeitung v. 21.6.2002) &nbsp; &#8222;Unser Dorf soll sch\u00f6ner werden&#8220;: Ausgiebiger Rundgang mit der Experten-Kommission auf Stadtverbands-Ebene -Von ANDREAS LANG- &nbsp; Eschringen. Die Spannung unter den Mitgliedern der Arbeitsgemeinschaft der Eschringer Vereine (AGE) ist deutlich zu sp\u00fcren. Die Experten-Kommission des Stadtverbandes f\u00fcr den Bundeswettbewerb &#8222;Unser Dorf soll sch\u00f6ner werden-unser Dorf ... Weiterlesen ...","og_url":"https:\/\/eschringen.de\/wordpress\/geschichte\/archiv\/21-06-02-unser-dorf-soll-schoener-werden\/","og_site_name":"Eschringen","article_modified_time":"2017-02-23T18:50:15+00:00","twitter_card":"summary_large_image","twitter_misc":{"Gesch\u00e4tzte Lesezeit":"4\u00a0Minuten"},"schema":{"@context":"https:\/\/schema.org","@graph":[{"@type":"WebPage","@id":"https:\/\/eschringen.de\/wordpress\/geschichte\/archiv\/21-06-02-unser-dorf-soll-schoener-werden\/","url":"https:\/\/eschringen.de\/wordpress\/geschichte\/archiv\/21-06-02-unser-dorf-soll-schoener-werden\/","name":"21.06.02 - Unser Dorf soll sch\u00f6ner werden - Eschringen","isPartOf":{"@id":"https:\/\/eschringen.de\/wordpress\/#website"},"datePublished":"2017-02-23T18:49:13+00:00","dateModified":"2017-02-23T18:50:15+00:00","breadcrumb":{"@id":"https:\/\/eschringen.de\/wordpress\/geschichte\/archiv\/21-06-02-unser-dorf-soll-schoener-werden\/#breadcrumb"},"inLanguage":"de","potentialAction":[{"@type":"ReadAction","target":["https:\/\/eschringen.de\/wordpress\/geschichte\/archiv\/21-06-02-unser-dorf-soll-schoener-werden\/"]}]},{"@type":"BreadcrumbList","@id":"https:\/\/eschringen.de\/wordpress\/geschichte\/archiv\/21-06-02-unser-dorf-soll-schoener-werden\/#breadcrumb","itemListElement":[{"@type":"ListItem","position":1,"name":"Startseite","item":"https:\/\/eschringen.de\/wordpress\/"},{"@type":"ListItem","position":2,"name":"Geschichte","item":"https:\/\/eschringen.de\/wordpress\/geschichte\/"},{"@type":"ListItem","position":3,"name":"Archiv","item":"https:\/\/eschringen.de\/wordpress\/geschichte\/archiv\/"},{"@type":"ListItem","position":4,"name":"21.06.02 &#8211; Unser Dorf soll sch\u00f6ner werden"}]},{"@type":"WebSite","@id":"https:\/\/eschringen.de\/wordpress\/#website","url":"https:\/\/eschringen.de\/wordpress\/","name":"Eschringen","description":"","publisher":{"@id":"https:\/\/eschringen.de\/wordpress\/#organization"},"potentialAction":[{"@type":"SearchAction","target":{"@type":"EntryPoint","urlTemplate":"https:\/\/eschringen.de\/wordpress\/?s={search_term_string}"},"query-input":{"@type":"PropertyValueSpecification","valueRequired":true,"valueName":"search_term_string"}}],"inLanguage":"de"},{"@type":"Organization","@id":"https:\/\/eschringen.de\/wordpress\/#organization","name":"Eschringen","url":"https:\/\/eschringen.de\/wordpress\/","logo":{"@type":"ImageObject","inLanguage":"de","@id":"https:\/\/eschringen.de\/wordpress\/#\/schema\/logo\/image\/","url":"https:\/\/eschringen.de\/wordpress\/wp-content\/uploads\/2017\/03\/2017_kw15.jpg","contentUrl":"https:\/\/eschringen.de\/wordpress\/wp-content\/uploads\/2017\/03\/2017_kw15.jpg","width":784,"height":447,"caption":"Eschringen"},"image":{"@id":"https:\/\/eschringen.de\/wordpress\/#\/schema\/logo\/image\/"}}]}},"jetpack_sharing_enabled":true,"_links":{"self":[{"href":"https:\/\/eschringen.de\/wordpress\/wp-json\/wp\/v2\/pages\/970","targetHints":{"allow":["GET"]}}],"collection":[{"href":"https:\/\/eschringen.de\/wordpress\/wp-json\/wp\/v2\/pages"}],"about":[{"href":"https:\/\/eschringen.de\/wordpress\/wp-json\/wp\/v2\/types\/page"}],"author":[{"embeddable":true,"href":"https:\/\/eschringen.de\/wordpress\/wp-json\/wp\/v2\/users\/1"}],"replies":[{"embeddable":true,"href":"https:\/\/eschringen.de\/wordpress\/wp-json\/wp\/v2\/comments?post=970"}],"version-history":[{"count":1,"href":"https:\/\/eschringen.de\/wordpress\/wp-json\/wp\/v2\/pages\/970\/revisions"}],"predecessor-version":[{"id":971,"href":"https:\/\/eschringen.de\/wordpress\/wp-json\/wp\/v2\/pages\/970\/revisions\/971"}],"up":[{"embeddable":true,"href":"https:\/\/eschringen.de\/wordpress\/wp-json\/wp\/v2\/pages\/403"}],"wp:attachment":[{"href":"https:\/\/eschringen.de\/wordpress\/wp-json\/wp\/v2\/media?parent=970"}],"curies":[{"name":"wp","href":"https:\/\/api.w.org\/{rel}","templated":true}]}}