{"id":963,"date":"2017-02-23T19:11:30","date_gmt":"2017-02-23T18:11:30","guid":{"rendered":"http:\/\/eschringen.de\/wordpress\/?page_id=963"},"modified":"2024-11-28T21:06:48","modified_gmt":"2024-11-28T20:06:48","slug":"23-05-03-einweihung-des-eschringer-grenzsteinlehrpfades","status":"publish","type":"page","link":"https:\/\/eschringen.de\/wordpress\/geschichte\/archiv\/23-05-03-einweihung-des-eschringer-grenzsteinlehrpfades\/","title":{"rendered":"23.05.2003 &#8211; Einweihung des Eschringer Grenzsteinlehrpfades"},"content":{"rendered":"<div class=\"wp-block-image\">\n<figure class=\"alignright\"><img data-recalc-dims=\"1\" decoding=\"async\" src=\"https:\/\/i0.wp.com\/eschringen.de\/wordpress\/wp-content\/uploads\/2024\/11\/einweihung.jpg?w=1200&#038;ssl=1\" alt=\"\"\/><\/figure>\n<\/div>\n\n\n<p> Nach regnerischen Tagen war Petrus schlie\u00dflich doch gn\u00e4dig gesinnt: Anl\u00e4sslich der offiziellen Einweihung des &#8222;Eschringer Grenzsteinlehrpfades&#8220; blieb es am Freitag, den 23. Mai 2003, am Grenzsteinmonument (Gr\u00e4finthaler Weg\/\u00dcberwald) trocken; zeitweise schien gar die Sonne. Neben den Helfern der federf\u00fchrenden Geschichtswerkstatt und der AG Eschringer Vereine e.V. hatten sich Bezirksb\u00fcrgermeisterin Anette H\u00fcbinger, Bezirksratsmitglied Alfons Schweitzer, Sch\u00fclerInnen der Grundschule Eschringen mit Rektorin Magda Breuer sowie interessierte G\u00e4ste aus nah und fern zur Er\u00f6ffnung eingefunden.<\/p>\n\n\n\n<p>Roland Schmitt, Leiter der Geschichtswerkstatt, erl\u00e4uterte nach der Begr\u00fc\u00dfung Sinn und Zweck des Lehrpfades, verwies dabei auf die soeben erschienene Info- Brosch\u00fcre. Der Eschringer Grenzsteinlehrpfad wolle &#8222;vor Ort&#8220; \u00fcber die ehemaligen Herrschaftsverh\u00e4ltnisse und den Verlauf alter bzw. noch g\u00fcltiger Grenzen informieren. Entlang des Lehrpfades seien an B\u00e4umen kleine Hinweisschilder zum jeweiligen Standort der oft versteckten Grenzsteine angebracht.<\/p>\n\n\n\n<p>Bezirksb\u00fcrgermeisterin H\u00fcbinger bedankte sich (ebenfalls) bei den Initiatoren und Helfern f\u00fcr ihr Engagement. Sie und auch AG-Vorsitzender Edgar Hartz betonten, dass mit dem Grenzsteinmonument (nebst Lehrpfad) ein sch\u00f6ner und informativer Ruhepunkt auf dem Wanderweg nach Gr\u00e4finthal geschaffen worden sei.<\/p>\n\n\n\n<p>Roland Schmitt ging zum Abschluss mit Sch\u00fclern und G\u00e4sten den Grenzweg ab und wies darauf hin, dass auch auf der Eschringer Homepage eine entsprechende Infoseite eingerichtet werde.<\/p>\n\n\n\n<p><a href=\"http:\/\/eschringen.de\/wordpress\/geschichte\/eschringer-hefte\/\">Weitere Informationen zu den Eschringer Heften<\/a><\/p>\n","protected":false},"excerpt":{"rendered":"<p>Nach regnerischen Tagen war Petrus schlie\u00dflich doch gn\u00e4dig gesinnt: Anl\u00e4sslich der offiziellen Einweihung des &#8222;Eschringer Grenzsteinlehrpfades&#8220; blieb es am Freitag, den 23. Mai 2003, am Grenzsteinmonument (Gr\u00e4finthaler Weg\/\u00dcberwald) trocken; zeitweise schien gar die Sonne. Neben den Helfern der federf\u00fchrenden Geschichtswerkstatt und der AG Eschringer Vereine e.V. hatten sich Bezirksb\u00fcrgermeisterin Anette H\u00fcbinger, Bezirksratsmitglied Alfons Schweitzer, Sch\u00fclerInnen &#8230; <a title=\"23.05.2003 &#8211; Einweihung des Eschringer Grenzsteinlehrpfades\" class=\"read-more\" href=\"https:\/\/eschringen.de\/wordpress\/geschichte\/archiv\/23-05-03-einweihung-des-eschringer-grenzsteinlehrpfades\/\" aria-label=\"Mehr Informationen \u00fcber 23.05.2003 &#8211; Einweihung des Eschringer Grenzsteinlehrpfades\">Weiterlesen &#8230;<\/a><\/p>\n","protected":false},"author":1,"featured_media":0,"parent":403,"menu_order":53,"comment_status":"closed","ping_status":"closed","template":"","meta":{"ngg_post_thumbnail":0,"footnotes":""},"class_list":["post-963","page","type-page","status-publish"],"yoast_head":"<!-- This site is optimized with the Yoast SEO plugin v27.4 - https:\/\/yoast.com\/product\/yoast-seo-wordpress\/ -->\n<title>23.05.2003 - Einweihung des Eschringer Grenzsteinlehrpfades - Eschringen<\/title>\n<meta name=\"robots\" content=\"index, follow, max-snippet:-1, max-image-preview:large, max-video-preview:-1\" \/>\n<link rel=\"canonical\" href=\"https:\/\/eschringen.de\/wordpress\/geschichte\/archiv\/23-05-03-einweihung-des-eschringer-grenzsteinlehrpfades\/\" \/>\n<meta property=\"og:locale\" content=\"de_DE\" \/>\n<meta property=\"og:type\" content=\"article\" \/>\n<meta property=\"og:title\" content=\"23.05.2003 - Einweihung des Eschringer Grenzsteinlehrpfades - Eschringen\" \/>\n<meta property=\"og:description\" content=\"Nach regnerischen Tagen war Petrus schlie\u00dflich doch gn\u00e4dig gesinnt: Anl\u00e4sslich der offiziellen Einweihung des &#8222;Eschringer Grenzsteinlehrpfades&#8220; blieb es am Freitag, den 23. Mai 2003, am Grenzsteinmonument (Gr\u00e4finthaler Weg\/\u00dcberwald) trocken; zeitweise schien gar die Sonne. Neben den Helfern der federf\u00fchrenden Geschichtswerkstatt und der AG Eschringer Vereine e.V. hatten sich Bezirksb\u00fcrgermeisterin Anette H\u00fcbinger, Bezirksratsmitglied Alfons Schweitzer, Sch\u00fclerInnen ... Weiterlesen ...\" \/>\n<meta property=\"og:url\" content=\"https:\/\/eschringen.de\/wordpress\/geschichte\/archiv\/23-05-03-einweihung-des-eschringer-grenzsteinlehrpfades\/\" \/>\n<meta property=\"og:site_name\" content=\"Eschringen\" \/>\n<meta property=\"article:modified_time\" content=\"2024-11-28T20:06:48+00:00\" \/>\n<meta property=\"og:image\" content=\"https:\/\/eschringen.de\/wordpress\/wp-content\/uploads\/2024\/11\/einweihung.jpg\" \/>\n<meta name=\"twitter:card\" content=\"summary_large_image\" \/>\n<meta name=\"twitter:label1\" content=\"Gesch\u00e4tzte Lesezeit\" \/>\n\t<meta name=\"twitter:data1\" content=\"2\u00a0Minuten\" \/>\n<script type=\"application\/ld+json\" class=\"yoast-schema-graph\">{\"@context\":\"https:\\\/\\\/schema.org\",\"@graph\":[{\"@type\":\"WebPage\",\"@id\":\"https:\\\/\\\/eschringen.de\\\/wordpress\\\/geschichte\\\/archiv\\\/23-05-03-einweihung-des-eschringer-grenzsteinlehrpfades\\\/\",\"url\":\"https:\\\/\\\/eschringen.de\\\/wordpress\\\/geschichte\\\/archiv\\\/23-05-03-einweihung-des-eschringer-grenzsteinlehrpfades\\\/\",\"name\":\"23.05.2003 - Einweihung des Eschringer Grenzsteinlehrpfades - Eschringen\",\"isPartOf\":{\"@id\":\"https:\\\/\\\/eschringen.de\\\/wordpress\\\/#website\"},\"primaryImageOfPage\":{\"@id\":\"https:\\\/\\\/eschringen.de\\\/wordpress\\\/geschichte\\\/archiv\\\/23-05-03-einweihung-des-eschringer-grenzsteinlehrpfades\\\/#primaryimage\"},\"image\":{\"@id\":\"https:\\\/\\\/eschringen.de\\\/wordpress\\\/geschichte\\\/archiv\\\/23-05-03-einweihung-des-eschringer-grenzsteinlehrpfades\\\/#primaryimage\"},\"thumbnailUrl\":\"https:\\\/\\\/eschringen.de\\\/wordpress\\\/wp-content\\\/uploads\\\/2024\\\/11\\\/einweihung.jpg\",\"datePublished\":\"2017-02-23T18:11:30+00:00\",\"dateModified\":\"2024-11-28T20:06:48+00:00\",\"breadcrumb\":{\"@id\":\"https:\\\/\\\/eschringen.de\\\/wordpress\\\/geschichte\\\/archiv\\\/23-05-03-einweihung-des-eschringer-grenzsteinlehrpfades\\\/#breadcrumb\"},\"inLanguage\":\"de\",\"potentialAction\":[{\"@type\":\"ReadAction\",\"target\":[\"https:\\\/\\\/eschringen.de\\\/wordpress\\\/geschichte\\\/archiv\\\/23-05-03-einweihung-des-eschringer-grenzsteinlehrpfades\\\/\"]}]},{\"@type\":\"ImageObject\",\"inLanguage\":\"de\",\"@id\":\"https:\\\/\\\/eschringen.de\\\/wordpress\\\/geschichte\\\/archiv\\\/23-05-03-einweihung-des-eschringer-grenzsteinlehrpfades\\\/#primaryimage\",\"url\":\"https:\\\/\\\/i0.wp.com\\\/eschringen.de\\\/wordpress\\\/wp-content\\\/uploads\\\/2024\\\/11\\\/einweihung.jpg?fit=300%2C225&ssl=1\",\"contentUrl\":\"https:\\\/\\\/i0.wp.com\\\/eschringen.de\\\/wordpress\\\/wp-content\\\/uploads\\\/2024\\\/11\\\/einweihung.jpg?fit=300%2C225&ssl=1\",\"width\":300,\"height\":225},{\"@type\":\"BreadcrumbList\",\"@id\":\"https:\\\/\\\/eschringen.de\\\/wordpress\\\/geschichte\\\/archiv\\\/23-05-03-einweihung-des-eschringer-grenzsteinlehrpfades\\\/#breadcrumb\",\"itemListElement\":[{\"@type\":\"ListItem\",\"position\":1,\"name\":\"Startseite\",\"item\":\"https:\\\/\\\/eschringen.de\\\/wordpress\\\/\"},{\"@type\":\"ListItem\",\"position\":2,\"name\":\"Geschichte\",\"item\":\"https:\\\/\\\/eschringen.de\\\/wordpress\\\/geschichte\\\/\"},{\"@type\":\"ListItem\",\"position\":3,\"name\":\"Archiv\",\"item\":\"https:\\\/\\\/eschringen.de\\\/wordpress\\\/geschichte\\\/archiv\\\/\"},{\"@type\":\"ListItem\",\"position\":4,\"name\":\"23.05.2003 &#8211; Einweihung des Eschringer Grenzsteinlehrpfades\"}]},{\"@type\":\"WebSite\",\"@id\":\"https:\\\/\\\/eschringen.de\\\/wordpress\\\/#website\",\"url\":\"https:\\\/\\\/eschringen.de\\\/wordpress\\\/\",\"name\":\"Eschringen\",\"description\":\"\",\"publisher\":{\"@id\":\"https:\\\/\\\/eschringen.de\\\/wordpress\\\/#organization\"},\"potentialAction\":[{\"@type\":\"SearchAction\",\"target\":{\"@type\":\"EntryPoint\",\"urlTemplate\":\"https:\\\/\\\/eschringen.de\\\/wordpress\\\/?s={search_term_string}\"},\"query-input\":{\"@type\":\"PropertyValueSpecification\",\"valueRequired\":true,\"valueName\":\"search_term_string\"}}],\"inLanguage\":\"de\"},{\"@type\":\"Organization\",\"@id\":\"https:\\\/\\\/eschringen.de\\\/wordpress\\\/#organization\",\"name\":\"Eschringen\",\"url\":\"https:\\\/\\\/eschringen.de\\\/wordpress\\\/\",\"logo\":{\"@type\":\"ImageObject\",\"inLanguage\":\"de\",\"@id\":\"https:\\\/\\\/eschringen.de\\\/wordpress\\\/#\\\/schema\\\/logo\\\/image\\\/\",\"url\":\"https:\\\/\\\/eschringen.de\\\/wordpress\\\/wp-content\\\/uploads\\\/2017\\\/03\\\/2017_kw15.jpg\",\"contentUrl\":\"https:\\\/\\\/eschringen.de\\\/wordpress\\\/wp-content\\\/uploads\\\/2017\\\/03\\\/2017_kw15.jpg\",\"width\":784,\"height\":447,\"caption\":\"Eschringen\"},\"image\":{\"@id\":\"https:\\\/\\\/eschringen.de\\\/wordpress\\\/#\\\/schema\\\/logo\\\/image\\\/\"}}]}<\/script>\n<!-- \/ Yoast SEO plugin. -->","yoast_head_json":{"title":"23.05.2003 - Einweihung des Eschringer Grenzsteinlehrpfades - Eschringen","robots":{"index":"index","follow":"follow","max-snippet":"max-snippet:-1","max-image-preview":"max-image-preview:large","max-video-preview":"max-video-preview:-1"},"canonical":"https:\/\/eschringen.de\/wordpress\/geschichte\/archiv\/23-05-03-einweihung-des-eschringer-grenzsteinlehrpfades\/","og_locale":"de_DE","og_type":"article","og_title":"23.05.2003 - Einweihung des Eschringer Grenzsteinlehrpfades - Eschringen","og_description":"Nach regnerischen Tagen war Petrus schlie\u00dflich doch gn\u00e4dig gesinnt: Anl\u00e4sslich der offiziellen Einweihung des &#8222;Eschringer Grenzsteinlehrpfades&#8220; blieb es am Freitag, den 23. Mai 2003, am Grenzsteinmonument (Gr\u00e4finthaler Weg\/\u00dcberwald) trocken; zeitweise schien gar die Sonne. Neben den Helfern der federf\u00fchrenden Geschichtswerkstatt und der AG Eschringer Vereine e.V. hatten sich Bezirksb\u00fcrgermeisterin Anette H\u00fcbinger, Bezirksratsmitglied Alfons Schweitzer, Sch\u00fclerInnen ... Weiterlesen ...","og_url":"https:\/\/eschringen.de\/wordpress\/geschichte\/archiv\/23-05-03-einweihung-des-eschringer-grenzsteinlehrpfades\/","og_site_name":"Eschringen","article_modified_time":"2024-11-28T20:06:48+00:00","og_image":[{"url":"https:\/\/eschringen.de\/wordpress\/wp-content\/uploads\/2024\/11\/einweihung.jpg","type":"","width":"","height":""}],"twitter_card":"summary_large_image","twitter_misc":{"Gesch\u00e4tzte Lesezeit":"2\u00a0Minuten"},"schema":{"@context":"https:\/\/schema.org","@graph":[{"@type":"WebPage","@id":"https:\/\/eschringen.de\/wordpress\/geschichte\/archiv\/23-05-03-einweihung-des-eschringer-grenzsteinlehrpfades\/","url":"https:\/\/eschringen.de\/wordpress\/geschichte\/archiv\/23-05-03-einweihung-des-eschringer-grenzsteinlehrpfades\/","name":"23.05.2003 - Einweihung des Eschringer Grenzsteinlehrpfades - Eschringen","isPartOf":{"@id":"https:\/\/eschringen.de\/wordpress\/#website"},"primaryImageOfPage":{"@id":"https:\/\/eschringen.de\/wordpress\/geschichte\/archiv\/23-05-03-einweihung-des-eschringer-grenzsteinlehrpfades\/#primaryimage"},"image":{"@id":"https:\/\/eschringen.de\/wordpress\/geschichte\/archiv\/23-05-03-einweihung-des-eschringer-grenzsteinlehrpfades\/#primaryimage"},"thumbnailUrl":"https:\/\/eschringen.de\/wordpress\/wp-content\/uploads\/2024\/11\/einweihung.jpg","datePublished":"2017-02-23T18:11:30+00:00","dateModified":"2024-11-28T20:06:48+00:00","breadcrumb":{"@id":"https:\/\/eschringen.de\/wordpress\/geschichte\/archiv\/23-05-03-einweihung-des-eschringer-grenzsteinlehrpfades\/#breadcrumb"},"inLanguage":"de","potentialAction":[{"@type":"ReadAction","target":["https:\/\/eschringen.de\/wordpress\/geschichte\/archiv\/23-05-03-einweihung-des-eschringer-grenzsteinlehrpfades\/"]}]},{"@type":"ImageObject","inLanguage":"de","@id":"https:\/\/eschringen.de\/wordpress\/geschichte\/archiv\/23-05-03-einweihung-des-eschringer-grenzsteinlehrpfades\/#primaryimage","url":"https:\/\/i0.wp.com\/eschringen.de\/wordpress\/wp-content\/uploads\/2024\/11\/einweihung.jpg?fit=300%2C225&ssl=1","contentUrl":"https:\/\/i0.wp.com\/eschringen.de\/wordpress\/wp-content\/uploads\/2024\/11\/einweihung.jpg?fit=300%2C225&ssl=1","width":300,"height":225},{"@type":"BreadcrumbList","@id":"https:\/\/eschringen.de\/wordpress\/geschichte\/archiv\/23-05-03-einweihung-des-eschringer-grenzsteinlehrpfades\/#breadcrumb","itemListElement":[{"@type":"ListItem","position":1,"name":"Startseite","item":"https:\/\/eschringen.de\/wordpress\/"},{"@type":"ListItem","position":2,"name":"Geschichte","item":"https:\/\/eschringen.de\/wordpress\/geschichte\/"},{"@type":"ListItem","position":3,"name":"Archiv","item":"https:\/\/eschringen.de\/wordpress\/geschichte\/archiv\/"},{"@type":"ListItem","position":4,"name":"23.05.2003 &#8211; Einweihung des Eschringer Grenzsteinlehrpfades"}]},{"@type":"WebSite","@id":"https:\/\/eschringen.de\/wordpress\/#website","url":"https:\/\/eschringen.de\/wordpress\/","name":"Eschringen","description":"","publisher":{"@id":"https:\/\/eschringen.de\/wordpress\/#organization"},"potentialAction":[{"@type":"SearchAction","target":{"@type":"EntryPoint","urlTemplate":"https:\/\/eschringen.de\/wordpress\/?s={search_term_string}"},"query-input":{"@type":"PropertyValueSpecification","valueRequired":true,"valueName":"search_term_string"}}],"inLanguage":"de"},{"@type":"Organization","@id":"https:\/\/eschringen.de\/wordpress\/#organization","name":"Eschringen","url":"https:\/\/eschringen.de\/wordpress\/","logo":{"@type":"ImageObject","inLanguage":"de","@id":"https:\/\/eschringen.de\/wordpress\/#\/schema\/logo\/image\/","url":"https:\/\/eschringen.de\/wordpress\/wp-content\/uploads\/2017\/03\/2017_kw15.jpg","contentUrl":"https:\/\/eschringen.de\/wordpress\/wp-content\/uploads\/2017\/03\/2017_kw15.jpg","width":784,"height":447,"caption":"Eschringen"},"image":{"@id":"https:\/\/eschringen.de\/wordpress\/#\/schema\/logo\/image\/"}}]}},"jetpack_sharing_enabled":true,"_links":{"self":[{"href":"https:\/\/eschringen.de\/wordpress\/wp-json\/wp\/v2\/pages\/963","targetHints":{"allow":["GET"]}}],"collection":[{"href":"https:\/\/eschringen.de\/wordpress\/wp-json\/wp\/v2\/pages"}],"about":[{"href":"https:\/\/eschringen.de\/wordpress\/wp-json\/wp\/v2\/types\/page"}],"author":[{"embeddable":true,"href":"https:\/\/eschringen.de\/wordpress\/wp-json\/wp\/v2\/users\/1"}],"replies":[{"embeddable":true,"href":"https:\/\/eschringen.de\/wordpress\/wp-json\/wp\/v2\/comments?post=963"}],"version-history":[{"count":2,"href":"https:\/\/eschringen.de\/wordpress\/wp-json\/wp\/v2\/pages\/963\/revisions"}],"predecessor-version":[{"id":4984,"href":"https:\/\/eschringen.de\/wordpress\/wp-json\/wp\/v2\/pages\/963\/revisions\/4984"}],"up":[{"embeddable":true,"href":"https:\/\/eschringen.de\/wordpress\/wp-json\/wp\/v2\/pages\/403"}],"wp:attachment":[{"href":"https:\/\/eschringen.de\/wordpress\/wp-json\/wp\/v2\/media?parent=963"}],"curies":[{"name":"wp","href":"https:\/\/api.w.org\/{rel}","templated":true}]}}