{"id":882,"date":"2017-02-20T18:24:24","date_gmt":"2017-02-20T17:24:24","guid":{"rendered":"http:\/\/eschringen.de\/wordpress\/?page_id=882"},"modified":"2024-11-28T13:26:40","modified_gmt":"2024-11-28T12:26:40","slug":"21-05-05-exkursion-der-geschichtswerkstatt-in-die-pfalz","status":"publish","type":"page","link":"https:\/\/eschringen.de\/wordpress\/geschichte\/archiv\/21-05-05-exkursion-der-geschichtswerkstatt-in-die-pfalz\/","title":{"rendered":"21.05.05 &#8211; Exkursion der Geschichtswerkstatt in die Pfalz"},"content":{"rendered":"<figure style=\"width: 290px\" class=\"wp-caption alignleft\"><img data-recalc-dims=\"1\" loading=\"lazy\" decoding=\"async\" src=\"https:\/\/i0.wp.com\/eschringen.de\/wordpress\/wp-content\/uploads\/2024\/11\/pfalz2.jpg?resize=300%2C208&#038;ssl=1\" width=\"300\" height=\"208\" align=\"left\" hspace=\"5\" vspace=\"10\"><figcaption class=\"wp-caption-text\">Innenhof des &#8222;Theodor-Zink&#8220;-Museums<\/figcaption><\/figure>\n<p>Ein verhangener Himmel und leichter Nieselregen verhie\u00dfen anfangs nichts Gutes. Die Geschichtswerkstatt hatte zu einer Busfahrt in die Pfalz eingeladen; eine interessierte Gruppe mit Teilnehmern aus Eschringen und den Nachbarorten traf sich vor dem Gasthaus \u201eZur Post\u201c. Nach einem Zwischenstopp in Niederw\u00fcrzbach, wo Ortschronist Heinrich Moog zustieg, ging es auf der A 6 Richtung Kaiserslautern. In der dortigen Innenstadt machte man erstmals Halt am Theodor-Zink-Museum, das \u00fcbrigens in unmittelbarer N\u00e4he zur alten Stadtmauer (es gibt davon auch noch \u00dcberbleibsel) liegt. Die Leiterin des renommierten Volkskundemuseum, Frau Dr. Jochum, \u00fcbernahm selbst die F\u00fchrung durch das historische Geb\u00e4ude (ein ehemaliges Brauerei-Gasthaus aus dem Jahre 1817). Schwerpunkt dabei war die Stadtentwicklung seit der Stauferzeit; gro\u00dfes Interesse fanden besonders die Ausstellungsst\u00fccke von Produkten aus Kaiserslautern (z. B. PFAFF-N\u00e4hmaschinen), aber eben auch Exponate aus dem Alltag in der Pfalz des 19. und fr\u00fchen 20. Jahrhundert \u2013 da geh\u00f6rte ja Eschringen ebenfalls zur bayerischen Pfalz.<\/p>\n<figure style=\"width: 290px\" class=\"wp-caption alignleft\"><img data-recalc-dims=\"1\" loading=\"lazy\" decoding=\"async\" src=\"https:\/\/i0.wp.com\/eschringen.de\/wordpress\/wp-content\/uploads\/2024\/11\/pfalz1.jpg?resize=300%2C206&#038;ssl=1\" width=\"300\" height=\"206\" align=\"left\" hspace=\"5\" vspace=\"10\"><figcaption class=\"wp-caption-text\">Vor dem &#8222;Wadgasser Hof&#8220;<\/figcaption><\/figure>\n<p>Noch engere Bez\u00fcge zu unserem Dorf ergaben sich bei der Besichtigung des Wadgasser Hofes, der sich unmittelbar gegen\u00fcber des Theodor-Zink-Museums befindet. Eigent\u00fcmer dieses seit dem Mittelalter bekannten Hofgutes war die Pr\u00e4monstratenserabtei Wadgassen, einer der vier Eschringer Grundherrschaften. Beeindruckend besonders die kleine Kapelle mit einem Kreuzrippengew\u00f6lbe und der festliche kleine Saal mit kunstvoll verzierter Stuckdecke.<\/p>\n<figure style=\"width: 196px\" class=\"wp-caption alignright\"><img data-recalc-dims=\"1\" loading=\"lazy\" decoding=\"async\" src=\"https:\/\/i0.wp.com\/eschringen.de\/wordpress\/wp-content\/uploads\/2024\/11\/pfalz3.jpg?resize=206%2C300&#038;ssl=1\" width=\"206\" height=\"300\" align=\"right\" hspace=\"30\"><figcaption class=\"wp-caption-text\">Meilenstein in Kaiserslautern: &#8222;Nach Saarbr\u00fccken 18 Stunden&#8220;<\/figcaption><\/figure>\n<p>Mitten durch den Pf\u00e4lzer Wald f\u00fchrte der weitere Weg in ein malerisches Seitental von Weidenthal, wo schlie\u00dflich das Mittagessen eingenommen wurde. Gut gest\u00e4rkt ging es dann Richtung Neustadt an die Weinstra\u00dfe. Dort stand die Besichtigung des Hambacher Schlosses und der neugestalteten Dauerausstellung \u201eEin Fest f\u00fcr die Freiheit\u201c an. Das zu Ehren des bayerischen Kronprinzen Maximilian zwischen 1844-46 auf den Ruinen der mittelalterlichen K\u00e4stenburg errichtete (nie fertig gestellte) Schloss gilt als \u201eWiege der deutschen Demokratie\u201c. Am 27. Mai 1842 hatten knapp 30.000 Menschen demonstrierten dort f\u00fcr Pressefreiheit, b\u00fcrgerliche Rechte und die nationalstaatliche Einigung Deutschlands. Der Homburger Journalist Philipp Jakob Siebenpfeiffer hatte damals zu den f\u00fchrenden \u201eAktivisten\u201c gez\u00e4hlt. Eine kompetente F\u00fchrung vertiefte &#8211; trotz des durch viele Besuchergruppen bedingten Andrangs \u2013 die interessante Ausstellung.<\/p>\n<figure style=\"width: 290px\" class=\"wp-caption alignleft\"><img data-recalc-dims=\"1\" loading=\"lazy\" decoding=\"async\" src=\"https:\/\/i0.wp.com\/eschringen.de\/wordpress\/wp-content\/uploads\/2024\/11\/pfalz4.jpg?resize=300%2C208&#038;ssl=1\" width=\"300\" height=\"208\" align=\"left\" border=\"1\" hspace=\"5\" vspace=\"5\"><figcaption class=\"wp-caption-text\"><a href=\"http:\/\/www.hambacher-schloss.de\/\" target=\"_blank\" rel=\"noopener\">http:\/\/www.hambacher-schloss.de\/<\/a><\/figcaption><\/figure>\n<p>Nach der z. T. etwas anstrengenden Begehung des Hambacher Schlossberges ging es mit dem Bus in das \u201eihm zu F\u00fc\u00dfen liegende\u201c Weindorf Diedesfeld, wo nicht nur das Abendbrot eingenommen wurde, sondern auch eine Weinprobe stattfand. Diese wurde kompetent und anekdotisch durchgef\u00fchrt von der Weingutchefin Edeltraut Schackert und dem aus Eschringen stammenden Winzer-Azubi. Gut gelaunt ging es \u00fcber die S\u00fcdroute an den legend\u00e4ren Trifels-Burgen bei Annweiler via Pirmasens und Zweibr\u00fccken wieder nach Hause. Inzwischen hatte sich wieder der Himmel verdunkelt, und es regnete bei der Ankunft in Str\u00f6men. Gleichwohl hatte man eine durchweg informative und unterhaltsame Reise in die Geschichte der Pfalz bew\u00e4ltigt.<\/p>\n","protected":false},"excerpt":{"rendered":"<p>Ein verhangener Himmel und leichter Nieselregen verhie\u00dfen anfangs nichts Gutes. Die Geschichtswerkstatt hatte zu einer Busfahrt in die Pfalz eingeladen; eine interessierte Gruppe mit Teilnehmern aus Eschringen und den Nachbarorten traf sich vor dem Gasthaus \u201eZur Post\u201c. Nach einem Zwischenstopp in Niederw\u00fcrzbach, wo Ortschronist Heinrich Moog zustieg, ging es auf der A 6 Richtung Kaiserslautern. &#8230; <a title=\"21.05.05 &#8211; Exkursion der Geschichtswerkstatt in die Pfalz\" class=\"read-more\" href=\"https:\/\/eschringen.de\/wordpress\/geschichte\/archiv\/21-05-05-exkursion-der-geschichtswerkstatt-in-die-pfalz\/\" aria-label=\"Mehr Informationen \u00fcber 21.05.05 &#8211; Exkursion der Geschichtswerkstatt in die Pfalz\">Weiterlesen &#8230;<\/a><\/p>\n","protected":false},"author":1,"featured_media":0,"parent":403,"menu_order":41,"comment_status":"closed","ping_status":"closed","template":"","meta":{"ngg_post_thumbnail":0,"footnotes":""},"class_list":["post-882","page","type-page","status-publish"],"yoast_head":"<!-- This site is optimized with the Yoast SEO plugin v27.4 - https:\/\/yoast.com\/product\/yoast-seo-wordpress\/ -->\n<title>21.05.05 - Exkursion der Geschichtswerkstatt in die Pfalz - Eschringen<\/title>\n<meta name=\"robots\" content=\"index, follow, max-snippet:-1, max-image-preview:large, max-video-preview:-1\" \/>\n<link rel=\"canonical\" href=\"https:\/\/eschringen.de\/wordpress\/geschichte\/archiv\/21-05-05-exkursion-der-geschichtswerkstatt-in-die-pfalz\/\" \/>\n<meta property=\"og:locale\" content=\"de_DE\" \/>\n<meta property=\"og:type\" content=\"article\" \/>\n<meta property=\"og:title\" content=\"21.05.05 - Exkursion der Geschichtswerkstatt in die Pfalz - Eschringen\" \/>\n<meta property=\"og:description\" content=\"Ein verhangener Himmel und leichter Nieselregen verhie\u00dfen anfangs nichts Gutes. Die Geschichtswerkstatt hatte zu einer Busfahrt in die Pfalz eingeladen; eine interessierte Gruppe mit Teilnehmern aus Eschringen und den Nachbarorten traf sich vor dem Gasthaus \u201eZur Post\u201c. Nach einem Zwischenstopp in Niederw\u00fcrzbach, wo Ortschronist Heinrich Moog zustieg, ging es auf der A 6 Richtung Kaiserslautern. ... Weiterlesen ...\" \/>\n<meta property=\"og:url\" content=\"https:\/\/eschringen.de\/wordpress\/geschichte\/archiv\/21-05-05-exkursion-der-geschichtswerkstatt-in-die-pfalz\/\" \/>\n<meta property=\"og:site_name\" content=\"Eschringen\" \/>\n<meta property=\"article:modified_time\" content=\"2024-11-28T12:26:40+00:00\" \/>\n<meta property=\"og:image\" content=\"https:\/\/eschringen.de\/wordpress\/wp-content\/uploads\/2024\/11\/pfalz2.jpg\" \/>\n<meta name=\"twitter:card\" content=\"summary_large_image\" \/>\n<meta name=\"twitter:label1\" content=\"Gesch\u00e4tzte Lesezeit\" \/>\n\t<meta name=\"twitter:data1\" content=\"4\u00a0Minuten\" \/>\n<script type=\"application\/ld+json\" class=\"yoast-schema-graph\">{\"@context\":\"https:\\\/\\\/schema.org\",\"@graph\":[{\"@type\":\"WebPage\",\"@id\":\"https:\\\/\\\/eschringen.de\\\/wordpress\\\/geschichte\\\/archiv\\\/21-05-05-exkursion-der-geschichtswerkstatt-in-die-pfalz\\\/\",\"url\":\"https:\\\/\\\/eschringen.de\\\/wordpress\\\/geschichte\\\/archiv\\\/21-05-05-exkursion-der-geschichtswerkstatt-in-die-pfalz\\\/\",\"name\":\"21.05.05 - Exkursion der Geschichtswerkstatt in die Pfalz - Eschringen\",\"isPartOf\":{\"@id\":\"https:\\\/\\\/eschringen.de\\\/wordpress\\\/#website\"},\"primaryImageOfPage\":{\"@id\":\"https:\\\/\\\/eschringen.de\\\/wordpress\\\/geschichte\\\/archiv\\\/21-05-05-exkursion-der-geschichtswerkstatt-in-die-pfalz\\\/#primaryimage\"},\"image\":{\"@id\":\"https:\\\/\\\/eschringen.de\\\/wordpress\\\/geschichte\\\/archiv\\\/21-05-05-exkursion-der-geschichtswerkstatt-in-die-pfalz\\\/#primaryimage\"},\"thumbnailUrl\":\"https:\\\/\\\/eschringen.de\\\/wordpress\\\/wp-content\\\/uploads\\\/2024\\\/11\\\/pfalz2.jpg\",\"datePublished\":\"2017-02-20T17:24:24+00:00\",\"dateModified\":\"2024-11-28T12:26:40+00:00\",\"breadcrumb\":{\"@id\":\"https:\\\/\\\/eschringen.de\\\/wordpress\\\/geschichte\\\/archiv\\\/21-05-05-exkursion-der-geschichtswerkstatt-in-die-pfalz\\\/#breadcrumb\"},\"inLanguage\":\"de\",\"potentialAction\":[{\"@type\":\"ReadAction\",\"target\":[\"https:\\\/\\\/eschringen.de\\\/wordpress\\\/geschichte\\\/archiv\\\/21-05-05-exkursion-der-geschichtswerkstatt-in-die-pfalz\\\/\"]}]},{\"@type\":\"ImageObject\",\"inLanguage\":\"de\",\"@id\":\"https:\\\/\\\/eschringen.de\\\/wordpress\\\/geschichte\\\/archiv\\\/21-05-05-exkursion-der-geschichtswerkstatt-in-die-pfalz\\\/#primaryimage\",\"url\":\"https:\\\/\\\/i0.wp.com\\\/eschringen.de\\\/wordpress\\\/wp-content\\\/uploads\\\/2024\\\/11\\\/pfalz2.jpg?fit=300%2C208&ssl=1\",\"contentUrl\":\"https:\\\/\\\/i0.wp.com\\\/eschringen.de\\\/wordpress\\\/wp-content\\\/uploads\\\/2024\\\/11\\\/pfalz2.jpg?fit=300%2C208&ssl=1\",\"width\":300,\"height\":208},{\"@type\":\"BreadcrumbList\",\"@id\":\"https:\\\/\\\/eschringen.de\\\/wordpress\\\/geschichte\\\/archiv\\\/21-05-05-exkursion-der-geschichtswerkstatt-in-die-pfalz\\\/#breadcrumb\",\"itemListElement\":[{\"@type\":\"ListItem\",\"position\":1,\"name\":\"Startseite\",\"item\":\"https:\\\/\\\/eschringen.de\\\/wordpress\\\/\"},{\"@type\":\"ListItem\",\"position\":2,\"name\":\"Geschichte\",\"item\":\"https:\\\/\\\/eschringen.de\\\/wordpress\\\/geschichte\\\/\"},{\"@type\":\"ListItem\",\"position\":3,\"name\":\"Archiv\",\"item\":\"https:\\\/\\\/eschringen.de\\\/wordpress\\\/geschichte\\\/archiv\\\/\"},{\"@type\":\"ListItem\",\"position\":4,\"name\":\"21.05.05 &#8211; Exkursion der Geschichtswerkstatt in die Pfalz\"}]},{\"@type\":\"WebSite\",\"@id\":\"https:\\\/\\\/eschringen.de\\\/wordpress\\\/#website\",\"url\":\"https:\\\/\\\/eschringen.de\\\/wordpress\\\/\",\"name\":\"Eschringen\",\"description\":\"\",\"publisher\":{\"@id\":\"https:\\\/\\\/eschringen.de\\\/wordpress\\\/#organization\"},\"potentialAction\":[{\"@type\":\"SearchAction\",\"target\":{\"@type\":\"EntryPoint\",\"urlTemplate\":\"https:\\\/\\\/eschringen.de\\\/wordpress\\\/?s={search_term_string}\"},\"query-input\":{\"@type\":\"PropertyValueSpecification\",\"valueRequired\":true,\"valueName\":\"search_term_string\"}}],\"inLanguage\":\"de\"},{\"@type\":\"Organization\",\"@id\":\"https:\\\/\\\/eschringen.de\\\/wordpress\\\/#organization\",\"name\":\"Eschringen\",\"url\":\"https:\\\/\\\/eschringen.de\\\/wordpress\\\/\",\"logo\":{\"@type\":\"ImageObject\",\"inLanguage\":\"de\",\"@id\":\"https:\\\/\\\/eschringen.de\\\/wordpress\\\/#\\\/schema\\\/logo\\\/image\\\/\",\"url\":\"https:\\\/\\\/eschringen.de\\\/wordpress\\\/wp-content\\\/uploads\\\/2017\\\/03\\\/2017_kw15.jpg\",\"contentUrl\":\"https:\\\/\\\/eschringen.de\\\/wordpress\\\/wp-content\\\/uploads\\\/2017\\\/03\\\/2017_kw15.jpg\",\"width\":784,\"height\":447,\"caption\":\"Eschringen\"},\"image\":{\"@id\":\"https:\\\/\\\/eschringen.de\\\/wordpress\\\/#\\\/schema\\\/logo\\\/image\\\/\"}}]}<\/script>\n<!-- \/ Yoast SEO plugin. -->","yoast_head_json":{"title":"21.05.05 - Exkursion der Geschichtswerkstatt in die Pfalz - Eschringen","robots":{"index":"index","follow":"follow","max-snippet":"max-snippet:-1","max-image-preview":"max-image-preview:large","max-video-preview":"max-video-preview:-1"},"canonical":"https:\/\/eschringen.de\/wordpress\/geschichte\/archiv\/21-05-05-exkursion-der-geschichtswerkstatt-in-die-pfalz\/","og_locale":"de_DE","og_type":"article","og_title":"21.05.05 - Exkursion der Geschichtswerkstatt in die Pfalz - Eschringen","og_description":"Ein verhangener Himmel und leichter Nieselregen verhie\u00dfen anfangs nichts Gutes. Die Geschichtswerkstatt hatte zu einer Busfahrt in die Pfalz eingeladen; eine interessierte Gruppe mit Teilnehmern aus Eschringen und den Nachbarorten traf sich vor dem Gasthaus \u201eZur Post\u201c. Nach einem Zwischenstopp in Niederw\u00fcrzbach, wo Ortschronist Heinrich Moog zustieg, ging es auf der A 6 Richtung Kaiserslautern. ... Weiterlesen ...","og_url":"https:\/\/eschringen.de\/wordpress\/geschichte\/archiv\/21-05-05-exkursion-der-geschichtswerkstatt-in-die-pfalz\/","og_site_name":"Eschringen","article_modified_time":"2024-11-28T12:26:40+00:00","og_image":[{"url":"https:\/\/eschringen.de\/wordpress\/wp-content\/uploads\/2024\/11\/pfalz2.jpg","type":"","width":"","height":""}],"twitter_card":"summary_large_image","twitter_misc":{"Gesch\u00e4tzte Lesezeit":"4\u00a0Minuten"},"schema":{"@context":"https:\/\/schema.org","@graph":[{"@type":"WebPage","@id":"https:\/\/eschringen.de\/wordpress\/geschichte\/archiv\/21-05-05-exkursion-der-geschichtswerkstatt-in-die-pfalz\/","url":"https:\/\/eschringen.de\/wordpress\/geschichte\/archiv\/21-05-05-exkursion-der-geschichtswerkstatt-in-die-pfalz\/","name":"21.05.05 - Exkursion der Geschichtswerkstatt in die Pfalz - Eschringen","isPartOf":{"@id":"https:\/\/eschringen.de\/wordpress\/#website"},"primaryImageOfPage":{"@id":"https:\/\/eschringen.de\/wordpress\/geschichte\/archiv\/21-05-05-exkursion-der-geschichtswerkstatt-in-die-pfalz\/#primaryimage"},"image":{"@id":"https:\/\/eschringen.de\/wordpress\/geschichte\/archiv\/21-05-05-exkursion-der-geschichtswerkstatt-in-die-pfalz\/#primaryimage"},"thumbnailUrl":"https:\/\/eschringen.de\/wordpress\/wp-content\/uploads\/2024\/11\/pfalz2.jpg","datePublished":"2017-02-20T17:24:24+00:00","dateModified":"2024-11-28T12:26:40+00:00","breadcrumb":{"@id":"https:\/\/eschringen.de\/wordpress\/geschichte\/archiv\/21-05-05-exkursion-der-geschichtswerkstatt-in-die-pfalz\/#breadcrumb"},"inLanguage":"de","potentialAction":[{"@type":"ReadAction","target":["https:\/\/eschringen.de\/wordpress\/geschichte\/archiv\/21-05-05-exkursion-der-geschichtswerkstatt-in-die-pfalz\/"]}]},{"@type":"ImageObject","inLanguage":"de","@id":"https:\/\/eschringen.de\/wordpress\/geschichte\/archiv\/21-05-05-exkursion-der-geschichtswerkstatt-in-die-pfalz\/#primaryimage","url":"https:\/\/i0.wp.com\/eschringen.de\/wordpress\/wp-content\/uploads\/2024\/11\/pfalz2.jpg?fit=300%2C208&ssl=1","contentUrl":"https:\/\/i0.wp.com\/eschringen.de\/wordpress\/wp-content\/uploads\/2024\/11\/pfalz2.jpg?fit=300%2C208&ssl=1","width":300,"height":208},{"@type":"BreadcrumbList","@id":"https:\/\/eschringen.de\/wordpress\/geschichte\/archiv\/21-05-05-exkursion-der-geschichtswerkstatt-in-die-pfalz\/#breadcrumb","itemListElement":[{"@type":"ListItem","position":1,"name":"Startseite","item":"https:\/\/eschringen.de\/wordpress\/"},{"@type":"ListItem","position":2,"name":"Geschichte","item":"https:\/\/eschringen.de\/wordpress\/geschichte\/"},{"@type":"ListItem","position":3,"name":"Archiv","item":"https:\/\/eschringen.de\/wordpress\/geschichte\/archiv\/"},{"@type":"ListItem","position":4,"name":"21.05.05 &#8211; Exkursion der Geschichtswerkstatt in die Pfalz"}]},{"@type":"WebSite","@id":"https:\/\/eschringen.de\/wordpress\/#website","url":"https:\/\/eschringen.de\/wordpress\/","name":"Eschringen","description":"","publisher":{"@id":"https:\/\/eschringen.de\/wordpress\/#organization"},"potentialAction":[{"@type":"SearchAction","target":{"@type":"EntryPoint","urlTemplate":"https:\/\/eschringen.de\/wordpress\/?s={search_term_string}"},"query-input":{"@type":"PropertyValueSpecification","valueRequired":true,"valueName":"search_term_string"}}],"inLanguage":"de"},{"@type":"Organization","@id":"https:\/\/eschringen.de\/wordpress\/#organization","name":"Eschringen","url":"https:\/\/eschringen.de\/wordpress\/","logo":{"@type":"ImageObject","inLanguage":"de","@id":"https:\/\/eschringen.de\/wordpress\/#\/schema\/logo\/image\/","url":"https:\/\/eschringen.de\/wordpress\/wp-content\/uploads\/2017\/03\/2017_kw15.jpg","contentUrl":"https:\/\/eschringen.de\/wordpress\/wp-content\/uploads\/2017\/03\/2017_kw15.jpg","width":784,"height":447,"caption":"Eschringen"},"image":{"@id":"https:\/\/eschringen.de\/wordpress\/#\/schema\/logo\/image\/"}}]}},"jetpack_sharing_enabled":true,"_links":{"self":[{"href":"https:\/\/eschringen.de\/wordpress\/wp-json\/wp\/v2\/pages\/882","targetHints":{"allow":["GET"]}}],"collection":[{"href":"https:\/\/eschringen.de\/wordpress\/wp-json\/wp\/v2\/pages"}],"about":[{"href":"https:\/\/eschringen.de\/wordpress\/wp-json\/wp\/v2\/types\/page"}],"author":[{"embeddable":true,"href":"https:\/\/eschringen.de\/wordpress\/wp-json\/wp\/v2\/users\/1"}],"replies":[{"embeddable":true,"href":"https:\/\/eschringen.de\/wordpress\/wp-json\/wp\/v2\/comments?post=882"}],"version-history":[{"count":2,"href":"https:\/\/eschringen.de\/wordpress\/wp-json\/wp\/v2\/pages\/882\/revisions"}],"predecessor-version":[{"id":4907,"href":"https:\/\/eschringen.de\/wordpress\/wp-json\/wp\/v2\/pages\/882\/revisions\/4907"}],"up":[{"embeddable":true,"href":"https:\/\/eschringen.de\/wordpress\/wp-json\/wp\/v2\/pages\/403"}],"wp:attachment":[{"href":"https:\/\/eschringen.de\/wordpress\/wp-json\/wp\/v2\/media?parent=882"}],"curies":[{"name":"wp","href":"https:\/\/api.w.org\/{rel}","templated":true}]}}