{"id":858,"date":"2017-02-19T21:09:32","date_gmt":"2017-02-19T20:09:32","guid":{"rendered":"http:\/\/eschringen.de\/wordpress\/?page_id=858"},"modified":"2024-11-28T13:17:10","modified_gmt":"2024-11-28T12:17:10","slug":"24-05-06-jakobspilger-machen-halt-in-eschringen","status":"publish","type":"page","link":"https:\/\/eschringen.de\/wordpress\/geschichte\/archiv\/24-05-06-jakobspilger-machen-halt-in-eschringen\/","title":{"rendered":"24.05.06 &#8211; Jakobspilger machen Halt in Eschringen"},"content":{"rendered":"<p><img data-recalc-dims=\"1\" loading=\"lazy\" decoding=\"async\" class=\"alignleft\" src=\"https:\/\/i0.wp.com\/eschringen.de\/wordpress\/wp-content\/uploads\/2024\/11\/JakobpilgerDreibanner.jpg?resize=400%2C300&#038;ssl=1\" width=\"400\" height=\"300\" align=\"absMiddle\" hspace=\"10\" vspace=\"5\">Im Rahmen des 96. Katholikentages in Saarbr\u00fccken Ende Mai hatten sich rund 40 Jakobspilger zu einer dreit\u00e4gigen Fu\u00dfwallfahrt vom ehemaligen Kloster Hornbach aus auf den Weg gemacht.<br \/>\nDie Leitung hatte Wolfgang Steffen von der saarl\u00e4ndischen Jakobusgesellschaft \u00fcbernommen. Am dritten Tag marschierte die Gruppe, darunter auch Pilger aus der Pfalz, aus Hessen und sogar aus dem M\u00fcnsterland, vom Kloster Gr\u00e4finthal aus in Richtung Landeshauptstadt.<br \/>\n<img data-recalc-dims=\"1\" loading=\"lazy\" decoding=\"async\" class=\"alignright\" src=\"https:\/\/i0.wp.com\/eschringen.de\/wordpress\/wp-content\/uploads\/2024\/11\/JakobspilgerKapelle2.jpg?resize=400%2C300&#038;ssl=1\" width=\"400\" height=\"300\" align=\"absMiddle\" hspace=\"10\" vspace=\"5\">Am \u201eDreib\u00e4nner\u201c wurde sie von Roland Schmitt, Leiter der Geschichtswerkstatt und Beisitzer im Vorstand des Kapellenvereins, \u201ein Empfang\u201c genommen. Der weitere Weg f\u00fchrte sie durch den Ort, vorbei an den Wegekreuzen in der Gr\u00e4finthalerstra\u00dfe und dem Laurentiusbrunnen.<\/p>\n<p>Ziel war die St. Laurentiuskapelle, wo die Pilger nach einer Besichtigung auch den altehrw\u00fcrdigen sakralen Raum zu einer kleinen Andacht und passenden Ges\u00e4ngen nutzen. Die kombinierte Wallfahrt und Wanderung hatte hungrig und vor allem durstig gemacht, weshalb die n\u00e4chste Station, das Eschringer Pfarrheim, z\u00fcgig angesteuert wurde. Dort hie\u00df kfd-Vorsitzende Gertrud Vogelgesang mit ihrem Team die Pilgergruppe willkommen.<\/p>\n<p><img data-recalc-dims=\"1\" loading=\"lazy\" decoding=\"async\" class=\"alignleft\" src=\"https:\/\/i0.wp.com\/eschringen.de\/wordpress\/wp-content\/uploads\/2024\/11\/JakobpilgerEsch1.jpg?resize=400%2C300&#038;ssl=1\" width=\"400\" height=\"300\" align=\"absMiddle\" hspace=\"10\" vspace=\"5\">Da die Wahlfahrer m\u00e4chtig unter Zeitdruck standen, wurde sogleich eine deftige \u201eEschringer Kartoffelsuppe mit Lyoner\u201c (Rezept siehe \u201eSo kochen wir in Eschringen\u201c) aufgetischt, erg\u00e4nzt durch Erfrischungsgetr\u00e4nke und von der Geschichtswerkstatt gestifteten Pilgerwein (vom Wintringer Hof). Auch wenn der offizielle Jakobsweg an sich nicht \u00fcber Eschringen f\u00fchrt, so zeigten sich viele Wallfahrer doch \u00fcberzeugt, irgendwann einmal wieder in unser Dorf zu kommen: \u201eEinfach toll diese freundliche Aufnahme hier, ganz zu schweigen von dem schmackhaften Essen\u201c meinte eine Pilgerin aus Mainz. \u201eDieser Zwischenstopp in Eschringen hat mir sehr gut gefallen. Daran werde ich mich gerne zur\u00fcckerinnern.\u201c Und mit dieser Meinung stand sie nicht allein. Dann machte sich die Gruppe wieder auf den Weg nach Bischmisheim (Schinkelkirche) und nach St. Arnual (Stiftskirche), um an der Er\u00f6ffnung des Katholikentags teilnehmen zu k\u00f6nnen.<\/p>\n<p>(rs)<\/p>\n","protected":false},"excerpt":{"rendered":"<p>Im Rahmen des 96. Katholikentages in Saarbr\u00fccken Ende Mai hatten sich rund 40 Jakobspilger zu einer dreit\u00e4gigen Fu\u00dfwallfahrt vom ehemaligen Kloster Hornbach aus auf den Weg gemacht. Die Leitung hatte Wolfgang Steffen von der saarl\u00e4ndischen Jakobusgesellschaft \u00fcbernommen. Am dritten Tag marschierte die Gruppe, darunter auch Pilger aus der Pfalz, aus Hessen und sogar aus dem &#8230; <a title=\"24.05.06 &#8211; Jakobspilger machen Halt in Eschringen\" class=\"read-more\" href=\"https:\/\/eschringen.de\/wordpress\/geschichte\/archiv\/24-05-06-jakobspilger-machen-halt-in-eschringen\/\" aria-label=\"Mehr Informationen \u00fcber 24.05.06 &#8211; Jakobspilger machen Halt in Eschringen\">Weiterlesen &#8230;<\/a><\/p>\n","protected":false},"author":1,"featured_media":0,"parent":403,"menu_order":37,"comment_status":"closed","ping_status":"closed","template":"","meta":{"ngg_post_thumbnail":0,"footnotes":""},"class_list":["post-858","page","type-page","status-publish"],"yoast_head":"<!-- This site is optimized with the Yoast SEO plugin v27.4 - https:\/\/yoast.com\/product\/yoast-seo-wordpress\/ -->\n<title>24.05.06 - Jakobspilger machen Halt in Eschringen - Eschringen<\/title>\n<meta name=\"robots\" content=\"index, follow, max-snippet:-1, max-image-preview:large, max-video-preview:-1\" \/>\n<link rel=\"canonical\" href=\"https:\/\/eschringen.de\/wordpress\/geschichte\/archiv\/24-05-06-jakobspilger-machen-halt-in-eschringen\/\" \/>\n<meta property=\"og:locale\" content=\"de_DE\" \/>\n<meta property=\"og:type\" content=\"article\" \/>\n<meta property=\"og:title\" content=\"24.05.06 - Jakobspilger machen Halt in Eschringen - Eschringen\" \/>\n<meta property=\"og:description\" content=\"Im Rahmen des 96. Katholikentages in Saarbr\u00fccken Ende Mai hatten sich rund 40 Jakobspilger zu einer dreit\u00e4gigen Fu\u00dfwallfahrt vom ehemaligen Kloster Hornbach aus auf den Weg gemacht. Die Leitung hatte Wolfgang Steffen von der saarl\u00e4ndischen Jakobusgesellschaft \u00fcbernommen. Am dritten Tag marschierte die Gruppe, darunter auch Pilger aus der Pfalz, aus Hessen und sogar aus dem ... Weiterlesen ...\" \/>\n<meta property=\"og:url\" content=\"https:\/\/eschringen.de\/wordpress\/geschichte\/archiv\/24-05-06-jakobspilger-machen-halt-in-eschringen\/\" \/>\n<meta property=\"og:site_name\" content=\"Eschringen\" \/>\n<meta property=\"article:modified_time\" content=\"2024-11-28T12:17:10+00:00\" \/>\n<meta property=\"og:image\" content=\"https:\/\/eschringen.de\/wordpress\/wp-content\/uploads\/2024\/11\/JakobpilgerDreibanner.jpg\" \/>\n<meta name=\"twitter:card\" content=\"summary_large_image\" \/>\n<meta name=\"twitter:label1\" content=\"Gesch\u00e4tzte Lesezeit\" \/>\n\t<meta name=\"twitter:data1\" content=\"3\u00a0Minuten\" \/>\n<script type=\"application\/ld+json\" class=\"yoast-schema-graph\">{\"@context\":\"https:\\\/\\\/schema.org\",\"@graph\":[{\"@type\":\"WebPage\",\"@id\":\"https:\\\/\\\/eschringen.de\\\/wordpress\\\/geschichte\\\/archiv\\\/24-05-06-jakobspilger-machen-halt-in-eschringen\\\/\",\"url\":\"https:\\\/\\\/eschringen.de\\\/wordpress\\\/geschichte\\\/archiv\\\/24-05-06-jakobspilger-machen-halt-in-eschringen\\\/\",\"name\":\"24.05.06 - Jakobspilger machen Halt in Eschringen - Eschringen\",\"isPartOf\":{\"@id\":\"https:\\\/\\\/eschringen.de\\\/wordpress\\\/#website\"},\"primaryImageOfPage\":{\"@id\":\"https:\\\/\\\/eschringen.de\\\/wordpress\\\/geschichte\\\/archiv\\\/24-05-06-jakobspilger-machen-halt-in-eschringen\\\/#primaryimage\"},\"image\":{\"@id\":\"https:\\\/\\\/eschringen.de\\\/wordpress\\\/geschichte\\\/archiv\\\/24-05-06-jakobspilger-machen-halt-in-eschringen\\\/#primaryimage\"},\"thumbnailUrl\":\"https:\\\/\\\/eschringen.de\\\/wordpress\\\/wp-content\\\/uploads\\\/2024\\\/11\\\/JakobpilgerDreibanner.jpg\",\"datePublished\":\"2017-02-19T20:09:32+00:00\",\"dateModified\":\"2024-11-28T12:17:10+00:00\",\"breadcrumb\":{\"@id\":\"https:\\\/\\\/eschringen.de\\\/wordpress\\\/geschichte\\\/archiv\\\/24-05-06-jakobspilger-machen-halt-in-eschringen\\\/#breadcrumb\"},\"inLanguage\":\"de\",\"potentialAction\":[{\"@type\":\"ReadAction\",\"target\":[\"https:\\\/\\\/eschringen.de\\\/wordpress\\\/geschichte\\\/archiv\\\/24-05-06-jakobspilger-machen-halt-in-eschringen\\\/\"]}]},{\"@type\":\"ImageObject\",\"inLanguage\":\"de\",\"@id\":\"https:\\\/\\\/eschringen.de\\\/wordpress\\\/geschichte\\\/archiv\\\/24-05-06-jakobspilger-machen-halt-in-eschringen\\\/#primaryimage\",\"url\":\"https:\\\/\\\/i0.wp.com\\\/eschringen.de\\\/wordpress\\\/wp-content\\\/uploads\\\/2024\\\/11\\\/JakobpilgerDreibanner.jpg?fit=400%2C300&ssl=1\",\"contentUrl\":\"https:\\\/\\\/i0.wp.com\\\/eschringen.de\\\/wordpress\\\/wp-content\\\/uploads\\\/2024\\\/11\\\/JakobpilgerDreibanner.jpg?fit=400%2C300&ssl=1\",\"width\":400,\"height\":300},{\"@type\":\"BreadcrumbList\",\"@id\":\"https:\\\/\\\/eschringen.de\\\/wordpress\\\/geschichte\\\/archiv\\\/24-05-06-jakobspilger-machen-halt-in-eschringen\\\/#breadcrumb\",\"itemListElement\":[{\"@type\":\"ListItem\",\"position\":1,\"name\":\"Startseite\",\"item\":\"https:\\\/\\\/eschringen.de\\\/wordpress\\\/\"},{\"@type\":\"ListItem\",\"position\":2,\"name\":\"Geschichte\",\"item\":\"https:\\\/\\\/eschringen.de\\\/wordpress\\\/geschichte\\\/\"},{\"@type\":\"ListItem\",\"position\":3,\"name\":\"Archiv\",\"item\":\"https:\\\/\\\/eschringen.de\\\/wordpress\\\/geschichte\\\/archiv\\\/\"},{\"@type\":\"ListItem\",\"position\":4,\"name\":\"24.05.06 &#8211; Jakobspilger machen Halt in Eschringen\"}]},{\"@type\":\"WebSite\",\"@id\":\"https:\\\/\\\/eschringen.de\\\/wordpress\\\/#website\",\"url\":\"https:\\\/\\\/eschringen.de\\\/wordpress\\\/\",\"name\":\"Eschringen\",\"description\":\"\",\"publisher\":{\"@id\":\"https:\\\/\\\/eschringen.de\\\/wordpress\\\/#organization\"},\"potentialAction\":[{\"@type\":\"SearchAction\",\"target\":{\"@type\":\"EntryPoint\",\"urlTemplate\":\"https:\\\/\\\/eschringen.de\\\/wordpress\\\/?s={search_term_string}\"},\"query-input\":{\"@type\":\"PropertyValueSpecification\",\"valueRequired\":true,\"valueName\":\"search_term_string\"}}],\"inLanguage\":\"de\"},{\"@type\":\"Organization\",\"@id\":\"https:\\\/\\\/eschringen.de\\\/wordpress\\\/#organization\",\"name\":\"Eschringen\",\"url\":\"https:\\\/\\\/eschringen.de\\\/wordpress\\\/\",\"logo\":{\"@type\":\"ImageObject\",\"inLanguage\":\"de\",\"@id\":\"https:\\\/\\\/eschringen.de\\\/wordpress\\\/#\\\/schema\\\/logo\\\/image\\\/\",\"url\":\"https:\\\/\\\/eschringen.de\\\/wordpress\\\/wp-content\\\/uploads\\\/2017\\\/03\\\/2017_kw15.jpg\",\"contentUrl\":\"https:\\\/\\\/eschringen.de\\\/wordpress\\\/wp-content\\\/uploads\\\/2017\\\/03\\\/2017_kw15.jpg\",\"width\":784,\"height\":447,\"caption\":\"Eschringen\"},\"image\":{\"@id\":\"https:\\\/\\\/eschringen.de\\\/wordpress\\\/#\\\/schema\\\/logo\\\/image\\\/\"}}]}<\/script>\n<!-- \/ Yoast SEO plugin. -->","yoast_head_json":{"title":"24.05.06 - Jakobspilger machen Halt in Eschringen - Eschringen","robots":{"index":"index","follow":"follow","max-snippet":"max-snippet:-1","max-image-preview":"max-image-preview:large","max-video-preview":"max-video-preview:-1"},"canonical":"https:\/\/eschringen.de\/wordpress\/geschichte\/archiv\/24-05-06-jakobspilger-machen-halt-in-eschringen\/","og_locale":"de_DE","og_type":"article","og_title":"24.05.06 - Jakobspilger machen Halt in Eschringen - Eschringen","og_description":"Im Rahmen des 96. Katholikentages in Saarbr\u00fccken Ende Mai hatten sich rund 40 Jakobspilger zu einer dreit\u00e4gigen Fu\u00dfwallfahrt vom ehemaligen Kloster Hornbach aus auf den Weg gemacht. Die Leitung hatte Wolfgang Steffen von der saarl\u00e4ndischen Jakobusgesellschaft \u00fcbernommen. Am dritten Tag marschierte die Gruppe, darunter auch Pilger aus der Pfalz, aus Hessen und sogar aus dem ... Weiterlesen ...","og_url":"https:\/\/eschringen.de\/wordpress\/geschichte\/archiv\/24-05-06-jakobspilger-machen-halt-in-eschringen\/","og_site_name":"Eschringen","article_modified_time":"2024-11-28T12:17:10+00:00","og_image":[{"url":"https:\/\/eschringen.de\/wordpress\/wp-content\/uploads\/2024\/11\/JakobpilgerDreibanner.jpg","type":"","width":"","height":""}],"twitter_card":"summary_large_image","twitter_misc":{"Gesch\u00e4tzte Lesezeit":"3\u00a0Minuten"},"schema":{"@context":"https:\/\/schema.org","@graph":[{"@type":"WebPage","@id":"https:\/\/eschringen.de\/wordpress\/geschichte\/archiv\/24-05-06-jakobspilger-machen-halt-in-eschringen\/","url":"https:\/\/eschringen.de\/wordpress\/geschichte\/archiv\/24-05-06-jakobspilger-machen-halt-in-eschringen\/","name":"24.05.06 - Jakobspilger machen Halt in Eschringen - Eschringen","isPartOf":{"@id":"https:\/\/eschringen.de\/wordpress\/#website"},"primaryImageOfPage":{"@id":"https:\/\/eschringen.de\/wordpress\/geschichte\/archiv\/24-05-06-jakobspilger-machen-halt-in-eschringen\/#primaryimage"},"image":{"@id":"https:\/\/eschringen.de\/wordpress\/geschichte\/archiv\/24-05-06-jakobspilger-machen-halt-in-eschringen\/#primaryimage"},"thumbnailUrl":"https:\/\/eschringen.de\/wordpress\/wp-content\/uploads\/2024\/11\/JakobpilgerDreibanner.jpg","datePublished":"2017-02-19T20:09:32+00:00","dateModified":"2024-11-28T12:17:10+00:00","breadcrumb":{"@id":"https:\/\/eschringen.de\/wordpress\/geschichte\/archiv\/24-05-06-jakobspilger-machen-halt-in-eschringen\/#breadcrumb"},"inLanguage":"de","potentialAction":[{"@type":"ReadAction","target":["https:\/\/eschringen.de\/wordpress\/geschichte\/archiv\/24-05-06-jakobspilger-machen-halt-in-eschringen\/"]}]},{"@type":"ImageObject","inLanguage":"de","@id":"https:\/\/eschringen.de\/wordpress\/geschichte\/archiv\/24-05-06-jakobspilger-machen-halt-in-eschringen\/#primaryimage","url":"https:\/\/i0.wp.com\/eschringen.de\/wordpress\/wp-content\/uploads\/2024\/11\/JakobpilgerDreibanner.jpg?fit=400%2C300&ssl=1","contentUrl":"https:\/\/i0.wp.com\/eschringen.de\/wordpress\/wp-content\/uploads\/2024\/11\/JakobpilgerDreibanner.jpg?fit=400%2C300&ssl=1","width":400,"height":300},{"@type":"BreadcrumbList","@id":"https:\/\/eschringen.de\/wordpress\/geschichte\/archiv\/24-05-06-jakobspilger-machen-halt-in-eschringen\/#breadcrumb","itemListElement":[{"@type":"ListItem","position":1,"name":"Startseite","item":"https:\/\/eschringen.de\/wordpress\/"},{"@type":"ListItem","position":2,"name":"Geschichte","item":"https:\/\/eschringen.de\/wordpress\/geschichte\/"},{"@type":"ListItem","position":3,"name":"Archiv","item":"https:\/\/eschringen.de\/wordpress\/geschichte\/archiv\/"},{"@type":"ListItem","position":4,"name":"24.05.06 &#8211; Jakobspilger machen Halt in Eschringen"}]},{"@type":"WebSite","@id":"https:\/\/eschringen.de\/wordpress\/#website","url":"https:\/\/eschringen.de\/wordpress\/","name":"Eschringen","description":"","publisher":{"@id":"https:\/\/eschringen.de\/wordpress\/#organization"},"potentialAction":[{"@type":"SearchAction","target":{"@type":"EntryPoint","urlTemplate":"https:\/\/eschringen.de\/wordpress\/?s={search_term_string}"},"query-input":{"@type":"PropertyValueSpecification","valueRequired":true,"valueName":"search_term_string"}}],"inLanguage":"de"},{"@type":"Organization","@id":"https:\/\/eschringen.de\/wordpress\/#organization","name":"Eschringen","url":"https:\/\/eschringen.de\/wordpress\/","logo":{"@type":"ImageObject","inLanguage":"de","@id":"https:\/\/eschringen.de\/wordpress\/#\/schema\/logo\/image\/","url":"https:\/\/eschringen.de\/wordpress\/wp-content\/uploads\/2017\/03\/2017_kw15.jpg","contentUrl":"https:\/\/eschringen.de\/wordpress\/wp-content\/uploads\/2017\/03\/2017_kw15.jpg","width":784,"height":447,"caption":"Eschringen"},"image":{"@id":"https:\/\/eschringen.de\/wordpress\/#\/schema\/logo\/image\/"}}]}},"jetpack_sharing_enabled":true,"_links":{"self":[{"href":"https:\/\/eschringen.de\/wordpress\/wp-json\/wp\/v2\/pages\/858","targetHints":{"allow":["GET"]}}],"collection":[{"href":"https:\/\/eschringen.de\/wordpress\/wp-json\/wp\/v2\/pages"}],"about":[{"href":"https:\/\/eschringen.de\/wordpress\/wp-json\/wp\/v2\/types\/page"}],"author":[{"embeddable":true,"href":"https:\/\/eschringen.de\/wordpress\/wp-json\/wp\/v2\/users\/1"}],"replies":[{"embeddable":true,"href":"https:\/\/eschringen.de\/wordpress\/wp-json\/wp\/v2\/comments?post=858"}],"version-history":[{"count":2,"href":"https:\/\/eschringen.de\/wordpress\/wp-json\/wp\/v2\/pages\/858\/revisions"}],"predecessor-version":[{"id":4889,"href":"https:\/\/eschringen.de\/wordpress\/wp-json\/wp\/v2\/pages\/858\/revisions\/4889"}],"up":[{"embeddable":true,"href":"https:\/\/eschringen.de\/wordpress\/wp-json\/wp\/v2\/pages\/403"}],"wp:attachment":[{"href":"https:\/\/eschringen.de\/wordpress\/wp-json\/wp\/v2\/media?parent=858"}],"curies":[{"name":"wp","href":"https:\/\/api.w.org\/{rel}","templated":true}]}}