{"id":855,"date":"2017-02-19T21:05:05","date_gmt":"2017-02-19T20:05:05","guid":{"rendered":"http:\/\/eschringen.de\/wordpress\/?page_id=855"},"modified":"2017-02-19T21:05:05","modified_gmt":"2017-02-19T20:05:05","slug":"27-05-06-gospelfieber-in-eschringen","status":"publish","type":"page","link":"https:\/\/eschringen.de\/wordpress\/geschichte\/archiv\/27-05-06-gospelfieber-in-eschringen\/","title":{"rendered":"27.05.06 &#8211; Gospelfieber in Eschringen"},"content":{"rendered":"<p><strong>27.05.2006, 16.00 Uhr, ein Anruf: \u201eWir stehen gerade vor einem gr\u00fcnen Zwiebelturm! Sind wir da richtig?\u201c<\/strong><\/p>\n<p>Nach einer \u00fcber einst\u00fcndigen Fahrt waren sie eingetroffen: Die Ron Stevens Gospel Singers! Bereit, die Eschringer zwei Stunden lang mit traditionellen und modernen Liedern, a cappella oder rhythmisch aufgemotzt, zu verw\u00f6hnen. Trotz des zeitgleich stattfindenden Events \u201eRock den Katholikentag\u201c waren die Eschringer zahlreich erschienen. Schnell griff das Gospel-Fieber vor allem auf die j\u00fcngeren Besucher \u00fcber und es wurde eifrig mitgesungen und mitgeklatscht. Die Ron Stevens Gospel Singers bedanken sich bei allen Besuchern f\u00fcr das aktive Mitgestalten und die gro\u00dfz\u00fcgige Spende. Ein besonderer Dank gilt den Familien Kimmling und Zimmermann, die nach dem Konzert bei einem Umtrunk prickelnde Traubenerzeugnisse zum Befeuchten der strapazierten Kehlen reichten und Familie Peter, wo die Luxemburger Formation in den Genuss einer typisch saarl\u00e4ndischen Gulaschsuppe kam. Als gegen Mitternacht der Tourbus aus der Ponsheimer Stra\u00dfe rollte, waren sich alle einig: Wir kommen wieder!<\/p>\n<p>&nbsp;<\/p>\n","protected":false},"excerpt":{"rendered":"<p>27.05.2006, 16.00 Uhr, ein Anruf: \u201eWir stehen gerade vor einem gr\u00fcnen Zwiebelturm! Sind wir da richtig?\u201c Nach einer \u00fcber einst\u00fcndigen Fahrt waren sie eingetroffen: Die Ron Stevens Gospel Singers! Bereit, die Eschringer zwei Stunden lang mit traditionellen und modernen Liedern, a cappella oder rhythmisch aufgemotzt, zu verw\u00f6hnen. Trotz des zeitgleich stattfindenden Events \u201eRock den Katholikentag\u201c &#8230; <a title=\"27.05.06 &#8211; Gospelfieber in Eschringen\" class=\"read-more\" href=\"https:\/\/eschringen.de\/wordpress\/geschichte\/archiv\/27-05-06-gospelfieber-in-eschringen\/\" aria-label=\"Mehr Informationen \u00fcber 27.05.06 &#8211; Gospelfieber in Eschringen\">Weiterlesen &#8230;<\/a><\/p>\n","protected":false},"author":1,"featured_media":0,"parent":403,"menu_order":36,"comment_status":"closed","ping_status":"closed","template":"","meta":{"ngg_post_thumbnail":0,"footnotes":""},"class_list":["post-855","page","type-page","status-publish"],"yoast_head":"<!-- This site is optimized with the Yoast SEO plugin v27.5 - https:\/\/yoast.com\/product\/yoast-seo-wordpress\/ -->\n<title>27.05.06 - Gospelfieber in Eschringen - Eschringen<\/title>\n<meta name=\"robots\" content=\"index, follow, max-snippet:-1, max-image-preview:large, max-video-preview:-1\" \/>\n<link rel=\"canonical\" href=\"https:\/\/eschringen.de\/wordpress\/geschichte\/archiv\/27-05-06-gospelfieber-in-eschringen\/\" \/>\n<meta property=\"og:locale\" content=\"de_DE\" \/>\n<meta property=\"og:type\" content=\"article\" \/>\n<meta property=\"og:title\" content=\"27.05.06 - Gospelfieber in Eschringen - Eschringen\" \/>\n<meta property=\"og:description\" content=\"27.05.2006, 16.00 Uhr, ein Anruf: \u201eWir stehen gerade vor einem gr\u00fcnen Zwiebelturm! Sind wir da richtig?\u201c Nach einer \u00fcber einst\u00fcndigen Fahrt waren sie eingetroffen: Die Ron Stevens Gospel Singers! Bereit, die Eschringer zwei Stunden lang mit traditionellen und modernen Liedern, a cappella oder rhythmisch aufgemotzt, zu verw\u00f6hnen. Trotz des zeitgleich stattfindenden Events \u201eRock den Katholikentag\u201c ... Weiterlesen ...\" \/>\n<meta property=\"og:url\" content=\"https:\/\/eschringen.de\/wordpress\/geschichte\/archiv\/27-05-06-gospelfieber-in-eschringen\/\" \/>\n<meta property=\"og:site_name\" content=\"Eschringen\" \/>\n<meta name=\"twitter:card\" content=\"summary_large_image\" \/>\n<meta name=\"twitter:label1\" content=\"Gesch\u00e4tzte Lesezeit\" \/>\n\t<meta name=\"twitter:data1\" content=\"1\u00a0Minute\" \/>\n<script type=\"application\/ld+json\" class=\"yoast-schema-graph\">{\"@context\":\"https:\\\/\\\/schema.org\",\"@graph\":[{\"@type\":\"WebPage\",\"@id\":\"https:\\\/\\\/eschringen.de\\\/wordpress\\\/geschichte\\\/archiv\\\/27-05-06-gospelfieber-in-eschringen\\\/\",\"url\":\"https:\\\/\\\/eschringen.de\\\/wordpress\\\/geschichte\\\/archiv\\\/27-05-06-gospelfieber-in-eschringen\\\/\",\"name\":\"27.05.06 - Gospelfieber in Eschringen - Eschringen\",\"isPartOf\":{\"@id\":\"https:\\\/\\\/eschringen.de\\\/wordpress\\\/#website\"},\"datePublished\":\"2017-02-19T20:05:05+00:00\",\"breadcrumb\":{\"@id\":\"https:\\\/\\\/eschringen.de\\\/wordpress\\\/geschichte\\\/archiv\\\/27-05-06-gospelfieber-in-eschringen\\\/#breadcrumb\"},\"inLanguage\":\"de\",\"potentialAction\":[{\"@type\":\"ReadAction\",\"target\":[\"https:\\\/\\\/eschringen.de\\\/wordpress\\\/geschichte\\\/archiv\\\/27-05-06-gospelfieber-in-eschringen\\\/\"]}]},{\"@type\":\"BreadcrumbList\",\"@id\":\"https:\\\/\\\/eschringen.de\\\/wordpress\\\/geschichte\\\/archiv\\\/27-05-06-gospelfieber-in-eschringen\\\/#breadcrumb\",\"itemListElement\":[{\"@type\":\"ListItem\",\"position\":1,\"name\":\"Startseite\",\"item\":\"https:\\\/\\\/eschringen.de\\\/wordpress\\\/\"},{\"@type\":\"ListItem\",\"position\":2,\"name\":\"Geschichte\",\"item\":\"https:\\\/\\\/eschringen.de\\\/wordpress\\\/geschichte\\\/\"},{\"@type\":\"ListItem\",\"position\":3,\"name\":\"Archiv\",\"item\":\"https:\\\/\\\/eschringen.de\\\/wordpress\\\/geschichte\\\/archiv\\\/\"},{\"@type\":\"ListItem\",\"position\":4,\"name\":\"27.05.06 &#8211; Gospelfieber in Eschringen\"}]},{\"@type\":\"WebSite\",\"@id\":\"https:\\\/\\\/eschringen.de\\\/wordpress\\\/#website\",\"url\":\"https:\\\/\\\/eschringen.de\\\/wordpress\\\/\",\"name\":\"Eschringen\",\"description\":\"\",\"publisher\":{\"@id\":\"https:\\\/\\\/eschringen.de\\\/wordpress\\\/#organization\"},\"potentialAction\":[{\"@type\":\"SearchAction\",\"target\":{\"@type\":\"EntryPoint\",\"urlTemplate\":\"https:\\\/\\\/eschringen.de\\\/wordpress\\\/?s={search_term_string}\"},\"query-input\":{\"@type\":\"PropertyValueSpecification\",\"valueRequired\":true,\"valueName\":\"search_term_string\"}}],\"inLanguage\":\"de\"},{\"@type\":\"Organization\",\"@id\":\"https:\\\/\\\/eschringen.de\\\/wordpress\\\/#organization\",\"name\":\"Eschringen\",\"url\":\"https:\\\/\\\/eschringen.de\\\/wordpress\\\/\",\"logo\":{\"@type\":\"ImageObject\",\"inLanguage\":\"de\",\"@id\":\"https:\\\/\\\/eschringen.de\\\/wordpress\\\/#\\\/schema\\\/logo\\\/image\\\/\",\"url\":\"https:\\\/\\\/eschringen.de\\\/wordpress\\\/wp-content\\\/uploads\\\/2017\\\/03\\\/2017_kw15.jpg\",\"contentUrl\":\"https:\\\/\\\/eschringen.de\\\/wordpress\\\/wp-content\\\/uploads\\\/2017\\\/03\\\/2017_kw15.jpg\",\"width\":784,\"height\":447,\"caption\":\"Eschringen\"},\"image\":{\"@id\":\"https:\\\/\\\/eschringen.de\\\/wordpress\\\/#\\\/schema\\\/logo\\\/image\\\/\"}}]}<\/script>\n<!-- \/ Yoast SEO plugin. -->","yoast_head_json":{"title":"27.05.06 - Gospelfieber in Eschringen - Eschringen","robots":{"index":"index","follow":"follow","max-snippet":"max-snippet:-1","max-image-preview":"max-image-preview:large","max-video-preview":"max-video-preview:-1"},"canonical":"https:\/\/eschringen.de\/wordpress\/geschichte\/archiv\/27-05-06-gospelfieber-in-eschringen\/","og_locale":"de_DE","og_type":"article","og_title":"27.05.06 - Gospelfieber in Eschringen - Eschringen","og_description":"27.05.2006, 16.00 Uhr, ein Anruf: \u201eWir stehen gerade vor einem gr\u00fcnen Zwiebelturm! Sind wir da richtig?\u201c Nach einer \u00fcber einst\u00fcndigen Fahrt waren sie eingetroffen: Die Ron Stevens Gospel Singers! Bereit, die Eschringer zwei Stunden lang mit traditionellen und modernen Liedern, a cappella oder rhythmisch aufgemotzt, zu verw\u00f6hnen. Trotz des zeitgleich stattfindenden Events \u201eRock den Katholikentag\u201c ... Weiterlesen ...","og_url":"https:\/\/eschringen.de\/wordpress\/geschichte\/archiv\/27-05-06-gospelfieber-in-eschringen\/","og_site_name":"Eschringen","twitter_card":"summary_large_image","twitter_misc":{"Gesch\u00e4tzte Lesezeit":"1\u00a0Minute"},"schema":{"@context":"https:\/\/schema.org","@graph":[{"@type":"WebPage","@id":"https:\/\/eschringen.de\/wordpress\/geschichte\/archiv\/27-05-06-gospelfieber-in-eschringen\/","url":"https:\/\/eschringen.de\/wordpress\/geschichte\/archiv\/27-05-06-gospelfieber-in-eschringen\/","name":"27.05.06 - Gospelfieber in Eschringen - Eschringen","isPartOf":{"@id":"https:\/\/eschringen.de\/wordpress\/#website"},"datePublished":"2017-02-19T20:05:05+00:00","breadcrumb":{"@id":"https:\/\/eschringen.de\/wordpress\/geschichte\/archiv\/27-05-06-gospelfieber-in-eschringen\/#breadcrumb"},"inLanguage":"de","potentialAction":[{"@type":"ReadAction","target":["https:\/\/eschringen.de\/wordpress\/geschichte\/archiv\/27-05-06-gospelfieber-in-eschringen\/"]}]},{"@type":"BreadcrumbList","@id":"https:\/\/eschringen.de\/wordpress\/geschichte\/archiv\/27-05-06-gospelfieber-in-eschringen\/#breadcrumb","itemListElement":[{"@type":"ListItem","position":1,"name":"Startseite","item":"https:\/\/eschringen.de\/wordpress\/"},{"@type":"ListItem","position":2,"name":"Geschichte","item":"https:\/\/eschringen.de\/wordpress\/geschichte\/"},{"@type":"ListItem","position":3,"name":"Archiv","item":"https:\/\/eschringen.de\/wordpress\/geschichte\/archiv\/"},{"@type":"ListItem","position":4,"name":"27.05.06 &#8211; Gospelfieber in Eschringen"}]},{"@type":"WebSite","@id":"https:\/\/eschringen.de\/wordpress\/#website","url":"https:\/\/eschringen.de\/wordpress\/","name":"Eschringen","description":"","publisher":{"@id":"https:\/\/eschringen.de\/wordpress\/#organization"},"potentialAction":[{"@type":"SearchAction","target":{"@type":"EntryPoint","urlTemplate":"https:\/\/eschringen.de\/wordpress\/?s={search_term_string}"},"query-input":{"@type":"PropertyValueSpecification","valueRequired":true,"valueName":"search_term_string"}}],"inLanguage":"de"},{"@type":"Organization","@id":"https:\/\/eschringen.de\/wordpress\/#organization","name":"Eschringen","url":"https:\/\/eschringen.de\/wordpress\/","logo":{"@type":"ImageObject","inLanguage":"de","@id":"https:\/\/eschringen.de\/wordpress\/#\/schema\/logo\/image\/","url":"https:\/\/eschringen.de\/wordpress\/wp-content\/uploads\/2017\/03\/2017_kw15.jpg","contentUrl":"https:\/\/eschringen.de\/wordpress\/wp-content\/uploads\/2017\/03\/2017_kw15.jpg","width":784,"height":447,"caption":"Eschringen"},"image":{"@id":"https:\/\/eschringen.de\/wordpress\/#\/schema\/logo\/image\/"}}]}},"jetpack_sharing_enabled":true,"_links":{"self":[{"href":"https:\/\/eschringen.de\/wordpress\/wp-json\/wp\/v2\/pages\/855","targetHints":{"allow":["GET"]}}],"collection":[{"href":"https:\/\/eschringen.de\/wordpress\/wp-json\/wp\/v2\/pages"}],"about":[{"href":"https:\/\/eschringen.de\/wordpress\/wp-json\/wp\/v2\/types\/page"}],"author":[{"embeddable":true,"href":"https:\/\/eschringen.de\/wordpress\/wp-json\/wp\/v2\/users\/1"}],"replies":[{"embeddable":true,"href":"https:\/\/eschringen.de\/wordpress\/wp-json\/wp\/v2\/comments?post=855"}],"version-history":[{"count":2,"href":"https:\/\/eschringen.de\/wordpress\/wp-json\/wp\/v2\/pages\/855\/revisions"}],"predecessor-version":[{"id":857,"href":"https:\/\/eschringen.de\/wordpress\/wp-json\/wp\/v2\/pages\/855\/revisions\/857"}],"up":[{"embeddable":true,"href":"https:\/\/eschringen.de\/wordpress\/wp-json\/wp\/v2\/pages\/403"}],"wp:attachment":[{"href":"https:\/\/eschringen.de\/wordpress\/wp-json\/wp\/v2\/media?parent=855"}],"curies":[{"name":"wp","href":"https:\/\/api.w.org\/{rel}","templated":true}]}}

<p><strong>27.05.2006, 16.00 Uhr, ein Anruf: „Wir stehen gerade vor einem grünen Zwiebelturm! Sind wir da richtig?“</strong></p>
<p>Nach einer über einstündigen Fahrt waren sie eingetroffen: Die Ron Stevens Gospel Singers! Bereit, die Eschringer zwei Stunden lang mit traditionellen und modernen Liedern, a cappella oder rhythmisch aufgemotzt, zu verwöhnen. Trotz des zeitgleich stattfindenden Events „Rock den Katholikentag“ waren die Eschringer zahlreich erschienen. Schnell griff das Gospel-Fieber vor allem auf die jüngeren Besucher über und es wurde eifrig mitgesungen und mitgeklatscht. Die Ron Stevens Gospel Singers bedanken sich bei allen Besuchern für das aktive Mitgestalten und die großzügige Spende. Ein besonderer Dank gilt den Familien Kimmling und Zimmermann, die nach dem Konzert bei einem Umtrunk prickelnde Traubenerzeugnisse zum Befeuchten der strapazierten Kehlen reichten und Familie Peter, wo die Luxemburger Formation in den Genuss einer typisch saarländischen Gulaschsuppe kam. Als gegen Mitternacht der Tourbus aus der Ponsheimer Straße rollte, waren sich alle einig: Wir kommen wieder!</p>
<p>&nbsp;</p>

<p>27.05.2006, 16.00 Uhr, ein Anruf: „Wir stehen gerade vor einem grünen Zwiebelturm! Sind wir da richtig?“ Nach einer über einstündigen Fahrt waren sie eingetroffen: Die Ron Stevens Gospel Singers! Bereit, die Eschringer zwei Stunden lang mit traditionellen und modernen Liedern, a cappella oder rhythmisch aufgemotzt, zu verwöhnen. Trotz des zeitgleich stattfindenden Events „Rock den Katholikentag“ &#8230; <a title="27.05.06 &#8211; Gospelfieber in Eschringen" class="read-more" href="https://eschringen.de/wordpress/geschichte/archiv/27-05-06-gospelfieber-in-eschringen/" aria-label="Mehr Informationen über 27.05.06 &#8211; Gospelfieber in Eschringen">Weiterlesen &#8230;</a></p>

<!-- This site is optimized with the Yoast SEO plugin v27.5 - https://yoast.com/product/yoast-seo-wordpress/ -->
<title>27.05.06 - Gospelfieber in Eschringen - Eschringen</title>
<meta name="robots" content="index, follow, max-snippet:-1, max-image-preview:large, max-video-preview:-1" />
<link rel="canonical" href="https://eschringen.de/wordpress/geschichte/archiv/27-05-06-gospelfieber-in-eschringen/" />
<meta property="og:locale" content="de_DE" />
<meta property="og:type" content="article" />
<meta property="og:title" content="27.05.06 - Gospelfieber in Eschringen - Eschringen" />
<meta property="og:description" content="27.05.2006, 16.00 Uhr, ein Anruf: „Wir stehen gerade vor einem grünen Zwiebelturm! Sind wir da richtig?“ Nach einer über einstündigen Fahrt waren sie eingetroffen: Die Ron Stevens Gospel Singers! Bereit, die Eschringer zwei Stunden lang mit traditionellen und modernen Liedern, a cappella oder rhythmisch aufgemotzt, zu verwöhnen. Trotz des zeitgleich stattfindenden Events „Rock den Katholikentag“ ... Weiterlesen ..." />
<meta property="og:url" content="https://eschringen.de/wordpress/geschichte/archiv/27-05-06-gospelfieber-in-eschringen/" />
<meta property="og:site_name" content="Eschringen" />
<meta name="twitter:card" content="summary_large_image" />
<meta name="twitter:label1" content="Geschätzte Lesezeit" />
	<meta name="twitter:data1" content="1 Minute" />
<script type="application/ld+json" class="yoast-schema-graph">{"@context":"https:\/\/schema.org","@graph":[{"@type":"WebPage","@id":"https:\/\/eschringen.de\/wordpress\/geschichte\/archiv\/27-05-06-gospelfieber-in-eschringen\/","url":"https:\/\/eschringen.de\/wordpress\/geschichte\/archiv\/27-05-06-gospelfieber-in-eschringen\/","name":"27.05.06 - Gospelfieber in Eschringen - Eschringen","isPartOf":{"@id":"https:\/\/eschringen.de\/wordpress\/#website"},"datePublished":"2017-02-19T20:05:05+00:00","breadcrumb":{"@id":"https:\/\/eschringen.de\/wordpress\/geschichte\/archiv\/27-05-06-gospelfieber-in-eschringen\/#breadcrumb"},"inLanguage":"de","potentialAction":[{"@type":"ReadAction","target":["https:\/\/eschringen.de\/wordpress\/geschichte\/archiv\/27-05-06-gospelfieber-in-eschringen\/"]}]},{"@type":"BreadcrumbList","@id":"https:\/\/eschringen.de\/wordpress\/geschichte\/archiv\/27-05-06-gospelfieber-in-eschringen\/#breadcrumb","itemListElement":[{"@type":"ListItem","position":1,"name":"Startseite","item":"https:\/\/eschringen.de\/wordpress\/"},{"@type":"ListItem","position":2,"name":"Geschichte","item":"https:\/\/eschringen.de\/wordpress\/geschichte\/"},{"@type":"ListItem","position":3,"name":"Archiv","item":"https:\/\/eschringen.de\/wordpress\/geschichte\/archiv\/"},{"@type":"ListItem","position":4,"name":"27.05.06 &#8211; Gospelfieber in Eschringen"}]},{"@type":"WebSite","@id":"https:\/\/eschringen.de\/wordpress\/#website","url":"https:\/\/eschringen.de\/wordpress\/","name":"Eschringen","description":"","publisher":{"@id":"https:\/\/eschringen.de\/wordpress\/#organization"},"potentialAction":[{"@type":"SearchAction","target":{"@type":"EntryPoint","urlTemplate":"https:\/\/eschringen.de\/wordpress\/?s={search_term_string}"},"query-input":{"@type":"PropertyValueSpecification","valueRequired":true,"valueName":"search_term_string"}}],"inLanguage":"de"},{"@type":"Organization","@id":"https:\/\/eschringen.de\/wordpress\/#organization","name":"Eschringen","url":"https:\/\/eschringen.de\/wordpress\/","logo":{"@type":"ImageObject","inLanguage":"de","@id":"https:\/\/eschringen.de\/wordpress\/#\/schema\/logo\/image\/","url":"https:\/\/eschringen.de\/wordpress\/wp-content\/uploads\/2017\/03\/2017_kw15.jpg","contentUrl":"https:\/\/eschringen.de\/wordpress\/wp-content\/uploads\/2017\/03\/2017_kw15.jpg","width":784,"height":447,"caption":"Eschringen"},"image":{"@id":"https:\/\/eschringen.de\/wordpress\/#\/schema\/logo\/image\/"}}]}</script>
<!-- / Yoast SEO plugin. -->

27.05.2006, 16.00 Uhr, ein Anruf: „Wir stehen gerade vor einem grünen Zwiebelturm! Sind wir da richtig?“ Nach einer über einstündigen Fahrt waren sie eingetroffen: Die Ron Stevens Gospel Singers! Bereit, die Eschringer zwei Stunden lang mit traditionellen und modernen Liedern, a cappella oder rhythmisch aufgemotzt, zu verwöhnen. Trotz des zeitgleich stattfindenden Events „Rock den Katholikentag“ ... Weiterlesen ...
