{"id":844,"date":"2017-02-19T20:53:05","date_gmt":"2017-02-19T19:53:05","guid":{"rendered":"http:\/\/eschringen.de\/wordpress\/?page_id=844"},"modified":"2024-11-24T23:07:22","modified_gmt":"2024-11-24T22:07:22","slug":"29-04-07-begeisterndes-konzert-mit-chris-jagger-co","status":"publish","type":"page","link":"https:\/\/eschringen.de\/wordpress\/geschichte\/archiv\/29-04-07-begeisterndes-konzert-mit-chris-jagger-co\/","title":{"rendered":"29.04.07 &#8211; Begeisterndes Konzert mit Chris Jagger &#038; Co."},"content":{"rendered":"<p><img data-recalc-dims=\"1\" loading=\"lazy\" decoding=\"async\" class=\"alignleft\" src=\"https:\/\/i0.wp.com\/eschringen.de\/wordpress\/wp-content\/uploads\/2024\/11\/JaggerKonzert1.jpg?resize=400%2C300&#038;ssl=1\" width=\"400\" height=\"300\" align=\"left\" hspace=\"5\" vspace=\"5\">Das hatte der Saal im Gasthaus \u201eZur Post\u201c schon lange nicht mehr erlebt: \u201eVolles Haus\u201c! Die von nah und fern (z. B. aus Bremen!!!) gekommenen Zuschauer mussten zusammenr\u00fccken; f\u00fcr etliche gab es nur noch Stehpl\u00e4tze. Rechts neben der Eingangst\u00fcr klebte ein Plakat mit der Aufschrift \u201eAusverkauft\u201c.<br \/>\nDer eher zuf\u00e4llig zustande gekommene Auftritt des englischen Singer\/Songwriters sollte die bislang bestbesuchteste Veranstaltung der von der AG Eschringer Vereine organisierten Konzertreihe werden. Und auch in puncto Stimmung lie\u00df sie nichts zu w\u00fcnschen \u00fcbrig.<br clear=\"left\"><img data-recalc-dims=\"1\" loading=\"lazy\" decoding=\"async\" class=\"alignright\" src=\"https:\/\/i0.wp.com\/eschringen.de\/wordpress\/wp-content\/uploads\/2024\/11\/JaggerKonzert3.jpg?resize=300%2C319&#038;ssl=1\" width=\"300\" height=\"319\" align=\"right\" hspace=\"5\" vspace=\"5\"> Im Mittelpunkt des musikalischen Geschehens stand nat\u00fcrlich unverkennbar Chris Jagger, seines Zeichens leidenschaftlicher S\u00e4nger, Gitarrist und Mundharmonikaspieler, der seinem namhafteren Bruder Mick hinsichtlich der B\u00fchnenpr\u00e4senz kaum nachstand. Sein Repertoire setzte sich aus von Blues, Folk, Country und Cajun Music inspirierten Eigenkompositionen (\u201ePretty Little Thing\u201c, \u201eLazy Days\u201c, \u201eTibet Blues\u201c) zusammen, hie und da erg\u00e4nzt durch Swing- &amp; Soul-Standards wie z. B. das durch Ray Charles und Joe Cocker ber\u00fchmt gewordene \u201eLet\u2019s Go Get Stoned\u201c (bei dem das Publikum eifrig mitsang) oder Traditionals, deren Urspr\u00fcnge gar aus S\u00fcdafrika stammen (\u201eManyatela\u201c). Da passte mit \u201eDead Flowers\u201c auch bestens ein ROLLING-STONES-Klassiker.<br \/>\nJagger zur Seite stand der r\u00fchrige und virtuose Multiinstrumentalist Charlie Hart (Ex-Ian Dury Band, Ex-Ronnie Lane\u2019s SLIM CHANCE) mit Fiddle und Akkordeon. Bisweilen lie\u00df der auch auf dem \u201ePost\u201c-Piano seiner Fingerfertigkeit freien Lauf.<br clear=\"right\"><img data-recalc-dims=\"1\" loading=\"lazy\" decoding=\"async\" class=\"alignleft\" src=\"https:\/\/i0.wp.com\/eschringen.de\/wordpress\/wp-content\/uploads\/2024\/11\/JaggerKonzert4.jpg?resize=400%2C300&#038;ssl=1\" width=\"400\" height=\"300\" align=\"left\" hspace=\"5\" vspace=\"5\">Als \u201especial guest\u201c agierte souver\u00e4n Schlagzeuger und Perkussionist (Congas, Waschbrett) Uli Twelker (THE GETAWAY), der erstmals mit den beiden englischen Musikern zusammenspielte und extra zu diesem einmaligen Auftritt nach Eschringen gereist war. Sein ausgefeiltes und anpassungsf\u00e4higes Schlagwerk sorgte f\u00fcr die n\u00f6tige rhythmische Basis. Den Dreien sah man ihre Spielfreude wahrlich an, und nicht von ungef\u00e4hr lie\u00df sie das Publikum erst nach mehreren Zugaben von der B\u00fchne.<br \/>\nAlles in allem ein denkw\u00fcrdiger Abend, der unterstrich, dass das von Michael Weston King gepr\u00e4gte Pr\u00e4dikat f\u00fcr Eschringen \u2013 \u201ethe Nashville of Germany\u201c \u2013 am Ende vielleicht doch nicht so weit hergeholt schein.<br \/>\nP. S. Wer noch Interesse am Erwerb von Chris-Jagger-CDs hat, sollte bei Vogelgesang audio-video in Ensheim nachfragen! <a href=\"https:\/\/www.vogelgesang.saarland\" target=\"_blank\" rel=\"noopener\">www.vogelgesang.saarland<\/a><\/p>\n<div><img data-recalc-dims=\"1\" loading=\"lazy\" decoding=\"async\" src=\"https:\/\/i0.wp.com\/eschringen.de\/wordpress\/wp-content\/uploads\/2024\/11\/jagger0.jpg?resize=400%2C533&#038;ssl=1\" width=\"400\" height=\"533\" align=\"middle\" hspace=\"0\" vspace=\"5\"><br \/>\n<img data-recalc-dims=\"1\" loading=\"lazy\" decoding=\"async\" src=\"https:\/\/i0.wp.com\/eschringen.de\/wordpress\/wp-content\/uploads\/2024\/11\/jagger2.jpg?resize=400%2C300&#038;ssl=1\" width=\"400\" height=\"300\" align=\"middle\" hspace=\"0\" vspace=\"5\"><br \/>\n<img data-recalc-dims=\"1\" loading=\"lazy\" decoding=\"async\" src=\"https:\/\/i0.wp.com\/eschringen.de\/wordpress\/wp-content\/uploads\/2024\/11\/jagger3.jpg?resize=400%2C300&#038;ssl=1\" width=\"400\" height=\"300\" align=\"middle\" hspace=\"0\" vspace=\"5\"><br \/>\n<img data-recalc-dims=\"1\" loading=\"lazy\" decoding=\"async\" src=\"https:\/\/i0.wp.com\/eschringen.de\/wordpress\/wp-content\/uploads\/2024\/11\/jagger4.jpg?resize=400%2C300&#038;ssl=1\" width=\"400\" height=\"300\" align=\"middle\" hspace=\"0\" vspace=\"5\"><\/div>\n","protected":false},"excerpt":{"rendered":"<p>Das hatte der Saal im Gasthaus \u201eZur Post\u201c schon lange nicht mehr erlebt: \u201eVolles Haus\u201c! Die von nah und fern (z. B. aus Bremen!!!) gekommenen Zuschauer mussten zusammenr\u00fccken; f\u00fcr etliche gab es nur noch Stehpl\u00e4tze. Rechts neben der Eingangst\u00fcr klebte ein Plakat mit der Aufschrift \u201eAusverkauft\u201c. Der eher zuf\u00e4llig zustande gekommene Auftritt des englischen Singer\/Songwriters &#8230; <a title=\"29.04.07 &#8211; Begeisterndes Konzert mit Chris Jagger &#038; Co.\" class=\"read-more\" href=\"https:\/\/eschringen.de\/wordpress\/geschichte\/archiv\/29-04-07-begeisterndes-konzert-mit-chris-jagger-co\/\" aria-label=\"Mehr Informationen \u00fcber 29.04.07 &#8211; Begeisterndes Konzert mit Chris Jagger &#038; Co.\">Weiterlesen &#8230;<\/a><\/p>\n","protected":false},"author":1,"featured_media":0,"parent":403,"menu_order":32,"comment_status":"closed","ping_status":"closed","template":"","meta":{"ngg_post_thumbnail":0,"footnotes":""},"class_list":["post-844","page","type-page","status-publish"],"yoast_head":"<!-- This site is optimized with the Yoast SEO plugin v27.4 - https:\/\/yoast.com\/product\/yoast-seo-wordpress\/ -->\n<title>29.04.07 - Begeisterndes Konzert mit Chris Jagger &amp; Co. - Eschringen<\/title>\n<meta name=\"robots\" content=\"index, follow, max-snippet:-1, max-image-preview:large, max-video-preview:-1\" \/>\n<link rel=\"canonical\" href=\"https:\/\/eschringen.de\/wordpress\/geschichte\/archiv\/29-04-07-begeisterndes-konzert-mit-chris-jagger-co\/\" \/>\n<meta property=\"og:locale\" content=\"de_DE\" \/>\n<meta property=\"og:type\" content=\"article\" \/>\n<meta property=\"og:title\" content=\"29.04.07 - Begeisterndes Konzert mit Chris Jagger &amp; Co. - Eschringen\" \/>\n<meta property=\"og:description\" content=\"Das hatte der Saal im Gasthaus \u201eZur Post\u201c schon lange nicht mehr erlebt: \u201eVolles Haus\u201c! Die von nah und fern (z. B. aus Bremen!!!) gekommenen Zuschauer mussten zusammenr\u00fccken; f\u00fcr etliche gab es nur noch Stehpl\u00e4tze. Rechts neben der Eingangst\u00fcr klebte ein Plakat mit der Aufschrift \u201eAusverkauft\u201c. Der eher zuf\u00e4llig zustande gekommene Auftritt des englischen Singer\/Songwriters ... Weiterlesen ...\" \/>\n<meta property=\"og:url\" content=\"https:\/\/eschringen.de\/wordpress\/geschichte\/archiv\/29-04-07-begeisterndes-konzert-mit-chris-jagger-co\/\" \/>\n<meta property=\"og:site_name\" content=\"Eschringen\" \/>\n<meta property=\"article:modified_time\" content=\"2024-11-24T22:07:22+00:00\" \/>\n<meta property=\"og:image\" content=\"https:\/\/eschringen.de\/wordpress\/wp-content\/uploads\/2024\/11\/JaggerKonzert1.jpg\" \/>\n<meta name=\"twitter:card\" content=\"summary_large_image\" \/>\n<meta name=\"twitter:label1\" content=\"Gesch\u00e4tzte Lesezeit\" \/>\n\t<meta name=\"twitter:data1\" content=\"4\u00a0Minuten\" \/>\n<script type=\"application\/ld+json\" class=\"yoast-schema-graph\">{\"@context\":\"https:\\\/\\\/schema.org\",\"@graph\":[{\"@type\":\"WebPage\",\"@id\":\"https:\\\/\\\/eschringen.de\\\/wordpress\\\/geschichte\\\/archiv\\\/29-04-07-begeisterndes-konzert-mit-chris-jagger-co\\\/\",\"url\":\"https:\\\/\\\/eschringen.de\\\/wordpress\\\/geschichte\\\/archiv\\\/29-04-07-begeisterndes-konzert-mit-chris-jagger-co\\\/\",\"name\":\"29.04.07 - Begeisterndes Konzert mit Chris Jagger & Co. - Eschringen\",\"isPartOf\":{\"@id\":\"https:\\\/\\\/eschringen.de\\\/wordpress\\\/#website\"},\"primaryImageOfPage\":{\"@id\":\"https:\\\/\\\/eschringen.de\\\/wordpress\\\/geschichte\\\/archiv\\\/29-04-07-begeisterndes-konzert-mit-chris-jagger-co\\\/#primaryimage\"},\"image\":{\"@id\":\"https:\\\/\\\/eschringen.de\\\/wordpress\\\/geschichte\\\/archiv\\\/29-04-07-begeisterndes-konzert-mit-chris-jagger-co\\\/#primaryimage\"},\"thumbnailUrl\":\"https:\\\/\\\/eschringen.de\\\/wordpress\\\/wp-content\\\/uploads\\\/2024\\\/11\\\/JaggerKonzert1.jpg\",\"datePublished\":\"2017-02-19T19:53:05+00:00\",\"dateModified\":\"2024-11-24T22:07:22+00:00\",\"breadcrumb\":{\"@id\":\"https:\\\/\\\/eschringen.de\\\/wordpress\\\/geschichte\\\/archiv\\\/29-04-07-begeisterndes-konzert-mit-chris-jagger-co\\\/#breadcrumb\"},\"inLanguage\":\"de\",\"potentialAction\":[{\"@type\":\"ReadAction\",\"target\":[\"https:\\\/\\\/eschringen.de\\\/wordpress\\\/geschichte\\\/archiv\\\/29-04-07-begeisterndes-konzert-mit-chris-jagger-co\\\/\"]}]},{\"@type\":\"ImageObject\",\"inLanguage\":\"de\",\"@id\":\"https:\\\/\\\/eschringen.de\\\/wordpress\\\/geschichte\\\/archiv\\\/29-04-07-begeisterndes-konzert-mit-chris-jagger-co\\\/#primaryimage\",\"url\":\"https:\\\/\\\/i0.wp.com\\\/eschringen.de\\\/wordpress\\\/wp-content\\\/uploads\\\/2024\\\/11\\\/JaggerKonzert1.jpg?fit=400%2C300&ssl=1\",\"contentUrl\":\"https:\\\/\\\/i0.wp.com\\\/eschringen.de\\\/wordpress\\\/wp-content\\\/uploads\\\/2024\\\/11\\\/JaggerKonzert1.jpg?fit=400%2C300&ssl=1\",\"width\":400,\"height\":300},{\"@type\":\"BreadcrumbList\",\"@id\":\"https:\\\/\\\/eschringen.de\\\/wordpress\\\/geschichte\\\/archiv\\\/29-04-07-begeisterndes-konzert-mit-chris-jagger-co\\\/#breadcrumb\",\"itemListElement\":[{\"@type\":\"ListItem\",\"position\":1,\"name\":\"Startseite\",\"item\":\"https:\\\/\\\/eschringen.de\\\/wordpress\\\/\"},{\"@type\":\"ListItem\",\"position\":2,\"name\":\"Geschichte\",\"item\":\"https:\\\/\\\/eschringen.de\\\/wordpress\\\/geschichte\\\/\"},{\"@type\":\"ListItem\",\"position\":3,\"name\":\"Archiv\",\"item\":\"https:\\\/\\\/eschringen.de\\\/wordpress\\\/geschichte\\\/archiv\\\/\"},{\"@type\":\"ListItem\",\"position\":4,\"name\":\"29.04.07 &#8211; Begeisterndes Konzert mit Chris Jagger &#038; Co.\"}]},{\"@type\":\"WebSite\",\"@id\":\"https:\\\/\\\/eschringen.de\\\/wordpress\\\/#website\",\"url\":\"https:\\\/\\\/eschringen.de\\\/wordpress\\\/\",\"name\":\"Eschringen\",\"description\":\"\",\"publisher\":{\"@id\":\"https:\\\/\\\/eschringen.de\\\/wordpress\\\/#organization\"},\"potentialAction\":[{\"@type\":\"SearchAction\",\"target\":{\"@type\":\"EntryPoint\",\"urlTemplate\":\"https:\\\/\\\/eschringen.de\\\/wordpress\\\/?s={search_term_string}\"},\"query-input\":{\"@type\":\"PropertyValueSpecification\",\"valueRequired\":true,\"valueName\":\"search_term_string\"}}],\"inLanguage\":\"de\"},{\"@type\":\"Organization\",\"@id\":\"https:\\\/\\\/eschringen.de\\\/wordpress\\\/#organization\",\"name\":\"Eschringen\",\"url\":\"https:\\\/\\\/eschringen.de\\\/wordpress\\\/\",\"logo\":{\"@type\":\"ImageObject\",\"inLanguage\":\"de\",\"@id\":\"https:\\\/\\\/eschringen.de\\\/wordpress\\\/#\\\/schema\\\/logo\\\/image\\\/\",\"url\":\"https:\\\/\\\/eschringen.de\\\/wordpress\\\/wp-content\\\/uploads\\\/2017\\\/03\\\/2017_kw15.jpg\",\"contentUrl\":\"https:\\\/\\\/eschringen.de\\\/wordpress\\\/wp-content\\\/uploads\\\/2017\\\/03\\\/2017_kw15.jpg\",\"width\":784,\"height\":447,\"caption\":\"Eschringen\"},\"image\":{\"@id\":\"https:\\\/\\\/eschringen.de\\\/wordpress\\\/#\\\/schema\\\/logo\\\/image\\\/\"}}]}<\/script>\n<!-- \/ Yoast SEO plugin. -->","yoast_head_json":{"title":"29.04.07 - Begeisterndes Konzert mit Chris Jagger & Co. - Eschringen","robots":{"index":"index","follow":"follow","max-snippet":"max-snippet:-1","max-image-preview":"max-image-preview:large","max-video-preview":"max-video-preview:-1"},"canonical":"https:\/\/eschringen.de\/wordpress\/geschichte\/archiv\/29-04-07-begeisterndes-konzert-mit-chris-jagger-co\/","og_locale":"de_DE","og_type":"article","og_title":"29.04.07 - Begeisterndes Konzert mit Chris Jagger & Co. - Eschringen","og_description":"Das hatte der Saal im Gasthaus \u201eZur Post\u201c schon lange nicht mehr erlebt: \u201eVolles Haus\u201c! Die von nah und fern (z. B. aus Bremen!!!) gekommenen Zuschauer mussten zusammenr\u00fccken; f\u00fcr etliche gab es nur noch Stehpl\u00e4tze. Rechts neben der Eingangst\u00fcr klebte ein Plakat mit der Aufschrift \u201eAusverkauft\u201c. Der eher zuf\u00e4llig zustande gekommene Auftritt des englischen Singer\/Songwriters ... Weiterlesen ...","og_url":"https:\/\/eschringen.de\/wordpress\/geschichte\/archiv\/29-04-07-begeisterndes-konzert-mit-chris-jagger-co\/","og_site_name":"Eschringen","article_modified_time":"2024-11-24T22:07:22+00:00","og_image":[{"url":"https:\/\/eschringen.de\/wordpress\/wp-content\/uploads\/2024\/11\/JaggerKonzert1.jpg","type":"","width":"","height":""}],"twitter_card":"summary_large_image","twitter_misc":{"Gesch\u00e4tzte Lesezeit":"4\u00a0Minuten"},"schema":{"@context":"https:\/\/schema.org","@graph":[{"@type":"WebPage","@id":"https:\/\/eschringen.de\/wordpress\/geschichte\/archiv\/29-04-07-begeisterndes-konzert-mit-chris-jagger-co\/","url":"https:\/\/eschringen.de\/wordpress\/geschichte\/archiv\/29-04-07-begeisterndes-konzert-mit-chris-jagger-co\/","name":"29.04.07 - Begeisterndes Konzert mit Chris Jagger & Co. - Eschringen","isPartOf":{"@id":"https:\/\/eschringen.de\/wordpress\/#website"},"primaryImageOfPage":{"@id":"https:\/\/eschringen.de\/wordpress\/geschichte\/archiv\/29-04-07-begeisterndes-konzert-mit-chris-jagger-co\/#primaryimage"},"image":{"@id":"https:\/\/eschringen.de\/wordpress\/geschichte\/archiv\/29-04-07-begeisterndes-konzert-mit-chris-jagger-co\/#primaryimage"},"thumbnailUrl":"https:\/\/eschringen.de\/wordpress\/wp-content\/uploads\/2024\/11\/JaggerKonzert1.jpg","datePublished":"2017-02-19T19:53:05+00:00","dateModified":"2024-11-24T22:07:22+00:00","breadcrumb":{"@id":"https:\/\/eschringen.de\/wordpress\/geschichte\/archiv\/29-04-07-begeisterndes-konzert-mit-chris-jagger-co\/#breadcrumb"},"inLanguage":"de","potentialAction":[{"@type":"ReadAction","target":["https:\/\/eschringen.de\/wordpress\/geschichte\/archiv\/29-04-07-begeisterndes-konzert-mit-chris-jagger-co\/"]}]},{"@type":"ImageObject","inLanguage":"de","@id":"https:\/\/eschringen.de\/wordpress\/geschichte\/archiv\/29-04-07-begeisterndes-konzert-mit-chris-jagger-co\/#primaryimage","url":"https:\/\/i0.wp.com\/eschringen.de\/wordpress\/wp-content\/uploads\/2024\/11\/JaggerKonzert1.jpg?fit=400%2C300&ssl=1","contentUrl":"https:\/\/i0.wp.com\/eschringen.de\/wordpress\/wp-content\/uploads\/2024\/11\/JaggerKonzert1.jpg?fit=400%2C300&ssl=1","width":400,"height":300},{"@type":"BreadcrumbList","@id":"https:\/\/eschringen.de\/wordpress\/geschichte\/archiv\/29-04-07-begeisterndes-konzert-mit-chris-jagger-co\/#breadcrumb","itemListElement":[{"@type":"ListItem","position":1,"name":"Startseite","item":"https:\/\/eschringen.de\/wordpress\/"},{"@type":"ListItem","position":2,"name":"Geschichte","item":"https:\/\/eschringen.de\/wordpress\/geschichte\/"},{"@type":"ListItem","position":3,"name":"Archiv","item":"https:\/\/eschringen.de\/wordpress\/geschichte\/archiv\/"},{"@type":"ListItem","position":4,"name":"29.04.07 &#8211; Begeisterndes Konzert mit Chris Jagger &#038; Co."}]},{"@type":"WebSite","@id":"https:\/\/eschringen.de\/wordpress\/#website","url":"https:\/\/eschringen.de\/wordpress\/","name":"Eschringen","description":"","publisher":{"@id":"https:\/\/eschringen.de\/wordpress\/#organization"},"potentialAction":[{"@type":"SearchAction","target":{"@type":"EntryPoint","urlTemplate":"https:\/\/eschringen.de\/wordpress\/?s={search_term_string}"},"query-input":{"@type":"PropertyValueSpecification","valueRequired":true,"valueName":"search_term_string"}}],"inLanguage":"de"},{"@type":"Organization","@id":"https:\/\/eschringen.de\/wordpress\/#organization","name":"Eschringen","url":"https:\/\/eschringen.de\/wordpress\/","logo":{"@type":"ImageObject","inLanguage":"de","@id":"https:\/\/eschringen.de\/wordpress\/#\/schema\/logo\/image\/","url":"https:\/\/eschringen.de\/wordpress\/wp-content\/uploads\/2017\/03\/2017_kw15.jpg","contentUrl":"https:\/\/eschringen.de\/wordpress\/wp-content\/uploads\/2017\/03\/2017_kw15.jpg","width":784,"height":447,"caption":"Eschringen"},"image":{"@id":"https:\/\/eschringen.de\/wordpress\/#\/schema\/logo\/image\/"}}]}},"jetpack_sharing_enabled":true,"_links":{"self":[{"href":"https:\/\/eschringen.de\/wordpress\/wp-json\/wp\/v2\/pages\/844","targetHints":{"allow":["GET"]}}],"collection":[{"href":"https:\/\/eschringen.de\/wordpress\/wp-json\/wp\/v2\/pages"}],"about":[{"href":"https:\/\/eschringen.de\/wordpress\/wp-json\/wp\/v2\/types\/page"}],"author":[{"embeddable":true,"href":"https:\/\/eschringen.de\/wordpress\/wp-json\/wp\/v2\/users\/1"}],"replies":[{"embeddable":true,"href":"https:\/\/eschringen.de\/wordpress\/wp-json\/wp\/v2\/comments?post=844"}],"version-history":[{"count":2,"href":"https:\/\/eschringen.de\/wordpress\/wp-json\/wp\/v2\/pages\/844\/revisions"}],"predecessor-version":[{"id":4864,"href":"https:\/\/eschringen.de\/wordpress\/wp-json\/wp\/v2\/pages\/844\/revisions\/4864"}],"up":[{"embeddable":true,"href":"https:\/\/eschringen.de\/wordpress\/wp-json\/wp\/v2\/pages\/403"}],"wp:attachment":[{"href":"https:\/\/eschringen.de\/wordpress\/wp-json\/wp\/v2\/media?parent=844"}],"curies":[{"name":"wp","href":"https:\/\/api.w.org\/{rel}","templated":true}]}}