{"id":820,"date":"2017-02-17T19:02:49","date_gmt":"2017-02-17T18:02:49","guid":{"rendered":"http:\/\/eschringen.de\/wordpress\/?page_id=820"},"modified":"2024-11-24T22:49:59","modified_gmt":"2024-11-24T21:49:59","slug":"27-04-2008-st-laurentiuskapelle-in-eschringen-erstrahlt-in-neuem-glanz","status":"publish","type":"page","link":"https:\/\/eschringen.de\/wordpress\/geschichte\/archiv\/27-04-2008-st-laurentiuskapelle-in-eschringen-erstrahlt-in-neuem-glanz\/","title":{"rendered":"27.04.2008: St. Laurentiuskapelle in Eschringen erstrahlt in neuem Glanz"},"content":{"rendered":"<p><img data-recalc-dims=\"1\" loading=\"lazy\" decoding=\"async\" class=\"alignright\" src=\"https:\/\/i0.wp.com\/eschringen.de\/wordpress\/wp-content\/uploads\/2024\/11\/LauriKap2.jpg?resize=500%2C375&#038;ssl=1\" width=\"500\" height=\"375\" align=\"right\" border=\"1\" hspace=\"5\" vspace=\"5\">Am Sonntag, den 27. April 2008, konnte die Pfarrgemeinde St. Laurentius mit gro\u00dfer Freude den Abschluss der Renovierungsarbeiten an der St. Laurentiuskapelle in der Ortsmitte feiern. Festlich er\u00f6ffnete am Vormittag der Musikverein \u201eLyra\u201c mit konzertanten St\u00fccken die Feier. Klaus R\u00f6hlig, der Vorsitzende des \u201eKapellenvereins\u201c, konnte unter den zahlreichen Besuchern auch Kajo Breuer, den B\u00fcrgermeister der Landeshauptstadt (er war eigens mit dem Fahrrad in unser Dorf gekommen), Bezirksb\u00fcrgermeisterin Anette H\u00fcbinger sowie die Bezirksratsmitglieder Burkhard Maurer und Thomas Schroeder begr\u00fc\u00dfen.<br \/>\nSichtlich beeindruckt waren die Zuh\u00f6rer der beiden F\u00fchrungen in der Kapelle. Roland Schmitt, der Leiter der Geschichtswerkstatt Eschringen, referierte sachkundig und unterhaltsam \u00fcber die Geschichte einer der \u00e4ltesten Sakralbauten im Regionalverband. Die gut 60 Sitzpl\u00e4tze bietende Kapelle war bei jedem seiner Vortr\u00e4ge bis auf den letzten Platz besetzt. Den ganzen Tag \u00fcber besichtigten interessierte Besucher das Kleinod in der Ortmitte. Am Vormittag war auch ein Team des Saarl\u00e4ndischen Rundfunks zugegen, das einen Beitrag f\u00fcr den \u201eAktuellen Bericht\u201c erstellte.<\/p>\n<p><img data-recalc-dims=\"1\" loading=\"lazy\" decoding=\"async\" class=\"alignleft\" src=\"https:\/\/i0.wp.com\/eschringen.de\/wordpress\/wp-content\/uploads\/2024\/11\/LauriKap3.jpg?resize=500%2C370&#038;ssl=1\" width=\"500\" height=\"370\" align=\"left\" border=\"1\" hspace=\"5\" vspace=\"5\"> Zu Beginn des neuen Jahrtausends war immer deutlicher zum Vorschein getreten, dass die Kapelle dringend einer \u201eGeneral\u00fcberholung\u201c bedurfte. Insbesondere das Dachgeb\u00e4lk war stark angegriffen. Eine Schadensaufnahme im Juni 2003 belegte, dass in der Tat bald gehandelt werden musste. W\u00e4hrend sich die Verantwortlichen der Pfarrgemeinde unter Leitung von Pfarrer Fridolin Flieger um die Regularien k\u00fcmmerten, bem\u00fchte sich der noch im selben Jahr gegr\u00fcndete \u201eKapellenf\u00f6rderverein\u201c um die Beschaffung von (zus\u00e4tzlichen) Spendengeldern, bem\u00fchte sich dar\u00fcber hinaus, auch die kulturhistorisch-architektonische Bedeutung der Kapelle in der Region herauszustellen. Nach umfangreichen Untersuchungen wurden in den Jahren 2006 bis 2008 Fundamente, Au\u00dfenputz, Dachstuhl und Schiefereindeckung, Innenanstrich, Au\u00dfenanlagen, Elektrik und Heizung saniert bzw. erneuert. Am auff\u00e4lligsten aber sind die nun in ihrer urspr\u00fcnglichen, kr\u00e4ftigen roten Farbfassung erstrahlenden Alt\u00e4re.<br \/>\nDie Kosten in H\u00f6he von 150.000 \u20ac wurden zur H\u00e4lfte vom Bistum Speyer \u00fcbernommen. Die andere H\u00e4lfte musste die Pfarrgemeinde selbst aufbringen. Dies gelang durch den gro\u00dfen Einsatz des Kapellenvereins, der \u00fcber 65.000 \u20ac als Spenden sammeln konnte. Die Festschrift des Kapellenvereins dokumentiert u. a. die Restaurierungsarbeiten. Eine feierliche Sonntagsvesper, die der Kirchenchor St. Laurentius mit dem St. Laurentiuslied und dem Abendgru\u00df umrahmte, beendete den Festtag. Ankn\u00fcpfend an die Lesung von Jakobs Traum aus dem Buch Genesis (Gen 28,10- 19) bezeichnete Pfarrer Fridolin Flieger die Kapelle als einen Ort \u201ewo sich Himmel und Erde ber\u00fchren\u201c.<br \/>\nDie Kapelle ist \u00fcbrigens von Mai bis Oktober tags\u00fcber ge\u00f6ffnet.<\/p>\n","protected":false},"excerpt":{"rendered":"<p>Am Sonntag, den 27. April 2008, konnte die Pfarrgemeinde St. Laurentius mit gro\u00dfer Freude den Abschluss der Renovierungsarbeiten an der St. Laurentiuskapelle in der Ortsmitte feiern. Festlich er\u00f6ffnete am Vormittag der Musikverein \u201eLyra\u201c mit konzertanten St\u00fccken die Feier. Klaus R\u00f6hlig, der Vorsitzende des \u201eKapellenvereins\u201c, konnte unter den zahlreichen Besuchern auch Kajo Breuer, den B\u00fcrgermeister der &#8230; <a title=\"27.04.2008: St. Laurentiuskapelle in Eschringen erstrahlt in neuem Glanz\" class=\"read-more\" href=\"https:\/\/eschringen.de\/wordpress\/geschichte\/archiv\/27-04-2008-st-laurentiuskapelle-in-eschringen-erstrahlt-in-neuem-glanz\/\" aria-label=\"Mehr Informationen \u00fcber 27.04.2008: St. Laurentiuskapelle in Eschringen erstrahlt in neuem Glanz\">Weiterlesen &#8230;<\/a><\/p>\n","protected":false},"author":1,"featured_media":0,"parent":403,"menu_order":25,"comment_status":"closed","ping_status":"closed","template":"","meta":{"ngg_post_thumbnail":0,"footnotes":""},"class_list":["post-820","page","type-page","status-publish"],"yoast_head":"<!-- This site is optimized with the Yoast SEO plugin v27.4 - https:\/\/yoast.com\/product\/yoast-seo-wordpress\/ -->\n<title>27.04.2008: St. Laurentiuskapelle in Eschringen erstrahlt in neuem Glanz - Eschringen<\/title>\n<meta name=\"robots\" content=\"index, follow, max-snippet:-1, max-image-preview:large, max-video-preview:-1\" \/>\n<link rel=\"canonical\" href=\"https:\/\/eschringen.de\/wordpress\/geschichte\/archiv\/27-04-2008-st-laurentiuskapelle-in-eschringen-erstrahlt-in-neuem-glanz\/\" \/>\n<meta property=\"og:locale\" content=\"de_DE\" \/>\n<meta property=\"og:type\" content=\"article\" \/>\n<meta property=\"og:title\" content=\"27.04.2008: St. Laurentiuskapelle in Eschringen erstrahlt in neuem Glanz - Eschringen\" \/>\n<meta property=\"og:description\" content=\"Am Sonntag, den 27. April 2008, konnte die Pfarrgemeinde St. Laurentius mit gro\u00dfer Freude den Abschluss der Renovierungsarbeiten an der St. Laurentiuskapelle in der Ortsmitte feiern. Festlich er\u00f6ffnete am Vormittag der Musikverein \u201eLyra\u201c mit konzertanten St\u00fccken die Feier. Klaus R\u00f6hlig, der Vorsitzende des \u201eKapellenvereins\u201c, konnte unter den zahlreichen Besuchern auch Kajo Breuer, den B\u00fcrgermeister der ... Weiterlesen ...\" \/>\n<meta property=\"og:url\" content=\"https:\/\/eschringen.de\/wordpress\/geschichte\/archiv\/27-04-2008-st-laurentiuskapelle-in-eschringen-erstrahlt-in-neuem-glanz\/\" \/>\n<meta property=\"og:site_name\" content=\"Eschringen\" \/>\n<meta property=\"article:modified_time\" content=\"2024-11-24T21:49:59+00:00\" \/>\n<meta property=\"og:image\" content=\"https:\/\/eschringen.de\/wordpress\/wp-content\/uploads\/2024\/11\/LauriKap2.jpg\" \/>\n<meta name=\"twitter:card\" content=\"summary_large_image\" \/>\n<meta name=\"twitter:label1\" content=\"Gesch\u00e4tzte Lesezeit\" \/>\n\t<meta name=\"twitter:data1\" content=\"3\u00a0Minuten\" \/>\n<script type=\"application\/ld+json\" class=\"yoast-schema-graph\">{\"@context\":\"https:\\\/\\\/schema.org\",\"@graph\":[{\"@type\":\"WebPage\",\"@id\":\"https:\\\/\\\/eschringen.de\\\/wordpress\\\/geschichte\\\/archiv\\\/27-04-2008-st-laurentiuskapelle-in-eschringen-erstrahlt-in-neuem-glanz\\\/\",\"url\":\"https:\\\/\\\/eschringen.de\\\/wordpress\\\/geschichte\\\/archiv\\\/27-04-2008-st-laurentiuskapelle-in-eschringen-erstrahlt-in-neuem-glanz\\\/\",\"name\":\"27.04.2008: St. Laurentiuskapelle in Eschringen erstrahlt in neuem Glanz - Eschringen\",\"isPartOf\":{\"@id\":\"https:\\\/\\\/eschringen.de\\\/wordpress\\\/#website\"},\"primaryImageOfPage\":{\"@id\":\"https:\\\/\\\/eschringen.de\\\/wordpress\\\/geschichte\\\/archiv\\\/27-04-2008-st-laurentiuskapelle-in-eschringen-erstrahlt-in-neuem-glanz\\\/#primaryimage\"},\"image\":{\"@id\":\"https:\\\/\\\/eschringen.de\\\/wordpress\\\/geschichte\\\/archiv\\\/27-04-2008-st-laurentiuskapelle-in-eschringen-erstrahlt-in-neuem-glanz\\\/#primaryimage\"},\"thumbnailUrl\":\"https:\\\/\\\/eschringen.de\\\/wordpress\\\/wp-content\\\/uploads\\\/2024\\\/11\\\/LauriKap2.jpg\",\"datePublished\":\"2017-02-17T18:02:49+00:00\",\"dateModified\":\"2024-11-24T21:49:59+00:00\",\"breadcrumb\":{\"@id\":\"https:\\\/\\\/eschringen.de\\\/wordpress\\\/geschichte\\\/archiv\\\/27-04-2008-st-laurentiuskapelle-in-eschringen-erstrahlt-in-neuem-glanz\\\/#breadcrumb\"},\"inLanguage\":\"de\",\"potentialAction\":[{\"@type\":\"ReadAction\",\"target\":[\"https:\\\/\\\/eschringen.de\\\/wordpress\\\/geschichte\\\/archiv\\\/27-04-2008-st-laurentiuskapelle-in-eschringen-erstrahlt-in-neuem-glanz\\\/\"]}]},{\"@type\":\"ImageObject\",\"inLanguage\":\"de\",\"@id\":\"https:\\\/\\\/eschringen.de\\\/wordpress\\\/geschichte\\\/archiv\\\/27-04-2008-st-laurentiuskapelle-in-eschringen-erstrahlt-in-neuem-glanz\\\/#primaryimage\",\"url\":\"https:\\\/\\\/i0.wp.com\\\/eschringen.de\\\/wordpress\\\/wp-content\\\/uploads\\\/2024\\\/11\\\/LauriKap2.jpg?fit=500%2C375&ssl=1\",\"contentUrl\":\"https:\\\/\\\/i0.wp.com\\\/eschringen.de\\\/wordpress\\\/wp-content\\\/uploads\\\/2024\\\/11\\\/LauriKap2.jpg?fit=500%2C375&ssl=1\",\"width\":500,\"height\":375},{\"@type\":\"BreadcrumbList\",\"@id\":\"https:\\\/\\\/eschringen.de\\\/wordpress\\\/geschichte\\\/archiv\\\/27-04-2008-st-laurentiuskapelle-in-eschringen-erstrahlt-in-neuem-glanz\\\/#breadcrumb\",\"itemListElement\":[{\"@type\":\"ListItem\",\"position\":1,\"name\":\"Startseite\",\"item\":\"https:\\\/\\\/eschringen.de\\\/wordpress\\\/\"},{\"@type\":\"ListItem\",\"position\":2,\"name\":\"Geschichte\",\"item\":\"https:\\\/\\\/eschringen.de\\\/wordpress\\\/geschichte\\\/\"},{\"@type\":\"ListItem\",\"position\":3,\"name\":\"Archiv\",\"item\":\"https:\\\/\\\/eschringen.de\\\/wordpress\\\/geschichte\\\/archiv\\\/\"},{\"@type\":\"ListItem\",\"position\":4,\"name\":\"27.04.2008: St. Laurentiuskapelle in Eschringen erstrahlt in neuem Glanz\"}]},{\"@type\":\"WebSite\",\"@id\":\"https:\\\/\\\/eschringen.de\\\/wordpress\\\/#website\",\"url\":\"https:\\\/\\\/eschringen.de\\\/wordpress\\\/\",\"name\":\"Eschringen\",\"description\":\"\",\"publisher\":{\"@id\":\"https:\\\/\\\/eschringen.de\\\/wordpress\\\/#organization\"},\"potentialAction\":[{\"@type\":\"SearchAction\",\"target\":{\"@type\":\"EntryPoint\",\"urlTemplate\":\"https:\\\/\\\/eschringen.de\\\/wordpress\\\/?s={search_term_string}\"},\"query-input\":{\"@type\":\"PropertyValueSpecification\",\"valueRequired\":true,\"valueName\":\"search_term_string\"}}],\"inLanguage\":\"de\"},{\"@type\":\"Organization\",\"@id\":\"https:\\\/\\\/eschringen.de\\\/wordpress\\\/#organization\",\"name\":\"Eschringen\",\"url\":\"https:\\\/\\\/eschringen.de\\\/wordpress\\\/\",\"logo\":{\"@type\":\"ImageObject\",\"inLanguage\":\"de\",\"@id\":\"https:\\\/\\\/eschringen.de\\\/wordpress\\\/#\\\/schema\\\/logo\\\/image\\\/\",\"url\":\"https:\\\/\\\/eschringen.de\\\/wordpress\\\/wp-content\\\/uploads\\\/2017\\\/03\\\/2017_kw15.jpg\",\"contentUrl\":\"https:\\\/\\\/eschringen.de\\\/wordpress\\\/wp-content\\\/uploads\\\/2017\\\/03\\\/2017_kw15.jpg\",\"width\":784,\"height\":447,\"caption\":\"Eschringen\"},\"image\":{\"@id\":\"https:\\\/\\\/eschringen.de\\\/wordpress\\\/#\\\/schema\\\/logo\\\/image\\\/\"}}]}<\/script>\n<!-- \/ Yoast SEO plugin. -->","yoast_head_json":{"title":"27.04.2008: St. Laurentiuskapelle in Eschringen erstrahlt in neuem Glanz - Eschringen","robots":{"index":"index","follow":"follow","max-snippet":"max-snippet:-1","max-image-preview":"max-image-preview:large","max-video-preview":"max-video-preview:-1"},"canonical":"https:\/\/eschringen.de\/wordpress\/geschichte\/archiv\/27-04-2008-st-laurentiuskapelle-in-eschringen-erstrahlt-in-neuem-glanz\/","og_locale":"de_DE","og_type":"article","og_title":"27.04.2008: St. Laurentiuskapelle in Eschringen erstrahlt in neuem Glanz - Eschringen","og_description":"Am Sonntag, den 27. April 2008, konnte die Pfarrgemeinde St. Laurentius mit gro\u00dfer Freude den Abschluss der Renovierungsarbeiten an der St. Laurentiuskapelle in der Ortsmitte feiern. Festlich er\u00f6ffnete am Vormittag der Musikverein \u201eLyra\u201c mit konzertanten St\u00fccken die Feier. Klaus R\u00f6hlig, der Vorsitzende des \u201eKapellenvereins\u201c, konnte unter den zahlreichen Besuchern auch Kajo Breuer, den B\u00fcrgermeister der ... Weiterlesen ...","og_url":"https:\/\/eschringen.de\/wordpress\/geschichte\/archiv\/27-04-2008-st-laurentiuskapelle-in-eschringen-erstrahlt-in-neuem-glanz\/","og_site_name":"Eschringen","article_modified_time":"2024-11-24T21:49:59+00:00","og_image":[{"url":"https:\/\/eschringen.de\/wordpress\/wp-content\/uploads\/2024\/11\/LauriKap2.jpg","type":"","width":"","height":""}],"twitter_card":"summary_large_image","twitter_misc":{"Gesch\u00e4tzte Lesezeit":"3\u00a0Minuten"},"schema":{"@context":"https:\/\/schema.org","@graph":[{"@type":"WebPage","@id":"https:\/\/eschringen.de\/wordpress\/geschichte\/archiv\/27-04-2008-st-laurentiuskapelle-in-eschringen-erstrahlt-in-neuem-glanz\/","url":"https:\/\/eschringen.de\/wordpress\/geschichte\/archiv\/27-04-2008-st-laurentiuskapelle-in-eschringen-erstrahlt-in-neuem-glanz\/","name":"27.04.2008: St. Laurentiuskapelle in Eschringen erstrahlt in neuem Glanz - Eschringen","isPartOf":{"@id":"https:\/\/eschringen.de\/wordpress\/#website"},"primaryImageOfPage":{"@id":"https:\/\/eschringen.de\/wordpress\/geschichte\/archiv\/27-04-2008-st-laurentiuskapelle-in-eschringen-erstrahlt-in-neuem-glanz\/#primaryimage"},"image":{"@id":"https:\/\/eschringen.de\/wordpress\/geschichte\/archiv\/27-04-2008-st-laurentiuskapelle-in-eschringen-erstrahlt-in-neuem-glanz\/#primaryimage"},"thumbnailUrl":"https:\/\/eschringen.de\/wordpress\/wp-content\/uploads\/2024\/11\/LauriKap2.jpg","datePublished":"2017-02-17T18:02:49+00:00","dateModified":"2024-11-24T21:49:59+00:00","breadcrumb":{"@id":"https:\/\/eschringen.de\/wordpress\/geschichte\/archiv\/27-04-2008-st-laurentiuskapelle-in-eschringen-erstrahlt-in-neuem-glanz\/#breadcrumb"},"inLanguage":"de","potentialAction":[{"@type":"ReadAction","target":["https:\/\/eschringen.de\/wordpress\/geschichte\/archiv\/27-04-2008-st-laurentiuskapelle-in-eschringen-erstrahlt-in-neuem-glanz\/"]}]},{"@type":"ImageObject","inLanguage":"de","@id":"https:\/\/eschringen.de\/wordpress\/geschichte\/archiv\/27-04-2008-st-laurentiuskapelle-in-eschringen-erstrahlt-in-neuem-glanz\/#primaryimage","url":"https:\/\/i0.wp.com\/eschringen.de\/wordpress\/wp-content\/uploads\/2024\/11\/LauriKap2.jpg?fit=500%2C375&ssl=1","contentUrl":"https:\/\/i0.wp.com\/eschringen.de\/wordpress\/wp-content\/uploads\/2024\/11\/LauriKap2.jpg?fit=500%2C375&ssl=1","width":500,"height":375},{"@type":"BreadcrumbList","@id":"https:\/\/eschringen.de\/wordpress\/geschichte\/archiv\/27-04-2008-st-laurentiuskapelle-in-eschringen-erstrahlt-in-neuem-glanz\/#breadcrumb","itemListElement":[{"@type":"ListItem","position":1,"name":"Startseite","item":"https:\/\/eschringen.de\/wordpress\/"},{"@type":"ListItem","position":2,"name":"Geschichte","item":"https:\/\/eschringen.de\/wordpress\/geschichte\/"},{"@type":"ListItem","position":3,"name":"Archiv","item":"https:\/\/eschringen.de\/wordpress\/geschichte\/archiv\/"},{"@type":"ListItem","position":4,"name":"27.04.2008: St. Laurentiuskapelle in Eschringen erstrahlt in neuem Glanz"}]},{"@type":"WebSite","@id":"https:\/\/eschringen.de\/wordpress\/#website","url":"https:\/\/eschringen.de\/wordpress\/","name":"Eschringen","description":"","publisher":{"@id":"https:\/\/eschringen.de\/wordpress\/#organization"},"potentialAction":[{"@type":"SearchAction","target":{"@type":"EntryPoint","urlTemplate":"https:\/\/eschringen.de\/wordpress\/?s={search_term_string}"},"query-input":{"@type":"PropertyValueSpecification","valueRequired":true,"valueName":"search_term_string"}}],"inLanguage":"de"},{"@type":"Organization","@id":"https:\/\/eschringen.de\/wordpress\/#organization","name":"Eschringen","url":"https:\/\/eschringen.de\/wordpress\/","logo":{"@type":"ImageObject","inLanguage":"de","@id":"https:\/\/eschringen.de\/wordpress\/#\/schema\/logo\/image\/","url":"https:\/\/eschringen.de\/wordpress\/wp-content\/uploads\/2017\/03\/2017_kw15.jpg","contentUrl":"https:\/\/eschringen.de\/wordpress\/wp-content\/uploads\/2017\/03\/2017_kw15.jpg","width":784,"height":447,"caption":"Eschringen"},"image":{"@id":"https:\/\/eschringen.de\/wordpress\/#\/schema\/logo\/image\/"}}]}},"jetpack_sharing_enabled":true,"_links":{"self":[{"href":"https:\/\/eschringen.de\/wordpress\/wp-json\/wp\/v2\/pages\/820","targetHints":{"allow":["GET"]}}],"collection":[{"href":"https:\/\/eschringen.de\/wordpress\/wp-json\/wp\/v2\/pages"}],"about":[{"href":"https:\/\/eschringen.de\/wordpress\/wp-json\/wp\/v2\/types\/page"}],"author":[{"embeddable":true,"href":"https:\/\/eschringen.de\/wordpress\/wp-json\/wp\/v2\/users\/1"}],"replies":[{"embeddable":true,"href":"https:\/\/eschringen.de\/wordpress\/wp-json\/wp\/v2\/comments?post=820"}],"version-history":[{"count":2,"href":"https:\/\/eschringen.de\/wordpress\/wp-json\/wp\/v2\/pages\/820\/revisions"}],"predecessor-version":[{"id":4830,"href":"https:\/\/eschringen.de\/wordpress\/wp-json\/wp\/v2\/pages\/820\/revisions\/4830"}],"up":[{"embeddable":true,"href":"https:\/\/eschringen.de\/wordpress\/wp-json\/wp\/v2\/pages\/403"}],"wp:attachment":[{"href":"https:\/\/eschringen.de\/wordpress\/wp-json\/wp\/v2\/media?parent=820"}],"curies":[{"name":"wp","href":"https:\/\/api.w.org\/{rel}","templated":true}]}}