{"id":733,"date":"2017-02-16T13:41:03","date_gmt":"2017-02-16T12:41:03","guid":{"rendered":"http:\/\/eschringen.de\/wordpress\/?page_id=733"},"modified":"2022-08-20T08:58:21","modified_gmt":"2022-08-20T06:58:21","slug":"das-muehlenensemble","status":"publish","type":"page","link":"https:\/\/eschringen.de\/wordpress\/der-ort\/sehenswertes\/das-muehlenensemble\/","title":{"rendered":"Das M\u00fchlenensemble"},"content":{"rendered":"<div class=\"wp-block-image\">\n<figure class=\"alignright size-full\"><img data-recalc-dims=\"1\" loading=\"lazy\" decoding=\"async\" width=\"400\" height=\"192\" src=\"https:\/\/i0.wp.com\/eschringen.de\/wordpress\/wp-content\/uploads\/2022\/08\/muehle.jpg?resize=400%2C192&#038;ssl=1\" alt=\"\" class=\"wp-image-3599\" srcset=\"https:\/\/i0.wp.com\/eschringen.de\/wordpress\/wp-content\/uploads\/2022\/08\/muehle.jpg?w=400&amp;ssl=1 400w, https:\/\/i0.wp.com\/eschringen.de\/wordpress\/wp-content\/uploads\/2022\/08\/muehle.jpg?resize=300%2C144&amp;ssl=1 300w\" sizes=\"auto, (max-width: 400px) 100vw, 400px\" \/><\/figure>\n<\/div>\n\n\n<p>Eine Vorl\u00e4uferm\u00fchle wird 1291 urkundlich erw\u00e4hnt. Nach Zerst\u00f6rung im Drei\u00dfigj\u00e4hrigen Krieg wurde sie 1689 durch Mathias Bauer wieder aufgebaut, der sie 1699 an seinen Bruder Christmann ver\u00e4u\u00dferte. Aus dessen Betreiberzeit ist ein T\u00fcrsturz mit Zunftzeichen an der rechten Seite der Hoffassade vermauert. Die heutige Gestalt erhielt das M\u00fchlengeb\u00e4ude um 1890; 1972 Einstellung des M\u00fchlenbetriebes, danach landwirtschaftliche Nutzung des Anwesens bis 1995. Das Wohnhaus mit dem klassizistischen Bauschmuck wurde um 1883 errichtet, das separate, langgestreckte Stallgeb\u00e4ude noch im Krieg 1942 nach Zerst\u00f6rung wiederaufgebaut. Seit 1995 teilweise saniert, werden die Geb\u00e4ude zu Wohn- und Werkstattzwecken genutzt.<\/p>\n\n\n<div class=\"wp-block-image\">\n<figure class=\"alignleft size-full\"><img data-recalc-dims=\"1\" loading=\"lazy\" decoding=\"async\" width=\"400\" height=\"345\" src=\"https:\/\/i0.wp.com\/eschringen.de\/wordpress\/wp-content\/uploads\/2022\/08\/muehle1.jpg?resize=400%2C345&#038;ssl=1\" alt=\"\" class=\"wp-image-3600\" srcset=\"https:\/\/i0.wp.com\/eschringen.de\/wordpress\/wp-content\/uploads\/2022\/08\/muehle1.jpg?w=400&amp;ssl=1 400w, https:\/\/i0.wp.com\/eschringen.de\/wordpress\/wp-content\/uploads\/2022\/08\/muehle1.jpg?resize=300%2C259&amp;ssl=1 300w\" sizes=\"auto, (max-width: 400px) 100vw, 400px\" \/><\/figure>\n<\/div>\n\n\n<p><u>en francais:<\/u><\/p>\n\n\n\n<p>Moulin mention\u00e9e en 1291, d\u00e9truit et reconstruit en 1689 par Mathias Bauer qui le vend \u00e0 son fr\u00e8re Christmann (initiales sur un linteau emmur\u00e9 au c\u00f4t\u00e9 droit de la facade);l\u2019\u00e9difice actuel date de 1890, la maison d\u2019habitation aux \u00e9l\u00e9ments classicistes de 1883; minoterie abandonn\u00e9e en 1972.<\/p>\n\n\n\n<p>zit. aus dem \u201eArchitekturf\u00fchrer Saarbr\u00fccken&#8220; von Josef Baulig, Hans Mildenberger u. Gabriele Scherer. 1999; nach Angaben von Heinrich Moog.<br clear=\"left\"><u><\/u><\/p>\n\n\n\n<h6 class=\"wp-block-heading\"><u>Literaturhinweise:<\/u><\/h6>\n\n\n\n<p><a href=\"http:\/\/eschringen.de\/wordpress\/der-ort\/sehenswertes\/\"><span style=\"color: #0000a0;\">Zur\u00fcck zu Sehenswertes<\/span><\/a><\/p>\n","protected":false},"excerpt":{"rendered":"<p>Eine Vorl\u00e4uferm\u00fchle wird 1291 urkundlich erw\u00e4hnt. Nach Zerst\u00f6rung im Drei\u00dfigj\u00e4hrigen Krieg wurde sie 1689 durch Mathias Bauer wieder aufgebaut, der sie 1699 an seinen Bruder Christmann ver\u00e4u\u00dferte. Aus dessen Betreiberzeit ist ein T\u00fcrsturz mit Zunftzeichen an der rechten Seite der Hoffassade vermauert. Die heutige Gestalt erhielt das M\u00fchlengeb\u00e4ude um 1890; 1972 Einstellung des M\u00fchlenbetriebes, danach &#8230; <a title=\"Das M\u00fchlenensemble\" class=\"read-more\" href=\"https:\/\/eschringen.de\/wordpress\/der-ort\/sehenswertes\/das-muehlenensemble\/\" aria-label=\"Mehr Informationen \u00fcber Das M\u00fchlenensemble\">Weiterlesen &#8230;<\/a><\/p>\n","protected":false},"author":1,"featured_media":0,"parent":121,"menu_order":3,"comment_status":"closed","ping_status":"closed","template":"","meta":{"ngg_post_thumbnail":0,"footnotes":""},"class_list":["post-733","page","type-page","status-publish"],"yoast_head":"<!-- This site is optimized with the Yoast SEO plugin v27.4 - https:\/\/yoast.com\/product\/yoast-seo-wordpress\/ -->\n<title>Das M\u00fchlenensemble - Eschringen<\/title>\n<meta name=\"robots\" content=\"index, follow, max-snippet:-1, max-image-preview:large, max-video-preview:-1\" \/>\n<link rel=\"canonical\" href=\"https:\/\/eschringen.de\/wordpress\/der-ort\/sehenswertes\/das-muehlenensemble\/\" \/>\n<meta property=\"og:locale\" content=\"de_DE\" \/>\n<meta property=\"og:type\" content=\"article\" \/>\n<meta property=\"og:title\" content=\"Das M\u00fchlenensemble - Eschringen\" \/>\n<meta property=\"og:description\" content=\"Eine Vorl\u00e4uferm\u00fchle wird 1291 urkundlich erw\u00e4hnt. Nach Zerst\u00f6rung im Drei\u00dfigj\u00e4hrigen Krieg wurde sie 1689 durch Mathias Bauer wieder aufgebaut, der sie 1699 an seinen Bruder Christmann ver\u00e4u\u00dferte. Aus dessen Betreiberzeit ist ein T\u00fcrsturz mit Zunftzeichen an der rechten Seite der Hoffassade vermauert. Die heutige Gestalt erhielt das M\u00fchlengeb\u00e4ude um 1890; 1972 Einstellung des M\u00fchlenbetriebes, danach ... Weiterlesen ...\" \/>\n<meta property=\"og:url\" content=\"https:\/\/eschringen.de\/wordpress\/der-ort\/sehenswertes\/das-muehlenensemble\/\" \/>\n<meta property=\"og:site_name\" content=\"Eschringen\" \/>\n<meta property=\"article:modified_time\" content=\"2022-08-20T06:58:21+00:00\" \/>\n<meta property=\"og:image\" content=\"https:\/\/eschringen.de\/wordpress\/wp-content\/uploads\/2022\/08\/muehle.jpg\" \/>\n<meta name=\"twitter:card\" content=\"summary_large_image\" \/>\n<meta name=\"twitter:label1\" content=\"Gesch\u00e4tzte Lesezeit\" \/>\n\t<meta name=\"twitter:data1\" content=\"2\u00a0Minuten\" \/>\n<script type=\"application\/ld+json\" class=\"yoast-schema-graph\">{\"@context\":\"https:\\\/\\\/schema.org\",\"@graph\":[{\"@type\":\"WebPage\",\"@id\":\"https:\\\/\\\/eschringen.de\\\/wordpress\\\/der-ort\\\/sehenswertes\\\/das-muehlenensemble\\\/\",\"url\":\"https:\\\/\\\/eschringen.de\\\/wordpress\\\/der-ort\\\/sehenswertes\\\/das-muehlenensemble\\\/\",\"name\":\"Das M\u00fchlenensemble - Eschringen\",\"isPartOf\":{\"@id\":\"https:\\\/\\\/eschringen.de\\\/wordpress\\\/#website\"},\"primaryImageOfPage\":{\"@id\":\"https:\\\/\\\/eschringen.de\\\/wordpress\\\/der-ort\\\/sehenswertes\\\/das-muehlenensemble\\\/#primaryimage\"},\"image\":{\"@id\":\"https:\\\/\\\/eschringen.de\\\/wordpress\\\/der-ort\\\/sehenswertes\\\/das-muehlenensemble\\\/#primaryimage\"},\"thumbnailUrl\":\"https:\\\/\\\/eschringen.de\\\/wordpress\\\/wp-content\\\/uploads\\\/2022\\\/08\\\/muehle.jpg\",\"datePublished\":\"2017-02-16T12:41:03+00:00\",\"dateModified\":\"2022-08-20T06:58:21+00:00\",\"breadcrumb\":{\"@id\":\"https:\\\/\\\/eschringen.de\\\/wordpress\\\/der-ort\\\/sehenswertes\\\/das-muehlenensemble\\\/#breadcrumb\"},\"inLanguage\":\"de\",\"potentialAction\":[{\"@type\":\"ReadAction\",\"target\":[\"https:\\\/\\\/eschringen.de\\\/wordpress\\\/der-ort\\\/sehenswertes\\\/das-muehlenensemble\\\/\"]}]},{\"@type\":\"ImageObject\",\"inLanguage\":\"de\",\"@id\":\"https:\\\/\\\/eschringen.de\\\/wordpress\\\/der-ort\\\/sehenswertes\\\/das-muehlenensemble\\\/#primaryimage\",\"url\":\"https:\\\/\\\/i0.wp.com\\\/eschringen.de\\\/wordpress\\\/wp-content\\\/uploads\\\/2022\\\/08\\\/muehle.jpg?fit=400%2C192&ssl=1\",\"contentUrl\":\"https:\\\/\\\/i0.wp.com\\\/eschringen.de\\\/wordpress\\\/wp-content\\\/uploads\\\/2022\\\/08\\\/muehle.jpg?fit=400%2C192&ssl=1\",\"width\":400,\"height\":192},{\"@type\":\"BreadcrumbList\",\"@id\":\"https:\\\/\\\/eschringen.de\\\/wordpress\\\/der-ort\\\/sehenswertes\\\/das-muehlenensemble\\\/#breadcrumb\",\"itemListElement\":[{\"@type\":\"ListItem\",\"position\":1,\"name\":\"Startseite\",\"item\":\"https:\\\/\\\/eschringen.de\\\/wordpress\\\/\"},{\"@type\":\"ListItem\",\"position\":2,\"name\":\"Der Ort\",\"item\":\"https:\\\/\\\/eschringen.de\\\/wordpress\\\/der-ort\\\/\"},{\"@type\":\"ListItem\",\"position\":3,\"name\":\"Sehenswertes\",\"item\":\"https:\\\/\\\/eschringen.de\\\/wordpress\\\/der-ort\\\/sehenswertes\\\/\"},{\"@type\":\"ListItem\",\"position\":4,\"name\":\"Das M\u00fchlenensemble\"}]},{\"@type\":\"WebSite\",\"@id\":\"https:\\\/\\\/eschringen.de\\\/wordpress\\\/#website\",\"url\":\"https:\\\/\\\/eschringen.de\\\/wordpress\\\/\",\"name\":\"Eschringen\",\"description\":\"\",\"publisher\":{\"@id\":\"https:\\\/\\\/eschringen.de\\\/wordpress\\\/#organization\"},\"potentialAction\":[{\"@type\":\"SearchAction\",\"target\":{\"@type\":\"EntryPoint\",\"urlTemplate\":\"https:\\\/\\\/eschringen.de\\\/wordpress\\\/?s={search_term_string}\"},\"query-input\":{\"@type\":\"PropertyValueSpecification\",\"valueRequired\":true,\"valueName\":\"search_term_string\"}}],\"inLanguage\":\"de\"},{\"@type\":\"Organization\",\"@id\":\"https:\\\/\\\/eschringen.de\\\/wordpress\\\/#organization\",\"name\":\"Eschringen\",\"url\":\"https:\\\/\\\/eschringen.de\\\/wordpress\\\/\",\"logo\":{\"@type\":\"ImageObject\",\"inLanguage\":\"de\",\"@id\":\"https:\\\/\\\/eschringen.de\\\/wordpress\\\/#\\\/schema\\\/logo\\\/image\\\/\",\"url\":\"https:\\\/\\\/eschringen.de\\\/wordpress\\\/wp-content\\\/uploads\\\/2017\\\/03\\\/2017_kw15.jpg\",\"contentUrl\":\"https:\\\/\\\/eschringen.de\\\/wordpress\\\/wp-content\\\/uploads\\\/2017\\\/03\\\/2017_kw15.jpg\",\"width\":784,\"height\":447,\"caption\":\"Eschringen\"},\"image\":{\"@id\":\"https:\\\/\\\/eschringen.de\\\/wordpress\\\/#\\\/schema\\\/logo\\\/image\\\/\"}}]}<\/script>\n<!-- \/ Yoast SEO plugin. -->","yoast_head_json":{"title":"Das M\u00fchlenensemble - Eschringen","robots":{"index":"index","follow":"follow","max-snippet":"max-snippet:-1","max-image-preview":"max-image-preview:large","max-video-preview":"max-video-preview:-1"},"canonical":"https:\/\/eschringen.de\/wordpress\/der-ort\/sehenswertes\/das-muehlenensemble\/","og_locale":"de_DE","og_type":"article","og_title":"Das M\u00fchlenensemble - Eschringen","og_description":"Eine Vorl\u00e4uferm\u00fchle wird 1291 urkundlich erw\u00e4hnt. Nach Zerst\u00f6rung im Drei\u00dfigj\u00e4hrigen Krieg wurde sie 1689 durch Mathias Bauer wieder aufgebaut, der sie 1699 an seinen Bruder Christmann ver\u00e4u\u00dferte. Aus dessen Betreiberzeit ist ein T\u00fcrsturz mit Zunftzeichen an der rechten Seite der Hoffassade vermauert. Die heutige Gestalt erhielt das M\u00fchlengeb\u00e4ude um 1890; 1972 Einstellung des M\u00fchlenbetriebes, danach ... Weiterlesen ...","og_url":"https:\/\/eschringen.de\/wordpress\/der-ort\/sehenswertes\/das-muehlenensemble\/","og_site_name":"Eschringen","article_modified_time":"2022-08-20T06:58:21+00:00","og_image":[{"url":"https:\/\/eschringen.de\/wordpress\/wp-content\/uploads\/2022\/08\/muehle.jpg","type":"","width":"","height":""}],"twitter_card":"summary_large_image","twitter_misc":{"Gesch\u00e4tzte Lesezeit":"2\u00a0Minuten"},"schema":{"@context":"https:\/\/schema.org","@graph":[{"@type":"WebPage","@id":"https:\/\/eschringen.de\/wordpress\/der-ort\/sehenswertes\/das-muehlenensemble\/","url":"https:\/\/eschringen.de\/wordpress\/der-ort\/sehenswertes\/das-muehlenensemble\/","name":"Das M\u00fchlenensemble - Eschringen","isPartOf":{"@id":"https:\/\/eschringen.de\/wordpress\/#website"},"primaryImageOfPage":{"@id":"https:\/\/eschringen.de\/wordpress\/der-ort\/sehenswertes\/das-muehlenensemble\/#primaryimage"},"image":{"@id":"https:\/\/eschringen.de\/wordpress\/der-ort\/sehenswertes\/das-muehlenensemble\/#primaryimage"},"thumbnailUrl":"https:\/\/eschringen.de\/wordpress\/wp-content\/uploads\/2022\/08\/muehle.jpg","datePublished":"2017-02-16T12:41:03+00:00","dateModified":"2022-08-20T06:58:21+00:00","breadcrumb":{"@id":"https:\/\/eschringen.de\/wordpress\/der-ort\/sehenswertes\/das-muehlenensemble\/#breadcrumb"},"inLanguage":"de","potentialAction":[{"@type":"ReadAction","target":["https:\/\/eschringen.de\/wordpress\/der-ort\/sehenswertes\/das-muehlenensemble\/"]}]},{"@type":"ImageObject","inLanguage":"de","@id":"https:\/\/eschringen.de\/wordpress\/der-ort\/sehenswertes\/das-muehlenensemble\/#primaryimage","url":"https:\/\/i0.wp.com\/eschringen.de\/wordpress\/wp-content\/uploads\/2022\/08\/muehle.jpg?fit=400%2C192&ssl=1","contentUrl":"https:\/\/i0.wp.com\/eschringen.de\/wordpress\/wp-content\/uploads\/2022\/08\/muehle.jpg?fit=400%2C192&ssl=1","width":400,"height":192},{"@type":"BreadcrumbList","@id":"https:\/\/eschringen.de\/wordpress\/der-ort\/sehenswertes\/das-muehlenensemble\/#breadcrumb","itemListElement":[{"@type":"ListItem","position":1,"name":"Startseite","item":"https:\/\/eschringen.de\/wordpress\/"},{"@type":"ListItem","position":2,"name":"Der Ort","item":"https:\/\/eschringen.de\/wordpress\/der-ort\/"},{"@type":"ListItem","position":3,"name":"Sehenswertes","item":"https:\/\/eschringen.de\/wordpress\/der-ort\/sehenswertes\/"},{"@type":"ListItem","position":4,"name":"Das M\u00fchlenensemble"}]},{"@type":"WebSite","@id":"https:\/\/eschringen.de\/wordpress\/#website","url":"https:\/\/eschringen.de\/wordpress\/","name":"Eschringen","description":"","publisher":{"@id":"https:\/\/eschringen.de\/wordpress\/#organization"},"potentialAction":[{"@type":"SearchAction","target":{"@type":"EntryPoint","urlTemplate":"https:\/\/eschringen.de\/wordpress\/?s={search_term_string}"},"query-input":{"@type":"PropertyValueSpecification","valueRequired":true,"valueName":"search_term_string"}}],"inLanguage":"de"},{"@type":"Organization","@id":"https:\/\/eschringen.de\/wordpress\/#organization","name":"Eschringen","url":"https:\/\/eschringen.de\/wordpress\/","logo":{"@type":"ImageObject","inLanguage":"de","@id":"https:\/\/eschringen.de\/wordpress\/#\/schema\/logo\/image\/","url":"https:\/\/eschringen.de\/wordpress\/wp-content\/uploads\/2017\/03\/2017_kw15.jpg","contentUrl":"https:\/\/eschringen.de\/wordpress\/wp-content\/uploads\/2017\/03\/2017_kw15.jpg","width":784,"height":447,"caption":"Eschringen"},"image":{"@id":"https:\/\/eschringen.de\/wordpress\/#\/schema\/logo\/image\/"}}]}},"jetpack_sharing_enabled":true,"_links":{"self":[{"href":"https:\/\/eschringen.de\/wordpress\/wp-json\/wp\/v2\/pages\/733","targetHints":{"allow":["GET"]}}],"collection":[{"href":"https:\/\/eschringen.de\/wordpress\/wp-json\/wp\/v2\/pages"}],"about":[{"href":"https:\/\/eschringen.de\/wordpress\/wp-json\/wp\/v2\/types\/page"}],"author":[{"embeddable":true,"href":"https:\/\/eschringen.de\/wordpress\/wp-json\/wp\/v2\/users\/1"}],"replies":[{"embeddable":true,"href":"https:\/\/eschringen.de\/wordpress\/wp-json\/wp\/v2\/comments?post=733"}],"version-history":[{"count":4,"href":"https:\/\/eschringen.de\/wordpress\/wp-json\/wp\/v2\/pages\/733\/revisions"}],"predecessor-version":[{"id":3659,"href":"https:\/\/eschringen.de\/wordpress\/wp-json\/wp\/v2\/pages\/733\/revisions\/3659"}],"up":[{"embeddable":true,"href":"https:\/\/eschringen.de\/wordpress\/wp-json\/wp\/v2\/pages\/121"}],"wp:attachment":[{"href":"https:\/\/eschringen.de\/wordpress\/wp-json\/wp\/v2\/media?parent=733"}],"curies":[{"name":"wp","href":"https:\/\/api.w.org\/{rel}","templated":true}]}}