{"id":706,"date":"2017-02-13T18:45:39","date_gmt":"2017-02-13T17:45:39","guid":{"rendered":"http:\/\/eschringen.de\/wordpress\/?page_id=706"},"modified":"2017-02-24T22:17:18","modified_gmt":"2017-02-24T21:17:18","slug":"dehemm","status":"publish","type":"page","link":"https:\/\/eschringen.de\/wordpress\/die-menschen\/mundart\/dehemm\/","title":{"rendered":"Dehemm"},"content":{"rendered":"<h5>von Roberto Pertoldi, Februar 2017<\/h5>\n<p><span class=\"_3oh- _58nk\">Vunn weidem sihn isch schunn de Hof vumm Marxe Herberd, <\/span><\/p>\n<p><span class=\"_3oh- _58nk\">mei Herz kloppd, binn gleich dehemm. <\/span><\/p>\n<p><span class=\"_3oh- _58nk\">Dehemm iss fa mich die Gr\u00e4wedaaler Stro\u00df,<\/span><\/p>\n<p><span class=\"_3oh- _58nk\">mei Heim, mei Familie. <\/span><\/p>\n<p><span class=\"_3oh- _58nk\">De Bersch enuff midd imma de gleiche Gedonke,<\/span><\/p>\n<p><span class=\"_3oh- _58nk\">jeda Schridd machd mei Atmung schw\u00e4ra unn de Geischd leischda. <\/span><\/p>\n<p><span class=\"_3oh- _58nk\">Mei Herz kloppd, mei Ahdemm schw\u00e4r, dehemm! <\/span><\/p>\n<p><span class=\"_3oh- _58nk\">Alles, jedes Haus, jeda Bohm, jeda Schd\u00e4hn und Maua kenn isch, <\/span><\/p>\n<p><span class=\"_3oh- _58nk\">unn sie scheine misch se begrie\u00dfe. <\/span><\/p>\n<p><span class=\"_3oh- _58nk\">Ge morje, gunn Dach unn genowend&#8230; <\/span><\/p>\n<p><span class=\"_3oh- _58nk\">E L\u00e4cheln, bekonnd. E Duft, bekonnd. <\/span><\/p>\n<p><span class=\"_3oh- _58nk\">Glocke leide! Mussik, die isch liebe. <\/span><\/p>\n<p><span class=\"_3oh- _58nk\">Binn faschd owwe! Emm Wald n\u00e4ja. <\/span><\/p>\n<p><span class=\"_3oh- _58nk\">Isch halle e Momend inne. <\/span><\/p>\n<p><span class=\"_3oh- _58nk\">N\u00e4mm Lufd. Unn genie\u00dfe es hier unn jedzd. <\/span><\/p>\n<p><span class=\"_3oh- _58nk\">De Wald, es Grien vunn de Wiese&#8230;. <\/span><\/p>\n<p><span class=\"_3oh- _58nk\">Ebbel unn Kirschb\u00e4\u00e4m, Blumme unn Flonze, <\/span><\/p>\n<p><span class=\"_3oh- _58nk\">alles&#8230; Geflehschd unn ordendlisch. <\/span><\/p>\n<p><span class=\"_3oh- _58nk\">Alles iss hehflich. Sogar die Lufd! <\/span><\/p>\n<p><span class=\"_3oh- _58nk\">Dehemm. <\/span><\/p>\n<p><span class=\"_3oh- _58nk\">Bin endlisch hemm kumm. <\/span><\/p>\n<p><span class=\"_3oh- _58nk\">Uff da Klingel schdedd zwa nidd mei Nome, <\/span><\/p>\n<p><span class=\"_3oh- _58nk\">Awwer isch w\u00e4\u00e4\u00df, isch binn dort dehemm. <\/span><\/p>\n<p><span class=\"_3oh- _58nk\">Es lidd&#8230;e gonz himmlischa Klong. <\/span><\/p>\n<p><span class=\"_3oh- _58nk\">Mach die Aue uff. Binn wach! <\/span><\/p>\n<p><span class=\"_3oh- _58nk\">Mensch, honn ich Hemmweh.<\/span><\/p>\n<p><a href=\"http:\/\/eschringen.de\/wordpress\/die-menschen\/mundart\/\">zur\u00fcck zu Mundart<\/a><\/p>\n","protected":false},"excerpt":{"rendered":"<p>von Roberto Pertoldi, Februar 2017 Vunn weidem sihn isch schunn de Hof vumm Marxe Herberd, mei Herz kloppd, binn gleich dehemm. Dehemm iss fa mich die Gr\u00e4wedaaler Stro\u00df, mei Heim, mei Familie. De Bersch enuff midd imma de gleiche Gedonke, jeda Schridd machd mei Atmung schw\u00e4ra unn de Geischd leischda. Mei Herz kloppd, mei Ahdemm &#8230; <a title=\"Dehemm\" class=\"read-more\" href=\"https:\/\/eschringen.de\/wordpress\/die-menschen\/mundart\/dehemm\/\" aria-label=\"Mehr Informationen \u00fcber Dehemm\">Weiterlesen &#8230;<\/a><\/p>\n","protected":false},"author":1,"featured_media":0,"parent":288,"menu_order":8,"comment_status":"closed","ping_status":"closed","template":"","meta":{"ngg_post_thumbnail":0,"footnotes":""},"class_list":["post-706","page","type-page","status-publish"],"yoast_head":"<!-- This site is optimized with the Yoast SEO plugin v27.3 - https:\/\/yoast.com\/product\/yoast-seo-wordpress\/ -->\n<title>Dehemm - Eschringen<\/title>\n<meta name=\"robots\" content=\"index, follow, max-snippet:-1, max-image-preview:large, max-video-preview:-1\" \/>\n<link rel=\"canonical\" href=\"https:\/\/eschringen.de\/wordpress\/die-menschen\/mundart\/dehemm\/\" \/>\n<meta property=\"og:locale\" content=\"de_DE\" \/>\n<meta property=\"og:type\" content=\"article\" \/>\n<meta property=\"og:title\" content=\"Dehemm - Eschringen\" \/>\n<meta property=\"og:description\" content=\"von Roberto Pertoldi, Februar 2017 Vunn weidem sihn isch schunn de Hof vumm Marxe Herberd, mei Herz kloppd, binn gleich dehemm. Dehemm iss fa mich die Gr\u00e4wedaaler Stro\u00df, mei Heim, mei Familie. De Bersch enuff midd imma de gleiche Gedonke, jeda Schridd machd mei Atmung schw\u00e4ra unn de Geischd leischda. Mei Herz kloppd, mei Ahdemm ... Weiterlesen ...\" \/>\n<meta property=\"og:url\" content=\"https:\/\/eschringen.de\/wordpress\/die-menschen\/mundart\/dehemm\/\" \/>\n<meta property=\"og:site_name\" content=\"Eschringen\" \/>\n<meta property=\"article:modified_time\" content=\"2017-02-24T21:17:18+00:00\" \/>\n<meta name=\"twitter:card\" content=\"summary_large_image\" \/>\n<meta name=\"twitter:label1\" content=\"Gesch\u00e4tzte Lesezeit\" \/>\n\t<meta name=\"twitter:data1\" content=\"1\u00a0Minute\" \/>\n<script type=\"application\/ld+json\" class=\"yoast-schema-graph\">{\"@context\":\"https:\\\/\\\/schema.org\",\"@graph\":[{\"@type\":\"WebPage\",\"@id\":\"https:\\\/\\\/eschringen.de\\\/wordpress\\\/die-menschen\\\/mundart\\\/dehemm\\\/\",\"url\":\"https:\\\/\\\/eschringen.de\\\/wordpress\\\/die-menschen\\\/mundart\\\/dehemm\\\/\",\"name\":\"Dehemm - Eschringen\",\"isPartOf\":{\"@id\":\"https:\\\/\\\/eschringen.de\\\/wordpress\\\/#website\"},\"datePublished\":\"2017-02-13T17:45:39+00:00\",\"dateModified\":\"2017-02-24T21:17:18+00:00\",\"breadcrumb\":{\"@id\":\"https:\\\/\\\/eschringen.de\\\/wordpress\\\/die-menschen\\\/mundart\\\/dehemm\\\/#breadcrumb\"},\"inLanguage\":\"de\",\"potentialAction\":[{\"@type\":\"ReadAction\",\"target\":[\"https:\\\/\\\/eschringen.de\\\/wordpress\\\/die-menschen\\\/mundart\\\/dehemm\\\/\"]}]},{\"@type\":\"BreadcrumbList\",\"@id\":\"https:\\\/\\\/eschringen.de\\\/wordpress\\\/die-menschen\\\/mundart\\\/dehemm\\\/#breadcrumb\",\"itemListElement\":[{\"@type\":\"ListItem\",\"position\":1,\"name\":\"Startseite\",\"item\":\"https:\\\/\\\/eschringen.de\\\/wordpress\\\/\"},{\"@type\":\"ListItem\",\"position\":2,\"name\":\"Die Menschen\",\"item\":\"https:\\\/\\\/eschringen.de\\\/wordpress\\\/die-menschen\\\/\"},{\"@type\":\"ListItem\",\"position\":3,\"name\":\"Mundart\",\"item\":\"https:\\\/\\\/eschringen.de\\\/wordpress\\\/die-menschen\\\/mundart\\\/\"},{\"@type\":\"ListItem\",\"position\":4,\"name\":\"Dehemm\"}]},{\"@type\":\"WebSite\",\"@id\":\"https:\\\/\\\/eschringen.de\\\/wordpress\\\/#website\",\"url\":\"https:\\\/\\\/eschringen.de\\\/wordpress\\\/\",\"name\":\"Eschringen\",\"description\":\"\",\"publisher\":{\"@id\":\"https:\\\/\\\/eschringen.de\\\/wordpress\\\/#organization\"},\"potentialAction\":[{\"@type\":\"SearchAction\",\"target\":{\"@type\":\"EntryPoint\",\"urlTemplate\":\"https:\\\/\\\/eschringen.de\\\/wordpress\\\/?s={search_term_string}\"},\"query-input\":{\"@type\":\"PropertyValueSpecification\",\"valueRequired\":true,\"valueName\":\"search_term_string\"}}],\"inLanguage\":\"de\"},{\"@type\":\"Organization\",\"@id\":\"https:\\\/\\\/eschringen.de\\\/wordpress\\\/#organization\",\"name\":\"Eschringen\",\"url\":\"https:\\\/\\\/eschringen.de\\\/wordpress\\\/\",\"logo\":{\"@type\":\"ImageObject\",\"inLanguage\":\"de\",\"@id\":\"https:\\\/\\\/eschringen.de\\\/wordpress\\\/#\\\/schema\\\/logo\\\/image\\\/\",\"url\":\"https:\\\/\\\/eschringen.de\\\/wordpress\\\/wp-content\\\/uploads\\\/2017\\\/03\\\/2017_kw15.jpg\",\"contentUrl\":\"https:\\\/\\\/eschringen.de\\\/wordpress\\\/wp-content\\\/uploads\\\/2017\\\/03\\\/2017_kw15.jpg\",\"width\":784,\"height\":447,\"caption\":\"Eschringen\"},\"image\":{\"@id\":\"https:\\\/\\\/eschringen.de\\\/wordpress\\\/#\\\/schema\\\/logo\\\/image\\\/\"}}]}<\/script>\n<!-- \/ Yoast SEO plugin. -->","yoast_head_json":{"title":"Dehemm - Eschringen","robots":{"index":"index","follow":"follow","max-snippet":"max-snippet:-1","max-image-preview":"max-image-preview:large","max-video-preview":"max-video-preview:-1"},"canonical":"https:\/\/eschringen.de\/wordpress\/die-menschen\/mundart\/dehemm\/","og_locale":"de_DE","og_type":"article","og_title":"Dehemm - Eschringen","og_description":"von Roberto Pertoldi, Februar 2017 Vunn weidem sihn isch schunn de Hof vumm Marxe Herberd, mei Herz kloppd, binn gleich dehemm. Dehemm iss fa mich die Gr\u00e4wedaaler Stro\u00df, mei Heim, mei Familie. De Bersch enuff midd imma de gleiche Gedonke, jeda Schridd machd mei Atmung schw\u00e4ra unn de Geischd leischda. Mei Herz kloppd, mei Ahdemm ... Weiterlesen ...","og_url":"https:\/\/eschringen.de\/wordpress\/die-menschen\/mundart\/dehemm\/","og_site_name":"Eschringen","article_modified_time":"2017-02-24T21:17:18+00:00","twitter_card":"summary_large_image","twitter_misc":{"Gesch\u00e4tzte Lesezeit":"1\u00a0Minute"},"schema":{"@context":"https:\/\/schema.org","@graph":[{"@type":"WebPage","@id":"https:\/\/eschringen.de\/wordpress\/die-menschen\/mundart\/dehemm\/","url":"https:\/\/eschringen.de\/wordpress\/die-menschen\/mundart\/dehemm\/","name":"Dehemm - Eschringen","isPartOf":{"@id":"https:\/\/eschringen.de\/wordpress\/#website"},"datePublished":"2017-02-13T17:45:39+00:00","dateModified":"2017-02-24T21:17:18+00:00","breadcrumb":{"@id":"https:\/\/eschringen.de\/wordpress\/die-menschen\/mundart\/dehemm\/#breadcrumb"},"inLanguage":"de","potentialAction":[{"@type":"ReadAction","target":["https:\/\/eschringen.de\/wordpress\/die-menschen\/mundart\/dehemm\/"]}]},{"@type":"BreadcrumbList","@id":"https:\/\/eschringen.de\/wordpress\/die-menschen\/mundart\/dehemm\/#breadcrumb","itemListElement":[{"@type":"ListItem","position":1,"name":"Startseite","item":"https:\/\/eschringen.de\/wordpress\/"},{"@type":"ListItem","position":2,"name":"Die Menschen","item":"https:\/\/eschringen.de\/wordpress\/die-menschen\/"},{"@type":"ListItem","position":3,"name":"Mundart","item":"https:\/\/eschringen.de\/wordpress\/die-menschen\/mundart\/"},{"@type":"ListItem","position":4,"name":"Dehemm"}]},{"@type":"WebSite","@id":"https:\/\/eschringen.de\/wordpress\/#website","url":"https:\/\/eschringen.de\/wordpress\/","name":"Eschringen","description":"","publisher":{"@id":"https:\/\/eschringen.de\/wordpress\/#organization"},"potentialAction":[{"@type":"SearchAction","target":{"@type":"EntryPoint","urlTemplate":"https:\/\/eschringen.de\/wordpress\/?s={search_term_string}"},"query-input":{"@type":"PropertyValueSpecification","valueRequired":true,"valueName":"search_term_string"}}],"inLanguage":"de"},{"@type":"Organization","@id":"https:\/\/eschringen.de\/wordpress\/#organization","name":"Eschringen","url":"https:\/\/eschringen.de\/wordpress\/","logo":{"@type":"ImageObject","inLanguage":"de","@id":"https:\/\/eschringen.de\/wordpress\/#\/schema\/logo\/image\/","url":"https:\/\/eschringen.de\/wordpress\/wp-content\/uploads\/2017\/03\/2017_kw15.jpg","contentUrl":"https:\/\/eschringen.de\/wordpress\/wp-content\/uploads\/2017\/03\/2017_kw15.jpg","width":784,"height":447,"caption":"Eschringen"},"image":{"@id":"https:\/\/eschringen.de\/wordpress\/#\/schema\/logo\/image\/"}}]}},"jetpack_sharing_enabled":true,"_links":{"self":[{"href":"https:\/\/eschringen.de\/wordpress\/wp-json\/wp\/v2\/pages\/706","targetHints":{"allow":["GET"]}}],"collection":[{"href":"https:\/\/eschringen.de\/wordpress\/wp-json\/wp\/v2\/pages"}],"about":[{"href":"https:\/\/eschringen.de\/wordpress\/wp-json\/wp\/v2\/types\/page"}],"author":[{"embeddable":true,"href":"https:\/\/eschringen.de\/wordpress\/wp-json\/wp\/v2\/users\/1"}],"replies":[{"embeddable":true,"href":"https:\/\/eschringen.de\/wordpress\/wp-json\/wp\/v2\/comments?post=706"}],"version-history":[{"count":7,"href":"https:\/\/eschringen.de\/wordpress\/wp-json\/wp\/v2\/pages\/706\/revisions"}],"predecessor-version":[{"id":1104,"href":"https:\/\/eschringen.de\/wordpress\/wp-json\/wp\/v2\/pages\/706\/revisions\/1104"}],"up":[{"embeddable":true,"href":"https:\/\/eschringen.de\/wordpress\/wp-json\/wp\/v2\/pages\/288"}],"wp:attachment":[{"href":"https:\/\/eschringen.de\/wordpress\/wp-json\/wp\/v2\/media?parent=706"}],"curies":[{"name":"wp","href":"https:\/\/api.w.org\/{rel}","templated":true}]}}