{"id":697,"date":"2017-02-13T14:00:00","date_gmt":"2017-02-13T13:00:00","guid":{"rendered":"http:\/\/eschringen.de\/wordpress\/?page_id=697"},"modified":"2017-02-13T14:00:00","modified_gmt":"2017-02-13T13:00:00","slug":"hot-air-balloon-team-sky-walker-saar-e-v","status":"publish","type":"page","link":"https:\/\/eschringen.de\/wordpress\/die-menschen\/vereine\/hot-air-balloon-team-sky-walker-saar-e-v\/","title":{"rendered":"hot air balloon team &#8211; SKY WALKER SAAR e.V."},"content":{"rendered":"<div><strong><span style=\"color: #ff0000;\">aufgel\u00f6st 2011<\/span><\/strong><\/div>\n<p><b><img data-recalc-dims=\"1\" loading=\"lazy\" decoding=\"async\" src=\"https:\/\/i0.wp.com\/www.eschringen.de\/cms\/upload\/bilder\/vereine\/hotair.gif?resize=80%2C98\" hspace=\"25\" height=\"98\" border=\"0\" align=\"left\" width=\"80\" vspace=\"15\">hot air balloon team&nbsp;<br \/>\n<\/b><b><span style=\"color: #3333ff; font-family: Comic Sans MS; font-size: medium;\">SKY WALKER SAAR e.V.<br \/>\n<\/span><\/b><br \/>\nHelmut Schoo<br \/>\nAllmendsweg 7, 66130 Eschringen<br \/>\nTel.: +49 (0)6893 &#8211; 2759&nbsp;&nbsp;&nbsp;&nbsp;Fax: +49 (0)6893 &#8211; 2751<br \/>\nE-Mail: <a href=\"mailto:schooballoon@t-online.de\">schooballoon@t-online.de<\/a><\/p>\n<p>Unser Verein, gegr\u00fcndet 1990, umfasst heute 12 aktive und 14 passive Mitglieder. Die beiden Piloten des Vereins sind Helmut Schoo und Christian Henrikus.<\/p>\n<p>Der Zweck des Vereins ist die Pflege des Freiballonsports unter Ausschluss jeglicher politischer Bet\u00e4tigung im In- und Ausland.<\/p>\n<p>Zur Zeit verf\u00fcgt der Verein \u00fcber zwei Hei\u00dfluftballons, die im Saarland, in Rheinland-Pfalz und in Lothringen gefahren werden. Die Piloten und Crew nehmen an Wettbewerben und Freundschaftstreffen in Deutschland und im europ\u00e4ischen Ausland teil (vornehmlich in \u00d6sterreich, Schweiz, Luxemburg, Tschechien, Italien, Portugal, Frankreich, Niederlande, etc.) W\u00e4hrend der Fahrten werden Fahrg\u00e4ste zu einem Selbstkostenpreis mitgenommen.<\/p>\n<p><img data-recalc-dims=\"1\" loading=\"lazy\" decoding=\"async\" src=\"https:\/\/i0.wp.com\/www.eschringen.de\/cms\/upload\/bilder\/vereine\/hotair.jpg?resize=100%2C124\" hspace=\"60\" height=\"124\" border=\"0\" align=\"right\" width=\"100\" vspace=\"15\"> Der Verein ist Mitglied im:<\/p>\n<p>DSFV Deutscher Freiballonsportverein e.V.<br \/>\nDAEC Deutscher Aeroclub e.V.<br \/>\nAECS Aero Club Saar e.V.<br \/>\nKGF Kulturgesellschaft Freiballon e.V.<br \/>\nArbeitsgemeinschaft Eschringer Vereine e.V.<\/p>\n<p>Die Startpl\u00e4tze, um einige zu nennen:<\/p>\n<p>Flugh\u00e4fen: Ensheim, Zweibr\u00fccken, Hahn<br \/>\nFlugpl\u00e4tze: alle zugelassenen Flugpl\u00e4tze und Segelfluggel\u00e4nde im Saarland, Rheinland-Pfalz und Saargem\u00fcnd in Lothringen (F)<\/p>\n<p>Unsere Piloten haben die &#8220; Allgemeinerlaubnis f\u00fcr den Aufstieg bemannter Hei\u00dfluftballone&#8220; und k\u00f6nnen auf allen von den Grund-st\u00fcckseignern genehmigten Pl\u00e4tzen, wie Bosen am Bostalsee, oder im &#8220; Europ\u00e4ischen Kulturpark Bliesbruck-Reinheim&#8220; starten.<\/p>\n<p><a href=\"http:\/\/eschringen.de\/wordpress\/die-menschen\/vereine\/\">zur\u00fcck zur \u00dcbersicht<\/a><\/p>\n","protected":false},"excerpt":{"rendered":"<p>aufgel\u00f6st 2011 hot air balloon team&nbsp; SKY WALKER SAAR e.V. Helmut Schoo Allmendsweg 7, 66130 Eschringen Tel.: +49 (0)6893 &#8211; 2759&nbsp;&nbsp;&nbsp;&nbsp;Fax: +49 (0)6893 &#8211; 2751 E-Mail: schooballoon@t-online.de Unser Verein, gegr\u00fcndet 1990, umfasst heute 12 aktive und 14 passive Mitglieder. Die beiden Piloten des Vereins sind Helmut Schoo und Christian Henrikus. Der Zweck des Vereins ist &#8230; <a title=\"hot air balloon team &#8211; SKY WALKER SAAR e.V.\" class=\"read-more\" href=\"https:\/\/eschringen.de\/wordpress\/die-menschen\/vereine\/hot-air-balloon-team-sky-walker-saar-e-v\/\" aria-label=\"Mehr Informationen \u00fcber hot air balloon team &#8211; SKY WALKER SAAR e.V.\">Weiterlesen &#8230;<\/a><\/p>\n","protected":false},"author":1,"featured_media":0,"parent":228,"menu_order":26,"comment_status":"closed","ping_status":"closed","template":"","meta":{"ngg_post_thumbnail":0,"footnotes":""},"class_list":["post-697","page","type-page","status-publish"],"yoast_head":"<!-- This site is optimized with the Yoast SEO plugin v27.4 - https:\/\/yoast.com\/product\/yoast-seo-wordpress\/ -->\n<title>hot air balloon team - SKY WALKER SAAR e.V. - Eschringen<\/title>\n<meta name=\"robots\" content=\"index, follow, max-snippet:-1, max-image-preview:large, max-video-preview:-1\" \/>\n<link rel=\"canonical\" href=\"https:\/\/eschringen.de\/wordpress\/die-menschen\/vereine\/hot-air-balloon-team-sky-walker-saar-e-v\/\" \/>\n<meta property=\"og:locale\" content=\"de_DE\" \/>\n<meta property=\"og:type\" content=\"article\" \/>\n<meta property=\"og:title\" content=\"hot air balloon team - SKY WALKER SAAR e.V. - Eschringen\" \/>\n<meta property=\"og:description\" content=\"aufgel\u00f6st 2011 hot air balloon team&nbsp; SKY WALKER SAAR e.V. Helmut Schoo Allmendsweg 7, 66130 Eschringen Tel.: +49 (0)6893 &#8211; 2759&nbsp;&nbsp;&nbsp;&nbsp;Fax: +49 (0)6893 &#8211; 2751 E-Mail: schooballoon@t-online.de Unser Verein, gegr\u00fcndet 1990, umfasst heute 12 aktive und 14 passive Mitglieder. Die beiden Piloten des Vereins sind Helmut Schoo und Christian Henrikus. Der Zweck des Vereins ist ... Weiterlesen ...\" \/>\n<meta property=\"og:url\" content=\"https:\/\/eschringen.de\/wordpress\/die-menschen\/vereine\/hot-air-balloon-team-sky-walker-saar-e-v\/\" \/>\n<meta property=\"og:site_name\" content=\"Eschringen\" \/>\n<meta property=\"og:image\" content=\"http:\/\/www.eschringen.de\/cms\/upload\/bilder\/vereine\/hotair.gif\" \/>\n<meta name=\"twitter:card\" content=\"summary_large_image\" \/>\n<meta name=\"twitter:label1\" content=\"Gesch\u00e4tzte Lesezeit\" \/>\n\t<meta name=\"twitter:data1\" content=\"1\u00a0Minute\" \/>\n<script type=\"application\/ld+json\" class=\"yoast-schema-graph\">{\"@context\":\"https:\\\/\\\/schema.org\",\"@graph\":[{\"@type\":\"WebPage\",\"@id\":\"https:\\\/\\\/eschringen.de\\\/wordpress\\\/die-menschen\\\/vereine\\\/hot-air-balloon-team-sky-walker-saar-e-v\\\/\",\"url\":\"https:\\\/\\\/eschringen.de\\\/wordpress\\\/die-menschen\\\/vereine\\\/hot-air-balloon-team-sky-walker-saar-e-v\\\/\",\"name\":\"hot air balloon team - SKY WALKER SAAR e.V. - Eschringen\",\"isPartOf\":{\"@id\":\"https:\\\/\\\/eschringen.de\\\/wordpress\\\/#website\"},\"primaryImageOfPage\":{\"@id\":\"https:\\\/\\\/eschringen.de\\\/wordpress\\\/die-menschen\\\/vereine\\\/hot-air-balloon-team-sky-walker-saar-e-v\\\/#primaryimage\"},\"image\":{\"@id\":\"https:\\\/\\\/eschringen.de\\\/wordpress\\\/die-menschen\\\/vereine\\\/hot-air-balloon-team-sky-walker-saar-e-v\\\/#primaryimage\"},\"thumbnailUrl\":\"http:\\\/\\\/www.eschringen.de\\\/cms\\\/upload\\\/bilder\\\/vereine\\\/hotair.gif\",\"datePublished\":\"2017-02-13T13:00:00+00:00\",\"breadcrumb\":{\"@id\":\"https:\\\/\\\/eschringen.de\\\/wordpress\\\/die-menschen\\\/vereine\\\/hot-air-balloon-team-sky-walker-saar-e-v\\\/#breadcrumb\"},\"inLanguage\":\"de\",\"potentialAction\":[{\"@type\":\"ReadAction\",\"target\":[\"https:\\\/\\\/eschringen.de\\\/wordpress\\\/die-menschen\\\/vereine\\\/hot-air-balloon-team-sky-walker-saar-e-v\\\/\"]}]},{\"@type\":\"ImageObject\",\"inLanguage\":\"de\",\"@id\":\"https:\\\/\\\/eschringen.de\\\/wordpress\\\/die-menschen\\\/vereine\\\/hot-air-balloon-team-sky-walker-saar-e-v\\\/#primaryimage\",\"url\":\"http:\\\/\\\/www.eschringen.de\\\/cms\\\/upload\\\/bilder\\\/vereine\\\/hotair.gif\",\"contentUrl\":\"http:\\\/\\\/www.eschringen.de\\\/cms\\\/upload\\\/bilder\\\/vereine\\\/hotair.gif\"},{\"@type\":\"BreadcrumbList\",\"@id\":\"https:\\\/\\\/eschringen.de\\\/wordpress\\\/die-menschen\\\/vereine\\\/hot-air-balloon-team-sky-walker-saar-e-v\\\/#breadcrumb\",\"itemListElement\":[{\"@type\":\"ListItem\",\"position\":1,\"name\":\"Startseite\",\"item\":\"https:\\\/\\\/eschringen.de\\\/wordpress\\\/\"},{\"@type\":\"ListItem\",\"position\":2,\"name\":\"Die Menschen\",\"item\":\"https:\\\/\\\/eschringen.de\\\/wordpress\\\/die-menschen\\\/\"},{\"@type\":\"ListItem\",\"position\":3,\"name\":\"Vereine\",\"item\":\"https:\\\/\\\/eschringen.de\\\/wordpress\\\/die-menschen\\\/vereine\\\/\"},{\"@type\":\"ListItem\",\"position\":4,\"name\":\"hot air balloon team &#8211; SKY WALKER SAAR e.V.\"}]},{\"@type\":\"WebSite\",\"@id\":\"https:\\\/\\\/eschringen.de\\\/wordpress\\\/#website\",\"url\":\"https:\\\/\\\/eschringen.de\\\/wordpress\\\/\",\"name\":\"Eschringen\",\"description\":\"\",\"publisher\":{\"@id\":\"https:\\\/\\\/eschringen.de\\\/wordpress\\\/#organization\"},\"potentialAction\":[{\"@type\":\"SearchAction\",\"target\":{\"@type\":\"EntryPoint\",\"urlTemplate\":\"https:\\\/\\\/eschringen.de\\\/wordpress\\\/?s={search_term_string}\"},\"query-input\":{\"@type\":\"PropertyValueSpecification\",\"valueRequired\":true,\"valueName\":\"search_term_string\"}}],\"inLanguage\":\"de\"},{\"@type\":\"Organization\",\"@id\":\"https:\\\/\\\/eschringen.de\\\/wordpress\\\/#organization\",\"name\":\"Eschringen\",\"url\":\"https:\\\/\\\/eschringen.de\\\/wordpress\\\/\",\"logo\":{\"@type\":\"ImageObject\",\"inLanguage\":\"de\",\"@id\":\"https:\\\/\\\/eschringen.de\\\/wordpress\\\/#\\\/schema\\\/logo\\\/image\\\/\",\"url\":\"https:\\\/\\\/eschringen.de\\\/wordpress\\\/wp-content\\\/uploads\\\/2017\\\/03\\\/2017_kw15.jpg\",\"contentUrl\":\"https:\\\/\\\/eschringen.de\\\/wordpress\\\/wp-content\\\/uploads\\\/2017\\\/03\\\/2017_kw15.jpg\",\"width\":784,\"height\":447,\"caption\":\"Eschringen\"},\"image\":{\"@id\":\"https:\\\/\\\/eschringen.de\\\/wordpress\\\/#\\\/schema\\\/logo\\\/image\\\/\"}}]}<\/script>\n<!-- \/ Yoast SEO plugin. -->","yoast_head_json":{"title":"hot air balloon team - SKY WALKER SAAR e.V. - Eschringen","robots":{"index":"index","follow":"follow","max-snippet":"max-snippet:-1","max-image-preview":"max-image-preview:large","max-video-preview":"max-video-preview:-1"},"canonical":"https:\/\/eschringen.de\/wordpress\/die-menschen\/vereine\/hot-air-balloon-team-sky-walker-saar-e-v\/","og_locale":"de_DE","og_type":"article","og_title":"hot air balloon team - SKY WALKER SAAR e.V. - Eschringen","og_description":"aufgel\u00f6st 2011 hot air balloon team&nbsp; SKY WALKER SAAR e.V. Helmut Schoo Allmendsweg 7, 66130 Eschringen Tel.: +49 (0)6893 &#8211; 2759&nbsp;&nbsp;&nbsp;&nbsp;Fax: +49 (0)6893 &#8211; 2751 E-Mail: schooballoon@t-online.de Unser Verein, gegr\u00fcndet 1990, umfasst heute 12 aktive und 14 passive Mitglieder. Die beiden Piloten des Vereins sind Helmut Schoo und Christian Henrikus. Der Zweck des Vereins ist ... Weiterlesen ...","og_url":"https:\/\/eschringen.de\/wordpress\/die-menschen\/vereine\/hot-air-balloon-team-sky-walker-saar-e-v\/","og_site_name":"Eschringen","og_image":[{"url":"http:\/\/www.eschringen.de\/cms\/upload\/bilder\/vereine\/hotair.gif","type":"","width":"","height":""}],"twitter_card":"summary_large_image","twitter_misc":{"Gesch\u00e4tzte Lesezeit":"1\u00a0Minute"},"schema":{"@context":"https:\/\/schema.org","@graph":[{"@type":"WebPage","@id":"https:\/\/eschringen.de\/wordpress\/die-menschen\/vereine\/hot-air-balloon-team-sky-walker-saar-e-v\/","url":"https:\/\/eschringen.de\/wordpress\/die-menschen\/vereine\/hot-air-balloon-team-sky-walker-saar-e-v\/","name":"hot air balloon team - SKY WALKER SAAR e.V. - Eschringen","isPartOf":{"@id":"https:\/\/eschringen.de\/wordpress\/#website"},"primaryImageOfPage":{"@id":"https:\/\/eschringen.de\/wordpress\/die-menschen\/vereine\/hot-air-balloon-team-sky-walker-saar-e-v\/#primaryimage"},"image":{"@id":"https:\/\/eschringen.de\/wordpress\/die-menschen\/vereine\/hot-air-balloon-team-sky-walker-saar-e-v\/#primaryimage"},"thumbnailUrl":"http:\/\/www.eschringen.de\/cms\/upload\/bilder\/vereine\/hotair.gif","datePublished":"2017-02-13T13:00:00+00:00","breadcrumb":{"@id":"https:\/\/eschringen.de\/wordpress\/die-menschen\/vereine\/hot-air-balloon-team-sky-walker-saar-e-v\/#breadcrumb"},"inLanguage":"de","potentialAction":[{"@type":"ReadAction","target":["https:\/\/eschringen.de\/wordpress\/die-menschen\/vereine\/hot-air-balloon-team-sky-walker-saar-e-v\/"]}]},{"@type":"ImageObject","inLanguage":"de","@id":"https:\/\/eschringen.de\/wordpress\/die-menschen\/vereine\/hot-air-balloon-team-sky-walker-saar-e-v\/#primaryimage","url":"http:\/\/www.eschringen.de\/cms\/upload\/bilder\/vereine\/hotair.gif","contentUrl":"http:\/\/www.eschringen.de\/cms\/upload\/bilder\/vereine\/hotair.gif"},{"@type":"BreadcrumbList","@id":"https:\/\/eschringen.de\/wordpress\/die-menschen\/vereine\/hot-air-balloon-team-sky-walker-saar-e-v\/#breadcrumb","itemListElement":[{"@type":"ListItem","position":1,"name":"Startseite","item":"https:\/\/eschringen.de\/wordpress\/"},{"@type":"ListItem","position":2,"name":"Die Menschen","item":"https:\/\/eschringen.de\/wordpress\/die-menschen\/"},{"@type":"ListItem","position":3,"name":"Vereine","item":"https:\/\/eschringen.de\/wordpress\/die-menschen\/vereine\/"},{"@type":"ListItem","position":4,"name":"hot air balloon team &#8211; SKY WALKER SAAR e.V."}]},{"@type":"WebSite","@id":"https:\/\/eschringen.de\/wordpress\/#website","url":"https:\/\/eschringen.de\/wordpress\/","name":"Eschringen","description":"","publisher":{"@id":"https:\/\/eschringen.de\/wordpress\/#organization"},"potentialAction":[{"@type":"SearchAction","target":{"@type":"EntryPoint","urlTemplate":"https:\/\/eschringen.de\/wordpress\/?s={search_term_string}"},"query-input":{"@type":"PropertyValueSpecification","valueRequired":true,"valueName":"search_term_string"}}],"inLanguage":"de"},{"@type":"Organization","@id":"https:\/\/eschringen.de\/wordpress\/#organization","name":"Eschringen","url":"https:\/\/eschringen.de\/wordpress\/","logo":{"@type":"ImageObject","inLanguage":"de","@id":"https:\/\/eschringen.de\/wordpress\/#\/schema\/logo\/image\/","url":"https:\/\/eschringen.de\/wordpress\/wp-content\/uploads\/2017\/03\/2017_kw15.jpg","contentUrl":"https:\/\/eschringen.de\/wordpress\/wp-content\/uploads\/2017\/03\/2017_kw15.jpg","width":784,"height":447,"caption":"Eschringen"},"image":{"@id":"https:\/\/eschringen.de\/wordpress\/#\/schema\/logo\/image\/"}}]}},"jetpack_sharing_enabled":true,"_links":{"self":[{"href":"https:\/\/eschringen.de\/wordpress\/wp-json\/wp\/v2\/pages\/697","targetHints":{"allow":["GET"]}}],"collection":[{"href":"https:\/\/eschringen.de\/wordpress\/wp-json\/wp\/v2\/pages"}],"about":[{"href":"https:\/\/eschringen.de\/wordpress\/wp-json\/wp\/v2\/types\/page"}],"author":[{"embeddable":true,"href":"https:\/\/eschringen.de\/wordpress\/wp-json\/wp\/v2\/users\/1"}],"replies":[{"embeddable":true,"href":"https:\/\/eschringen.de\/wordpress\/wp-json\/wp\/v2\/comments?post=697"}],"version-history":[{"count":1,"href":"https:\/\/eschringen.de\/wordpress\/wp-json\/wp\/v2\/pages\/697\/revisions"}],"predecessor-version":[{"id":698,"href":"https:\/\/eschringen.de\/wordpress\/wp-json\/wp\/v2\/pages\/697\/revisions\/698"}],"up":[{"embeddable":true,"href":"https:\/\/eschringen.de\/wordpress\/wp-json\/wp\/v2\/pages\/228"}],"wp:attachment":[{"href":"https:\/\/eschringen.de\/wordpress\/wp-json\/wp\/v2\/media?parent=697"}],"curies":[{"name":"wp","href":"https:\/\/api.w.org\/{rel}","templated":true}]}}