{"id":627,"date":"2017-02-12T15:15:31","date_gmt":"2017-02-12T14:15:31","guid":{"rendered":"http:\/\/eschringen.de\/wordpress\/?page_id=627"},"modified":"2024-11-24T12:21:26","modified_gmt":"2024-11-24T11:21:26","slug":"07-03-2014-lothringer-lieder-taenze-und-anekdoten-zum-abschied","status":"publish","type":"page","link":"https:\/\/eschringen.de\/wordpress\/geschichte\/archiv\/07-03-2014-lothringer-lieder-taenze-und-anekdoten-zum-abschied\/","title":{"rendered":"07.03.2014: Lothringer Lieder, T\u00e4nze und Anekdoten zum Abschied"},"content":{"rendered":"<p>Einerseits erfreut \u00fcber den guten Publikumszuspruch, andererseits doch etwas wehm\u00fctig gestimmt hie\u00df AG-Gesch\u00e4ftsf\u00fchrer Roland Schmitt das Publikum in der alten Schule willkommen. Das letzte Konzert f\u00fcr die AG gestaltete das lothringische Duo SCHAUKELPERD \u2013 verst\u00e4rkt durch Roland Helm, den Saarbr\u00fccker Liedermacher und Chef von SAARBR\u00dcCK LIBRE.<br \/>\n<img data-recalc-dims=\"1\" loading=\"lazy\" decoding=\"async\" class=\"alignright\" src=\"https:\/\/i0.wp.com\/eschringen.de\/wordpress\/wp-content\/uploads\/2024\/11\/Schaukelperd01.jpg?resize=500%2C375&#038;ssl=1\" width=\"500\" height=\"375\" align=\"right\" border=\"0\">Die Br\u00fcder Didier und Herv\u00e9 Atamaniuk sammeln seit 1978 Volkslieder und -T\u00e4nze ihrer lothringischen Heimat, blicken dabei aber auch \u00fcber ihren \u201eTellerrand\u201c, in die Saarregion, an die Mosel und auch in Pfalz. Didier singt, moderiert, traktiert souver\u00e4n die Geige, Herv\u00e9 singt ebenfalls, spielt die seltene Drehleier und das Psalterion \u2013 beide fl\u00f6ten auch gerne auf der Tin Whistle; f\u00fcr die rhythmische Basis sorgt Gitarrist Helm, der hin und wieder auch pfiffige Lieder mit einer speziellen Blues-Note zum besten gab.<br \/>\nGut gelaunt verkn\u00fcpfte Didier Atamaniuk die mal nachdenklichen (z. B. die traurige Ballade \u201eOh ich armer Lothringer Bur\u201c), mal lustigen Lieder (u. a. \u201eDe Hannes\u201c, \u201eDe aame Ehemann\u201c, \u201eDe Schmitt\u201c) mit augenzwinkernden Kommentaren \u2013 nach dem Motto \u201eMir redde Platt\u201c. Dies geschah im typischen Sarregueminer Dialekt, den auch \u00e4ltere Eschringer problemlos verstehen konnten.<br \/>\nJedenfalls war das Eis bald gebrochen, und das Publikum stimmte immer wieder ein in melodisch vertraute St\u00fccke: z. B. \u201eHeit is Kerb\u201c oder \u201eAllez hopp\u201c. Die Textinhalte beschrieben in der Regel den Alltag vergangener Zeiten, ob im Bergbau, im Handwerk und im b\u00e4uerlichen Leben. Doch nicht nur traditionelle Lieder bestimmten das Repertoire, auch ein regionaler Gassenhauer aus den 1970er Jahren wurde dargeboten: die skurrile Hommage an eine widerspenstige Katz&#8216;, die letztlich \u201eunsterblich\u201c bleibt und immer wieder zur\u00fcck kommt! Eine bunte Palette an T\u00e4nzen, vor allem Polkas und Walzer, lie\u00dfen F\u00fc\u00dfe wippen und Finger schnippen. Nach mehreren Zugaben verabschiedeten sich die Drei und bescherten Veranstaltern wie Publikum einen erinnerungsw\u00fcrdigen und vers\u00f6hnlichen Ausklang zum Ende der Konzertreihe, die 2001 mit einem anderen Lothringer, dem Liedermacher Marcel Adam, begonnen hatte.<\/p>\n<p><a href=\"http:\/\/eschringen.de\/wordpress\/geschichte\/archiv\/\">zur\u00fcck zum Archiv<\/a><\/p>\n","protected":false},"excerpt":{"rendered":"<p>Einerseits erfreut \u00fcber den guten Publikumszuspruch, andererseits doch etwas wehm\u00fctig gestimmt hie\u00df AG-Gesch\u00e4ftsf\u00fchrer Roland Schmitt das Publikum in der alten Schule willkommen. Das letzte Konzert f\u00fcr die AG gestaltete das lothringische Duo SCHAUKELPERD \u2013 verst\u00e4rkt durch Roland Helm, den Saarbr\u00fccker Liedermacher und Chef von SAARBR\u00dcCK LIBRE. Die Br\u00fcder Didier und Herv\u00e9 Atamaniuk sammeln seit 1978 &#8230; <a title=\"07.03.2014: Lothringer Lieder, T\u00e4nze und Anekdoten zum Abschied\" class=\"read-more\" href=\"https:\/\/eschringen.de\/wordpress\/geschichte\/archiv\/07-03-2014-lothringer-lieder-taenze-und-anekdoten-zum-abschied\/\" aria-label=\"Mehr Informationen \u00fcber 07.03.2014: Lothringer Lieder, T\u00e4nze und Anekdoten zum Abschied\">Weiterlesen &#8230;<\/a><\/p>\n","protected":false},"author":1,"featured_media":0,"parent":403,"menu_order":8,"comment_status":"closed","ping_status":"closed","template":"","meta":{"ngg_post_thumbnail":0,"footnotes":""},"class_list":["post-627","page","type-page","status-publish"],"yoast_head":"<!-- This site is optimized with the Yoast SEO plugin v27.4 - https:\/\/yoast.com\/product\/yoast-seo-wordpress\/ -->\n<title>07.03.2014: Lothringer Lieder, T\u00e4nze und Anekdoten zum Abschied - Eschringen<\/title>\n<meta name=\"robots\" content=\"index, follow, max-snippet:-1, max-image-preview:large, max-video-preview:-1\" \/>\n<link rel=\"canonical\" href=\"https:\/\/eschringen.de\/wordpress\/geschichte\/archiv\/07-03-2014-lothringer-lieder-taenze-und-anekdoten-zum-abschied\/\" \/>\n<meta property=\"og:locale\" content=\"de_DE\" \/>\n<meta property=\"og:type\" content=\"article\" \/>\n<meta property=\"og:title\" content=\"07.03.2014: Lothringer Lieder, T\u00e4nze und Anekdoten zum Abschied - Eschringen\" \/>\n<meta property=\"og:description\" content=\"Einerseits erfreut \u00fcber den guten Publikumszuspruch, andererseits doch etwas wehm\u00fctig gestimmt hie\u00df AG-Gesch\u00e4ftsf\u00fchrer Roland Schmitt das Publikum in der alten Schule willkommen. Das letzte Konzert f\u00fcr die AG gestaltete das lothringische Duo SCHAUKELPERD \u2013 verst\u00e4rkt durch Roland Helm, den Saarbr\u00fccker Liedermacher und Chef von SAARBR\u00dcCK LIBRE. Die Br\u00fcder Didier und Herv\u00e9 Atamaniuk sammeln seit 1978 ... Weiterlesen ...\" \/>\n<meta property=\"og:url\" content=\"https:\/\/eschringen.de\/wordpress\/geschichte\/archiv\/07-03-2014-lothringer-lieder-taenze-und-anekdoten-zum-abschied\/\" \/>\n<meta property=\"og:site_name\" content=\"Eschringen\" \/>\n<meta property=\"article:modified_time\" content=\"2024-11-24T11:21:26+00:00\" \/>\n<meta property=\"og:image\" content=\"https:\/\/eschringen.de\/wordpress\/wp-content\/uploads\/2024\/11\/Schaukelperd01.jpg\" \/>\n<meta name=\"twitter:card\" content=\"summary_large_image\" \/>\n<meta name=\"twitter:label1\" content=\"Gesch\u00e4tzte Lesezeit\" \/>\n\t<meta name=\"twitter:data1\" content=\"2\u00a0Minuten\" \/>\n<script type=\"application\/ld+json\" class=\"yoast-schema-graph\">{\"@context\":\"https:\\\/\\\/schema.org\",\"@graph\":[{\"@type\":\"WebPage\",\"@id\":\"https:\\\/\\\/eschringen.de\\\/wordpress\\\/geschichte\\\/archiv\\\/07-03-2014-lothringer-lieder-taenze-und-anekdoten-zum-abschied\\\/\",\"url\":\"https:\\\/\\\/eschringen.de\\\/wordpress\\\/geschichte\\\/archiv\\\/07-03-2014-lothringer-lieder-taenze-und-anekdoten-zum-abschied\\\/\",\"name\":\"07.03.2014: Lothringer Lieder, T\u00e4nze und Anekdoten zum Abschied - Eschringen\",\"isPartOf\":{\"@id\":\"https:\\\/\\\/eschringen.de\\\/wordpress\\\/#website\"},\"primaryImageOfPage\":{\"@id\":\"https:\\\/\\\/eschringen.de\\\/wordpress\\\/geschichte\\\/archiv\\\/07-03-2014-lothringer-lieder-taenze-und-anekdoten-zum-abschied\\\/#primaryimage\"},\"image\":{\"@id\":\"https:\\\/\\\/eschringen.de\\\/wordpress\\\/geschichte\\\/archiv\\\/07-03-2014-lothringer-lieder-taenze-und-anekdoten-zum-abschied\\\/#primaryimage\"},\"thumbnailUrl\":\"https:\\\/\\\/eschringen.de\\\/wordpress\\\/wp-content\\\/uploads\\\/2024\\\/11\\\/Schaukelperd01.jpg\",\"datePublished\":\"2017-02-12T14:15:31+00:00\",\"dateModified\":\"2024-11-24T11:21:26+00:00\",\"breadcrumb\":{\"@id\":\"https:\\\/\\\/eschringen.de\\\/wordpress\\\/geschichte\\\/archiv\\\/07-03-2014-lothringer-lieder-taenze-und-anekdoten-zum-abschied\\\/#breadcrumb\"},\"inLanguage\":\"de\",\"potentialAction\":[{\"@type\":\"ReadAction\",\"target\":[\"https:\\\/\\\/eschringen.de\\\/wordpress\\\/geschichte\\\/archiv\\\/07-03-2014-lothringer-lieder-taenze-und-anekdoten-zum-abschied\\\/\"]}]},{\"@type\":\"ImageObject\",\"inLanguage\":\"de\",\"@id\":\"https:\\\/\\\/eschringen.de\\\/wordpress\\\/geschichte\\\/archiv\\\/07-03-2014-lothringer-lieder-taenze-und-anekdoten-zum-abschied\\\/#primaryimage\",\"url\":\"https:\\\/\\\/i0.wp.com\\\/eschringen.de\\\/wordpress\\\/wp-content\\\/uploads\\\/2024\\\/11\\\/Schaukelperd01.jpg?fit=500%2C375&ssl=1\",\"contentUrl\":\"https:\\\/\\\/i0.wp.com\\\/eschringen.de\\\/wordpress\\\/wp-content\\\/uploads\\\/2024\\\/11\\\/Schaukelperd01.jpg?fit=500%2C375&ssl=1\",\"width\":500,\"height\":375},{\"@type\":\"BreadcrumbList\",\"@id\":\"https:\\\/\\\/eschringen.de\\\/wordpress\\\/geschichte\\\/archiv\\\/07-03-2014-lothringer-lieder-taenze-und-anekdoten-zum-abschied\\\/#breadcrumb\",\"itemListElement\":[{\"@type\":\"ListItem\",\"position\":1,\"name\":\"Startseite\",\"item\":\"https:\\\/\\\/eschringen.de\\\/wordpress\\\/\"},{\"@type\":\"ListItem\",\"position\":2,\"name\":\"Geschichte\",\"item\":\"https:\\\/\\\/eschringen.de\\\/wordpress\\\/geschichte\\\/\"},{\"@type\":\"ListItem\",\"position\":3,\"name\":\"Archiv\",\"item\":\"https:\\\/\\\/eschringen.de\\\/wordpress\\\/geschichte\\\/archiv\\\/\"},{\"@type\":\"ListItem\",\"position\":4,\"name\":\"07.03.2014: Lothringer Lieder, T\u00e4nze und Anekdoten zum Abschied\"}]},{\"@type\":\"WebSite\",\"@id\":\"https:\\\/\\\/eschringen.de\\\/wordpress\\\/#website\",\"url\":\"https:\\\/\\\/eschringen.de\\\/wordpress\\\/\",\"name\":\"Eschringen\",\"description\":\"\",\"publisher\":{\"@id\":\"https:\\\/\\\/eschringen.de\\\/wordpress\\\/#organization\"},\"potentialAction\":[{\"@type\":\"SearchAction\",\"target\":{\"@type\":\"EntryPoint\",\"urlTemplate\":\"https:\\\/\\\/eschringen.de\\\/wordpress\\\/?s={search_term_string}\"},\"query-input\":{\"@type\":\"PropertyValueSpecification\",\"valueRequired\":true,\"valueName\":\"search_term_string\"}}],\"inLanguage\":\"de\"},{\"@type\":\"Organization\",\"@id\":\"https:\\\/\\\/eschringen.de\\\/wordpress\\\/#organization\",\"name\":\"Eschringen\",\"url\":\"https:\\\/\\\/eschringen.de\\\/wordpress\\\/\",\"logo\":{\"@type\":\"ImageObject\",\"inLanguage\":\"de\",\"@id\":\"https:\\\/\\\/eschringen.de\\\/wordpress\\\/#\\\/schema\\\/logo\\\/image\\\/\",\"url\":\"https:\\\/\\\/eschringen.de\\\/wordpress\\\/wp-content\\\/uploads\\\/2017\\\/03\\\/2017_kw15.jpg\",\"contentUrl\":\"https:\\\/\\\/eschringen.de\\\/wordpress\\\/wp-content\\\/uploads\\\/2017\\\/03\\\/2017_kw15.jpg\",\"width\":784,\"height\":447,\"caption\":\"Eschringen\"},\"image\":{\"@id\":\"https:\\\/\\\/eschringen.de\\\/wordpress\\\/#\\\/schema\\\/logo\\\/image\\\/\"}}]}<\/script>\n<!-- \/ Yoast SEO plugin. -->","yoast_head_json":{"title":"07.03.2014: Lothringer Lieder, T\u00e4nze und Anekdoten zum Abschied - Eschringen","robots":{"index":"index","follow":"follow","max-snippet":"max-snippet:-1","max-image-preview":"max-image-preview:large","max-video-preview":"max-video-preview:-1"},"canonical":"https:\/\/eschringen.de\/wordpress\/geschichte\/archiv\/07-03-2014-lothringer-lieder-taenze-und-anekdoten-zum-abschied\/","og_locale":"de_DE","og_type":"article","og_title":"07.03.2014: Lothringer Lieder, T\u00e4nze und Anekdoten zum Abschied - Eschringen","og_description":"Einerseits erfreut \u00fcber den guten Publikumszuspruch, andererseits doch etwas wehm\u00fctig gestimmt hie\u00df AG-Gesch\u00e4ftsf\u00fchrer Roland Schmitt das Publikum in der alten Schule willkommen. Das letzte Konzert f\u00fcr die AG gestaltete das lothringische Duo SCHAUKELPERD \u2013 verst\u00e4rkt durch Roland Helm, den Saarbr\u00fccker Liedermacher und Chef von SAARBR\u00dcCK LIBRE. Die Br\u00fcder Didier und Herv\u00e9 Atamaniuk sammeln seit 1978 ... Weiterlesen ...","og_url":"https:\/\/eschringen.de\/wordpress\/geschichte\/archiv\/07-03-2014-lothringer-lieder-taenze-und-anekdoten-zum-abschied\/","og_site_name":"Eschringen","article_modified_time":"2024-11-24T11:21:26+00:00","og_image":[{"url":"https:\/\/eschringen.de\/wordpress\/wp-content\/uploads\/2024\/11\/Schaukelperd01.jpg","type":"","width":"","height":""}],"twitter_card":"summary_large_image","twitter_misc":{"Gesch\u00e4tzte Lesezeit":"2\u00a0Minuten"},"schema":{"@context":"https:\/\/schema.org","@graph":[{"@type":"WebPage","@id":"https:\/\/eschringen.de\/wordpress\/geschichte\/archiv\/07-03-2014-lothringer-lieder-taenze-und-anekdoten-zum-abschied\/","url":"https:\/\/eschringen.de\/wordpress\/geschichte\/archiv\/07-03-2014-lothringer-lieder-taenze-und-anekdoten-zum-abschied\/","name":"07.03.2014: Lothringer Lieder, T\u00e4nze und Anekdoten zum Abschied - Eschringen","isPartOf":{"@id":"https:\/\/eschringen.de\/wordpress\/#website"},"primaryImageOfPage":{"@id":"https:\/\/eschringen.de\/wordpress\/geschichte\/archiv\/07-03-2014-lothringer-lieder-taenze-und-anekdoten-zum-abschied\/#primaryimage"},"image":{"@id":"https:\/\/eschringen.de\/wordpress\/geschichte\/archiv\/07-03-2014-lothringer-lieder-taenze-und-anekdoten-zum-abschied\/#primaryimage"},"thumbnailUrl":"https:\/\/eschringen.de\/wordpress\/wp-content\/uploads\/2024\/11\/Schaukelperd01.jpg","datePublished":"2017-02-12T14:15:31+00:00","dateModified":"2024-11-24T11:21:26+00:00","breadcrumb":{"@id":"https:\/\/eschringen.de\/wordpress\/geschichte\/archiv\/07-03-2014-lothringer-lieder-taenze-und-anekdoten-zum-abschied\/#breadcrumb"},"inLanguage":"de","potentialAction":[{"@type":"ReadAction","target":["https:\/\/eschringen.de\/wordpress\/geschichte\/archiv\/07-03-2014-lothringer-lieder-taenze-und-anekdoten-zum-abschied\/"]}]},{"@type":"ImageObject","inLanguage":"de","@id":"https:\/\/eschringen.de\/wordpress\/geschichte\/archiv\/07-03-2014-lothringer-lieder-taenze-und-anekdoten-zum-abschied\/#primaryimage","url":"https:\/\/i0.wp.com\/eschringen.de\/wordpress\/wp-content\/uploads\/2024\/11\/Schaukelperd01.jpg?fit=500%2C375&ssl=1","contentUrl":"https:\/\/i0.wp.com\/eschringen.de\/wordpress\/wp-content\/uploads\/2024\/11\/Schaukelperd01.jpg?fit=500%2C375&ssl=1","width":500,"height":375},{"@type":"BreadcrumbList","@id":"https:\/\/eschringen.de\/wordpress\/geschichte\/archiv\/07-03-2014-lothringer-lieder-taenze-und-anekdoten-zum-abschied\/#breadcrumb","itemListElement":[{"@type":"ListItem","position":1,"name":"Startseite","item":"https:\/\/eschringen.de\/wordpress\/"},{"@type":"ListItem","position":2,"name":"Geschichte","item":"https:\/\/eschringen.de\/wordpress\/geschichte\/"},{"@type":"ListItem","position":3,"name":"Archiv","item":"https:\/\/eschringen.de\/wordpress\/geschichte\/archiv\/"},{"@type":"ListItem","position":4,"name":"07.03.2014: Lothringer Lieder, T\u00e4nze und Anekdoten zum Abschied"}]},{"@type":"WebSite","@id":"https:\/\/eschringen.de\/wordpress\/#website","url":"https:\/\/eschringen.de\/wordpress\/","name":"Eschringen","description":"","publisher":{"@id":"https:\/\/eschringen.de\/wordpress\/#organization"},"potentialAction":[{"@type":"SearchAction","target":{"@type":"EntryPoint","urlTemplate":"https:\/\/eschringen.de\/wordpress\/?s={search_term_string}"},"query-input":{"@type":"PropertyValueSpecification","valueRequired":true,"valueName":"search_term_string"}}],"inLanguage":"de"},{"@type":"Organization","@id":"https:\/\/eschringen.de\/wordpress\/#organization","name":"Eschringen","url":"https:\/\/eschringen.de\/wordpress\/","logo":{"@type":"ImageObject","inLanguage":"de","@id":"https:\/\/eschringen.de\/wordpress\/#\/schema\/logo\/image\/","url":"https:\/\/eschringen.de\/wordpress\/wp-content\/uploads\/2017\/03\/2017_kw15.jpg","contentUrl":"https:\/\/eschringen.de\/wordpress\/wp-content\/uploads\/2017\/03\/2017_kw15.jpg","width":784,"height":447,"caption":"Eschringen"},"image":{"@id":"https:\/\/eschringen.de\/wordpress\/#\/schema\/logo\/image\/"}}]}},"jetpack_sharing_enabled":true,"_links":{"self":[{"href":"https:\/\/eschringen.de\/wordpress\/wp-json\/wp\/v2\/pages\/627","targetHints":{"allow":["GET"]}}],"collection":[{"href":"https:\/\/eschringen.de\/wordpress\/wp-json\/wp\/v2\/pages"}],"about":[{"href":"https:\/\/eschringen.de\/wordpress\/wp-json\/wp\/v2\/types\/page"}],"author":[{"embeddable":true,"href":"https:\/\/eschringen.de\/wordpress\/wp-json\/wp\/v2\/users\/1"}],"replies":[{"embeddable":true,"href":"https:\/\/eschringen.de\/wordpress\/wp-json\/wp\/v2\/comments?post=627"}],"version-history":[{"count":2,"href":"https:\/\/eschringen.de\/wordpress\/wp-json\/wp\/v2\/pages\/627\/revisions"}],"predecessor-version":[{"id":4731,"href":"https:\/\/eschringen.de\/wordpress\/wp-json\/wp\/v2\/pages\/627\/revisions\/4731"}],"up":[{"embeddable":true,"href":"https:\/\/eschringen.de\/wordpress\/wp-json\/wp\/v2\/pages\/403"}],"wp:attachment":[{"href":"https:\/\/eschringen.de\/wordpress\/wp-json\/wp\/v2\/media?parent=627"}],"curies":[{"name":"wp","href":"https:\/\/api.w.org\/{rel}","templated":true}]}}