{"id":584,"date":"2017-02-12T14:05:57","date_gmt":"2017-02-12T13:05:57","guid":{"rendered":"http:\/\/eschringen.de\/wordpress\/?page_id=584"},"modified":"2022-08-20T12:20:16","modified_gmt":"2022-08-20T10:20:16","slug":"der-pflueger-auf-ponsheim","status":"publish","type":"page","link":"https:\/\/eschringen.de\/wordpress\/geschichte\/sagen\/der-pflueger-auf-ponsheim\/","title":{"rendered":"Der Pfl\u00fcger auf Ponsheim"},"content":{"rendered":"\n<p>Seit Jahrzehnten zieht am Ponsheimer Hof in den Maientagen eine Prozession von Ensheim aus \u00fcber die H\u00f6he zum Marienheiligtum Gr\u00e4finthal. Als der lange Weg der Betenden den Hang von der Kalkm\u00fchle bei Ormesheim in Richtung Ponsheimer Hof hochgezogen war, gewahrten sie pl\u00f6tzlich einen gro\u00dfen Mann beim Pfl\u00fcgen. Weit hallte sein &#8222;H\u00fch&#8220; und &#8222;Hott&#8220;, gemischt mit gottesl\u00e4sterlichen Fl\u00fcchen. Doch die Arbeit wollte nicht vorangehen, denn die Pferde weigerten sich, den schweren Pflug zu ziehen.<\/p>\n\n\n\n<p>Beherzt meinte daraufhin einer der vorbeiziehenden Gl\u00e4ubigen aus Ensheim, der auch Bauer war, zu dem Pastor: &#8222;Dem da droben m\u00fcsste man helfen, sonst kommt er nicht mehr vom Fleck.&#8220; Doch der Pastor gab ruhig zur Antwort: &#8222;Lass den nur seine Arbeit alleine schaffen, dem kann keiner mehr helfen.&#8220;<\/p>\n\n\n\n<p><em>aus: Sagen und Erz\u00e4hlungen von Mandelbachtal. 1980. S. 111 &#8211; nacherz\u00e4hlt von Gunter Altenkirch (Erfweiler-Ehlingen; inzwischen Leiter des Museum f\u00fcr d\u00f6rfliche Alltagsgeschichte in Rubenheim)<\/em><\/p>\n\n\n\n<h6 class=\"wp-block-heading\"><b>Anmerkung:<\/b> Diese Wallfahrten nach Gr\u00e4finthal f\u00fchren auch \u00fcber Eschringen (von der Laurentiuskapelle die Gr\u00e4finthalerstra\u00dfe hinauf zum Waldweg am Ponsheimer Gel\u00f6ch). Die von Ensheim aus kommende Prozession passiert das ehemalige Kalkwerk und das Haus &#8222;Am Br\u00fcck\u2019l&#8220; und streift in der Folge auch den Eschringer Bann.<\/h6>\n\n\n\n<p><a href=\"http:\/\/eschringen.de\/wordpress\/geschichte\/sagen\/\">zur\u00fcck zu den Sagen<\/a><\/p>\n","protected":false},"excerpt":{"rendered":"<p>Seit Jahrzehnten zieht am Ponsheimer Hof in den Maientagen eine Prozession von Ensheim aus \u00fcber die H\u00f6he zum Marienheiligtum Gr\u00e4finthal. Als der lange Weg der Betenden den Hang von der Kalkm\u00fchle bei Ormesheim in Richtung Ponsheimer Hof hochgezogen war, gewahrten sie pl\u00f6tzlich einen gro\u00dfen Mann beim Pfl\u00fcgen. Weit hallte sein &#8222;H\u00fch&#8220; und &#8222;Hott&#8220;, gemischt mit &#8230; <a title=\"Der Pfl\u00fcger auf Ponsheim\" class=\"read-more\" href=\"https:\/\/eschringen.de\/wordpress\/geschichte\/sagen\/der-pflueger-auf-ponsheim\/\" aria-label=\"Mehr Informationen \u00fcber Der Pfl\u00fcger auf Ponsheim\">Weiterlesen &#8230;<\/a><\/p>\n","protected":false},"author":1,"featured_media":0,"parent":409,"menu_order":7,"comment_status":"closed","ping_status":"closed","template":"","meta":{"ngg_post_thumbnail":0,"footnotes":""},"class_list":["post-584","page","type-page","status-publish"],"yoast_head":"<!-- This site is optimized with the Yoast SEO plugin v27.5 - https:\/\/yoast.com\/product\/yoast-seo-wordpress\/ -->\n<title>Der Pfl\u00fcger auf Ponsheim - Eschringen<\/title>\n<meta name=\"robots\" content=\"index, follow, max-snippet:-1, max-image-preview:large, max-video-preview:-1\" \/>\n<link rel=\"canonical\" href=\"https:\/\/eschringen.de\/wordpress\/geschichte\/sagen\/der-pflueger-auf-ponsheim\/\" \/>\n<meta property=\"og:locale\" content=\"de_DE\" \/>\n<meta property=\"og:type\" content=\"article\" \/>\n<meta property=\"og:title\" content=\"Der Pfl\u00fcger auf Ponsheim - Eschringen\" \/>\n<meta property=\"og:description\" content=\"Seit Jahrzehnten zieht am Ponsheimer Hof in den Maientagen eine Prozession von Ensheim aus \u00fcber die H\u00f6he zum Marienheiligtum Gr\u00e4finthal. Als der lange Weg der Betenden den Hang von der Kalkm\u00fchle bei Ormesheim in Richtung Ponsheimer Hof hochgezogen war, gewahrten sie pl\u00f6tzlich einen gro\u00dfen Mann beim Pfl\u00fcgen. Weit hallte sein &#8222;H\u00fch&#8220; und &#8222;Hott&#8220;, gemischt mit ... Weiterlesen ...\" \/>\n<meta property=\"og:url\" content=\"https:\/\/eschringen.de\/wordpress\/geschichte\/sagen\/der-pflueger-auf-ponsheim\/\" \/>\n<meta property=\"og:site_name\" content=\"Eschringen\" \/>\n<meta property=\"article:modified_time\" content=\"2022-08-20T10:20:16+00:00\" \/>\n<meta name=\"twitter:card\" content=\"summary_large_image\" \/>\n<meta name=\"twitter:label1\" content=\"Gesch\u00e4tzte Lesezeit\" \/>\n\t<meta name=\"twitter:data1\" content=\"2\u00a0Minuten\" \/>\n<script type=\"application\/ld+json\" class=\"yoast-schema-graph\">{\"@context\":\"https:\\\/\\\/schema.org\",\"@graph\":[{\"@type\":\"WebPage\",\"@id\":\"https:\\\/\\\/eschringen.de\\\/wordpress\\\/geschichte\\\/sagen\\\/der-pflueger-auf-ponsheim\\\/\",\"url\":\"https:\\\/\\\/eschringen.de\\\/wordpress\\\/geschichte\\\/sagen\\\/der-pflueger-auf-ponsheim\\\/\",\"name\":\"Der Pfl\u00fcger auf Ponsheim - Eschringen\",\"isPartOf\":{\"@id\":\"https:\\\/\\\/eschringen.de\\\/wordpress\\\/#website\"},\"datePublished\":\"2017-02-12T13:05:57+00:00\",\"dateModified\":\"2022-08-20T10:20:16+00:00\",\"breadcrumb\":{\"@id\":\"https:\\\/\\\/eschringen.de\\\/wordpress\\\/geschichte\\\/sagen\\\/der-pflueger-auf-ponsheim\\\/#breadcrumb\"},\"inLanguage\":\"de\",\"potentialAction\":[{\"@type\":\"ReadAction\",\"target\":[\"https:\\\/\\\/eschringen.de\\\/wordpress\\\/geschichte\\\/sagen\\\/der-pflueger-auf-ponsheim\\\/\"]}]},{\"@type\":\"BreadcrumbList\",\"@id\":\"https:\\\/\\\/eschringen.de\\\/wordpress\\\/geschichte\\\/sagen\\\/der-pflueger-auf-ponsheim\\\/#breadcrumb\",\"itemListElement\":[{\"@type\":\"ListItem\",\"position\":1,\"name\":\"Startseite\",\"item\":\"https:\\\/\\\/eschringen.de\\\/wordpress\\\/\"},{\"@type\":\"ListItem\",\"position\":2,\"name\":\"Geschichte\",\"item\":\"https:\\\/\\\/eschringen.de\\\/wordpress\\\/geschichte\\\/\"},{\"@type\":\"ListItem\",\"position\":3,\"name\":\"Sagen\",\"item\":\"https:\\\/\\\/eschringen.de\\\/wordpress\\\/geschichte\\\/sagen\\\/\"},{\"@type\":\"ListItem\",\"position\":4,\"name\":\"Der Pfl\u00fcger auf Ponsheim\"}]},{\"@type\":\"WebSite\",\"@id\":\"https:\\\/\\\/eschringen.de\\\/wordpress\\\/#website\",\"url\":\"https:\\\/\\\/eschringen.de\\\/wordpress\\\/\",\"name\":\"Eschringen\",\"description\":\"\",\"publisher\":{\"@id\":\"https:\\\/\\\/eschringen.de\\\/wordpress\\\/#organization\"},\"potentialAction\":[{\"@type\":\"SearchAction\",\"target\":{\"@type\":\"EntryPoint\",\"urlTemplate\":\"https:\\\/\\\/eschringen.de\\\/wordpress\\\/?s={search_term_string}\"},\"query-input\":{\"@type\":\"PropertyValueSpecification\",\"valueRequired\":true,\"valueName\":\"search_term_string\"}}],\"inLanguage\":\"de\"},{\"@type\":\"Organization\",\"@id\":\"https:\\\/\\\/eschringen.de\\\/wordpress\\\/#organization\",\"name\":\"Eschringen\",\"url\":\"https:\\\/\\\/eschringen.de\\\/wordpress\\\/\",\"logo\":{\"@type\":\"ImageObject\",\"inLanguage\":\"de\",\"@id\":\"https:\\\/\\\/eschringen.de\\\/wordpress\\\/#\\\/schema\\\/logo\\\/image\\\/\",\"url\":\"https:\\\/\\\/eschringen.de\\\/wordpress\\\/wp-content\\\/uploads\\\/2017\\\/03\\\/2017_kw15.jpg\",\"contentUrl\":\"https:\\\/\\\/eschringen.de\\\/wordpress\\\/wp-content\\\/uploads\\\/2017\\\/03\\\/2017_kw15.jpg\",\"width\":784,\"height\":447,\"caption\":\"Eschringen\"},\"image\":{\"@id\":\"https:\\\/\\\/eschringen.de\\\/wordpress\\\/#\\\/schema\\\/logo\\\/image\\\/\"}}]}<\/script>\n<!-- \/ Yoast SEO plugin. -->","yoast_head_json":{"title":"Der Pfl\u00fcger auf Ponsheim - Eschringen","robots":{"index":"index","follow":"follow","max-snippet":"max-snippet:-1","max-image-preview":"max-image-preview:large","max-video-preview":"max-video-preview:-1"},"canonical":"https:\/\/eschringen.de\/wordpress\/geschichte\/sagen\/der-pflueger-auf-ponsheim\/","og_locale":"de_DE","og_type":"article","og_title":"Der Pfl\u00fcger auf Ponsheim - Eschringen","og_description":"Seit Jahrzehnten zieht am Ponsheimer Hof in den Maientagen eine Prozession von Ensheim aus \u00fcber die H\u00f6he zum Marienheiligtum Gr\u00e4finthal. Als der lange Weg der Betenden den Hang von der Kalkm\u00fchle bei Ormesheim in Richtung Ponsheimer Hof hochgezogen war, gewahrten sie pl\u00f6tzlich einen gro\u00dfen Mann beim Pfl\u00fcgen. Weit hallte sein &#8222;H\u00fch&#8220; und &#8222;Hott&#8220;, gemischt mit ... Weiterlesen ...","og_url":"https:\/\/eschringen.de\/wordpress\/geschichte\/sagen\/der-pflueger-auf-ponsheim\/","og_site_name":"Eschringen","article_modified_time":"2022-08-20T10:20:16+00:00","twitter_card":"summary_large_image","twitter_misc":{"Gesch\u00e4tzte Lesezeit":"2\u00a0Minuten"},"schema":{"@context":"https:\/\/schema.org","@graph":[{"@type":"WebPage","@id":"https:\/\/eschringen.de\/wordpress\/geschichte\/sagen\/der-pflueger-auf-ponsheim\/","url":"https:\/\/eschringen.de\/wordpress\/geschichte\/sagen\/der-pflueger-auf-ponsheim\/","name":"Der Pfl\u00fcger auf Ponsheim - Eschringen","isPartOf":{"@id":"https:\/\/eschringen.de\/wordpress\/#website"},"datePublished":"2017-02-12T13:05:57+00:00","dateModified":"2022-08-20T10:20:16+00:00","breadcrumb":{"@id":"https:\/\/eschringen.de\/wordpress\/geschichte\/sagen\/der-pflueger-auf-ponsheim\/#breadcrumb"},"inLanguage":"de","potentialAction":[{"@type":"ReadAction","target":["https:\/\/eschringen.de\/wordpress\/geschichte\/sagen\/der-pflueger-auf-ponsheim\/"]}]},{"@type":"BreadcrumbList","@id":"https:\/\/eschringen.de\/wordpress\/geschichte\/sagen\/der-pflueger-auf-ponsheim\/#breadcrumb","itemListElement":[{"@type":"ListItem","position":1,"name":"Startseite","item":"https:\/\/eschringen.de\/wordpress\/"},{"@type":"ListItem","position":2,"name":"Geschichte","item":"https:\/\/eschringen.de\/wordpress\/geschichte\/"},{"@type":"ListItem","position":3,"name":"Sagen","item":"https:\/\/eschringen.de\/wordpress\/geschichte\/sagen\/"},{"@type":"ListItem","position":4,"name":"Der Pfl\u00fcger auf Ponsheim"}]},{"@type":"WebSite","@id":"https:\/\/eschringen.de\/wordpress\/#website","url":"https:\/\/eschringen.de\/wordpress\/","name":"Eschringen","description":"","publisher":{"@id":"https:\/\/eschringen.de\/wordpress\/#organization"},"potentialAction":[{"@type":"SearchAction","target":{"@type":"EntryPoint","urlTemplate":"https:\/\/eschringen.de\/wordpress\/?s={search_term_string}"},"query-input":{"@type":"PropertyValueSpecification","valueRequired":true,"valueName":"search_term_string"}}],"inLanguage":"de"},{"@type":"Organization","@id":"https:\/\/eschringen.de\/wordpress\/#organization","name":"Eschringen","url":"https:\/\/eschringen.de\/wordpress\/","logo":{"@type":"ImageObject","inLanguage":"de","@id":"https:\/\/eschringen.de\/wordpress\/#\/schema\/logo\/image\/","url":"https:\/\/eschringen.de\/wordpress\/wp-content\/uploads\/2017\/03\/2017_kw15.jpg","contentUrl":"https:\/\/eschringen.de\/wordpress\/wp-content\/uploads\/2017\/03\/2017_kw15.jpg","width":784,"height":447,"caption":"Eschringen"},"image":{"@id":"https:\/\/eschringen.de\/wordpress\/#\/schema\/logo\/image\/"}}]}},"jetpack_sharing_enabled":true,"_links":{"self":[{"href":"https:\/\/eschringen.de\/wordpress\/wp-json\/wp\/v2\/pages\/584","targetHints":{"allow":["GET"]}}],"collection":[{"href":"https:\/\/eschringen.de\/wordpress\/wp-json\/wp\/v2\/pages"}],"about":[{"href":"https:\/\/eschringen.de\/wordpress\/wp-json\/wp\/v2\/types\/page"}],"author":[{"embeddable":true,"href":"https:\/\/eschringen.de\/wordpress\/wp-json\/wp\/v2\/users\/1"}],"replies":[{"embeddable":true,"href":"https:\/\/eschringen.de\/wordpress\/wp-json\/wp\/v2\/comments?post=584"}],"version-history":[{"count":2,"href":"https:\/\/eschringen.de\/wordpress\/wp-json\/wp\/v2\/pages\/584\/revisions"}],"predecessor-version":[{"id":3806,"href":"https:\/\/eschringen.de\/wordpress\/wp-json\/wp\/v2\/pages\/584\/revisions\/3806"}],"up":[{"embeddable":true,"href":"https:\/\/eschringen.de\/wordpress\/wp-json\/wp\/v2\/pages\/409"}],"wp:attachment":[{"href":"https:\/\/eschringen.de\/wordpress\/wp-json\/wp\/v2\/media?parent=584"}],"curies":[{"name":"wp","href":"https:\/\/api.w.org\/{rel}","templated":true}]}}

Der Pflüger auf Ponsheim

<p>Seit Jahrzehnten zieht am Ponsheimer Hof in den Maientagen eine Prozession von Ensheim aus über die Höhe zum Marienheiligtum Gräfinthal. Als der lange Weg der Betenden den Hang von der Kalkmühle bei Ormesheim in Richtung Ponsheimer Hof hochgezogen war, gewahrten sie plötzlich einen großen Mann beim Pflügen. Weit hallte sein &#8222;Hüh&#8220; und &#8222;Hott&#8220;, gemischt mit gotteslästerlichen Flüchen. Doch die Arbeit wollte nicht vorangehen, denn die Pferde weigerten sich, den schweren Pflug zu ziehen.</p>



<p>Beherzt meinte daraufhin einer der vorbeiziehenden Gläubigen aus Ensheim, der auch Bauer war, zu dem Pastor: &#8222;Dem da droben müsste man helfen, sonst kommt er nicht mehr vom Fleck.&#8220; Doch der Pastor gab ruhig zur Antwort: &#8222;Lass den nur seine Arbeit alleine schaffen, dem kann keiner mehr helfen.&#8220;</p>



<p><em>aus: Sagen und Erzählungen von Mandelbachtal. 1980. S. 111 &#8211; nacherzählt von Gunter Altenkirch (Erfweiler-Ehlingen; inzwischen Leiter des Museum für dörfliche Alltagsgeschichte in Rubenheim)</em></p>



<h6 class="wp-block-heading"><b>Anmerkung:</b> Diese Wallfahrten nach Gräfinthal führen auch über Eschringen (von der Laurentiuskapelle die Gräfinthalerstraße hinauf zum Waldweg am Ponsheimer Gelöch). Die von Ensheim aus kommende Prozession passiert das ehemalige Kalkwerk und das Haus &#8222;Am Brück’l&#8220; und streift in der Folge auch den Eschringer Bann.</h6>



<p><a href="http://eschringen.de/wordpress/geschichte/sagen/">zurück zu den Sagen</a></p>

<p>Seit Jahrzehnten zieht am Ponsheimer Hof in den Maientagen eine Prozession von Ensheim aus über die Höhe zum Marienheiligtum Gräfinthal. Als der lange Weg der Betenden den Hang von der Kalkmühle bei Ormesheim in Richtung Ponsheimer Hof hochgezogen war, gewahrten sie plötzlich einen großen Mann beim Pflügen. Weit hallte sein &#8222;Hüh&#8220; und &#8222;Hott&#8220;, gemischt mit &#8230; <a title="Der Pflüger auf Ponsheim" class="read-more" href="https://eschringen.de/wordpress/geschichte/sagen/der-pflueger-auf-ponsheim/" aria-label="Mehr Informationen über Der Pflüger auf Ponsheim">Weiterlesen &#8230;</a></p>

<!-- This site is optimized with the Yoast SEO plugin v27.5 - https://yoast.com/product/yoast-seo-wordpress/ -->
<title>Der Pflüger auf Ponsheim - Eschringen</title>
<meta name="robots" content="index, follow, max-snippet:-1, max-image-preview:large, max-video-preview:-1" />
<link rel="canonical" href="https://eschringen.de/wordpress/geschichte/sagen/der-pflueger-auf-ponsheim/" />
<meta property="og:locale" content="de_DE" />
<meta property="og:type" content="article" />
<meta property="og:title" content="Der Pflüger auf Ponsheim - Eschringen" />
<meta property="og:description" content="Seit Jahrzehnten zieht am Ponsheimer Hof in den Maientagen eine Prozession von Ensheim aus über die Höhe zum Marienheiligtum Gräfinthal. Als der lange Weg der Betenden den Hang von der Kalkmühle bei Ormesheim in Richtung Ponsheimer Hof hochgezogen war, gewahrten sie plötzlich einen großen Mann beim Pflügen. Weit hallte sein &#8222;Hüh&#8220; und &#8222;Hott&#8220;, gemischt mit ... Weiterlesen ..." />
<meta property="og:url" content="https://eschringen.de/wordpress/geschichte/sagen/der-pflueger-auf-ponsheim/" />
<meta property="og:site_name" content="Eschringen" />
<meta property="article:modified_time" content="2022-08-20T10:20:16+00:00" />
<meta name="twitter:card" content="summary_large_image" />
<meta name="twitter:label1" content="Geschätzte Lesezeit" />
	<meta name="twitter:data1" content="2 Minuten" />
<script type="application/ld+json" class="yoast-schema-graph">{"@context":"https:\/\/schema.org","@graph":[{"@type":"WebPage","@id":"https:\/\/eschringen.de\/wordpress\/geschichte\/sagen\/der-pflueger-auf-ponsheim\/","url":"https:\/\/eschringen.de\/wordpress\/geschichte\/sagen\/der-pflueger-auf-ponsheim\/","name":"Der Pflüger auf Ponsheim - Eschringen","isPartOf":{"@id":"https:\/\/eschringen.de\/wordpress\/#website"},"datePublished":"2017-02-12T13:05:57+00:00","dateModified":"2022-08-20T10:20:16+00:00","breadcrumb":{"@id":"https:\/\/eschringen.de\/wordpress\/geschichte\/sagen\/der-pflueger-auf-ponsheim\/#breadcrumb"},"inLanguage":"de","potentialAction":[{"@type":"ReadAction","target":["https:\/\/eschringen.de\/wordpress\/geschichte\/sagen\/der-pflueger-auf-ponsheim\/"]}]},{"@type":"BreadcrumbList","@id":"https:\/\/eschringen.de\/wordpress\/geschichte\/sagen\/der-pflueger-auf-ponsheim\/#breadcrumb","itemListElement":[{"@type":"ListItem","position":1,"name":"Startseite","item":"https:\/\/eschringen.de\/wordpress\/"},{"@type":"ListItem","position":2,"name":"Geschichte","item":"https:\/\/eschringen.de\/wordpress\/geschichte\/"},{"@type":"ListItem","position":3,"name":"Sagen","item":"https:\/\/eschringen.de\/wordpress\/geschichte\/sagen\/"},{"@type":"ListItem","position":4,"name":"Der Pflüger auf Ponsheim"}]},{"@type":"WebSite","@id":"https:\/\/eschringen.de\/wordpress\/#website","url":"https:\/\/eschringen.de\/wordpress\/","name":"Eschringen","description":"","publisher":{"@id":"https:\/\/eschringen.de\/wordpress\/#organization"},"potentialAction":[{"@type":"SearchAction","target":{"@type":"EntryPoint","urlTemplate":"https:\/\/eschringen.de\/wordpress\/?s={search_term_string}"},"query-input":{"@type":"PropertyValueSpecification","valueRequired":true,"valueName":"search_term_string"}}],"inLanguage":"de"},{"@type":"Organization","@id":"https:\/\/eschringen.de\/wordpress\/#organization","name":"Eschringen","url":"https:\/\/eschringen.de\/wordpress\/","logo":{"@type":"ImageObject","inLanguage":"de","@id":"https:\/\/eschringen.de\/wordpress\/#\/schema\/logo\/image\/","url":"https:\/\/eschringen.de\/wordpress\/wp-content\/uploads\/2017\/03\/2017_kw15.jpg","contentUrl":"https:\/\/eschringen.de\/wordpress\/wp-content\/uploads\/2017\/03\/2017_kw15.jpg","width":784,"height":447,"caption":"Eschringen"},"image":{"@id":"https:\/\/eschringen.de\/wordpress\/#\/schema\/logo\/image\/"}}]}</script>
<!-- / Yoast SEO plugin. -->

Der Pflüger auf Ponsheim - Eschringen

Seit Jahrzehnten zieht am Ponsheimer Hof in den Maientagen eine Prozession von Ensheim aus über die Höhe zum Marienheiligtum Gräfinthal. Als der lange Weg der Betenden den Hang von der Kalkmühle bei Ormesheim in Richtung Ponsheimer Hof hochgezogen war, gewahrten sie plötzlich einen großen Mann beim Pflügen. Weit hallte sein &#8222;Hüh&#8220; und &#8222;Hott&#8220;, gemischt mit ... Weiterlesen ...
