{"id":5274,"date":"2025-06-03T15:50:54","date_gmt":"2025-06-03T13:50:54","guid":{"rendered":"https:\/\/eschringen.de\/wordpress\/?page_id=5274"},"modified":"2025-06-03T17:13:51","modified_gmt":"2025-06-03T15:13:51","slug":"27-5-2025-verlegung-stolperstein","status":"publish","type":"page","link":"https:\/\/eschringen.de\/wordpress\/geschichte\/archiv\/27-5-2025-verlegung-stolperstein\/","title":{"rendered":"27.5.2025 &#8211; Verlegung Stolperstein"},"content":{"rendered":"\n<p>Am 27. Mai 2025 wurde in Eschringen ein Stolperstein f\u00fcr Peter Baptist Hergott verlegt.<\/p>\n\n\n\n<p><a><\/a>Er wurde 1943 im KZ Natzweiler ermordet \u2013 als sogenannter \u201eAsozialer\u201c.<\/p>\n\n\n\n<p>Eine Opfergruppe, die bis heute kaum sichtbar ist und selten Teil unserer Erinnerungskultur war.<\/p>\n\n\n\n<p>Peter Baptist Hergott wurde 1897 in Eschringen geboren. Er war Heizungsmonteur, mehrfach schwer verletzt und gesundheitlich beeintr\u00e4chtigt. Arbeitsunf\u00e4hig und mittellos wurde er vom NS-Regime abgestempelt, inhaftiert, abgeschoben \u2013 und schlie\u00dflich verschleppt und ermordet.<\/p>\n\n\n\n<p>Der Stolperstein vor seinem damaligen Wohnort in der Hauptstra\u00dfe 80 ist nun ein dauerhaftes Mahnmal<\/p>\n\n\n\n<p>Nur durch die intensive Recherche von Rainer Hartz wurde sein Schicksal wieder sichtbar. Er hat Peter Baptist Hergott aus dem Vergessen geholt \u2013 damit wir erinnern, benennen und lernen k\u00f6nnen. Rainer Hartz hat die Patenschaft f\u00fcr den Stolperstein \u00fcbernommen. Daf\u00fcr ein gro\u00dfes Dankesch\u00f6n!<\/p>\n\n\n\n<p>Unser Ortsvereinsvorsitzender war gemeinsam mit Engagierten zur Verlegung vor Ort.<\/p>\n\n\n\n<p>Gegen das Vergessen. F\u00fcr Menschlichkeit und Vielfalt.<\/p>\n\n\n\nngg_shortcode_0_placeholder\n","protected":false},"excerpt":{"rendered":"<p>Am 27. Mai 2025 wurde in Eschringen ein Stolperstein f\u00fcr Peter Baptist Hergott verlegt. Er wurde 1943 im KZ Natzweiler ermordet \u2013 als sogenannter \u201eAsozialer\u201c. Eine Opfergruppe, die bis heute kaum sichtbar ist und selten Teil unserer Erinnerungskultur war. Peter Baptist Hergott wurde 1897 in Eschringen geboren. Er war Heizungsmonteur, mehrfach schwer verletzt und gesundheitlich &#8230; <a title=\"27.5.2025 &#8211; Verlegung Stolperstein\" class=\"read-more\" href=\"https:\/\/eschringen.de\/wordpress\/geschichte\/archiv\/27-5-2025-verlegung-stolperstein\/\" aria-label=\"Mehr Informationen \u00fcber 27.5.2025 &#8211; Verlegung Stolperstein\">Weiterlesen &#8230;<\/a><\/p>\n","protected":false},"author":1,"featured_media":0,"parent":403,"menu_order":0,"comment_status":"closed","ping_status":"closed","template":"","meta":{"ngg_post_thumbnail":0,"footnotes":""},"class_list":["post-5274","page","type-page","status-publish"],"yoast_head":"<!-- This site is optimized with the Yoast SEO plugin v27.3 - https:\/\/yoast.com\/product\/yoast-seo-wordpress\/ -->\n<title>27.5.2025 - Verlegung Stolperstein - Eschringen<\/title>\n<meta name=\"robots\" content=\"index, follow, max-snippet:-1, max-image-preview:large, max-video-preview:-1\" \/>\n<link rel=\"canonical\" href=\"https:\/\/eschringen.de\/wordpress\/geschichte\/archiv\/27-5-2025-verlegung-stolperstein\/\" \/>\n<meta property=\"og:locale\" content=\"de_DE\" \/>\n<meta property=\"og:type\" content=\"article\" \/>\n<meta property=\"og:title\" content=\"27.5.2025 - Verlegung Stolperstein - Eschringen\" \/>\n<meta property=\"og:description\" content=\"Am 27. Mai 2025 wurde in Eschringen ein Stolperstein f\u00fcr Peter Baptist Hergott verlegt. Er wurde 1943 im KZ Natzweiler ermordet \u2013 als sogenannter \u201eAsozialer\u201c. Eine Opfergruppe, die bis heute kaum sichtbar ist und selten Teil unserer Erinnerungskultur war. Peter Baptist Hergott wurde 1897 in Eschringen geboren. Er war Heizungsmonteur, mehrfach schwer verletzt und gesundheitlich ... Weiterlesen ...\" \/>\n<meta property=\"og:url\" content=\"https:\/\/eschringen.de\/wordpress\/geschichte\/archiv\/27-5-2025-verlegung-stolperstein\/\" \/>\n<meta property=\"og:site_name\" content=\"Eschringen\" \/>\n<meta property=\"article:modified_time\" content=\"2025-06-03T15:13:51+00:00\" \/>\n<meta name=\"twitter:card\" content=\"summary_large_image\" \/>\n<meta name=\"twitter:label1\" content=\"Gesch\u00e4tzte Lesezeit\" \/>\n\t<meta name=\"twitter:data1\" content=\"1\u00a0Minute\" \/>\n<script type=\"application\/ld+json\" class=\"yoast-schema-graph\">{\"@context\":\"https:\\\/\\\/schema.org\",\"@graph\":[{\"@type\":\"WebPage\",\"@id\":\"https:\\\/\\\/eschringen.de\\\/wordpress\\\/geschichte\\\/archiv\\\/27-5-2025-verlegung-stolperstein\\\/\",\"url\":\"https:\\\/\\\/eschringen.de\\\/wordpress\\\/geschichte\\\/archiv\\\/27-5-2025-verlegung-stolperstein\\\/\",\"name\":\"27.5.2025 - Verlegung Stolperstein - Eschringen\",\"isPartOf\":{\"@id\":\"https:\\\/\\\/eschringen.de\\\/wordpress\\\/#website\"},\"datePublished\":\"2025-06-03T13:50:54+00:00\",\"dateModified\":\"2025-06-03T15:13:51+00:00\",\"breadcrumb\":{\"@id\":\"https:\\\/\\\/eschringen.de\\\/wordpress\\\/geschichte\\\/archiv\\\/27-5-2025-verlegung-stolperstein\\\/#breadcrumb\"},\"inLanguage\":\"de\",\"potentialAction\":[{\"@type\":\"ReadAction\",\"target\":[\"https:\\\/\\\/eschringen.de\\\/wordpress\\\/geschichte\\\/archiv\\\/27-5-2025-verlegung-stolperstein\\\/\"]}]},{\"@type\":\"BreadcrumbList\",\"@id\":\"https:\\\/\\\/eschringen.de\\\/wordpress\\\/geschichte\\\/archiv\\\/27-5-2025-verlegung-stolperstein\\\/#breadcrumb\",\"itemListElement\":[{\"@type\":\"ListItem\",\"position\":1,\"name\":\"Startseite\",\"item\":\"https:\\\/\\\/eschringen.de\\\/wordpress\\\/\"},{\"@type\":\"ListItem\",\"position\":2,\"name\":\"Geschichte\",\"item\":\"https:\\\/\\\/eschringen.de\\\/wordpress\\\/geschichte\\\/\"},{\"@type\":\"ListItem\",\"position\":3,\"name\":\"Archiv\",\"item\":\"https:\\\/\\\/eschringen.de\\\/wordpress\\\/geschichte\\\/archiv\\\/\"},{\"@type\":\"ListItem\",\"position\":4,\"name\":\"27.5.2025 &#8211; Verlegung Stolperstein\"}]},{\"@type\":\"WebSite\",\"@id\":\"https:\\\/\\\/eschringen.de\\\/wordpress\\\/#website\",\"url\":\"https:\\\/\\\/eschringen.de\\\/wordpress\\\/\",\"name\":\"Eschringen\",\"description\":\"\",\"publisher\":{\"@id\":\"https:\\\/\\\/eschringen.de\\\/wordpress\\\/#organization\"},\"potentialAction\":[{\"@type\":\"SearchAction\",\"target\":{\"@type\":\"EntryPoint\",\"urlTemplate\":\"https:\\\/\\\/eschringen.de\\\/wordpress\\\/?s={search_term_string}\"},\"query-input\":{\"@type\":\"PropertyValueSpecification\",\"valueRequired\":true,\"valueName\":\"search_term_string\"}}],\"inLanguage\":\"de\"},{\"@type\":\"Organization\",\"@id\":\"https:\\\/\\\/eschringen.de\\\/wordpress\\\/#organization\",\"name\":\"Eschringen\",\"url\":\"https:\\\/\\\/eschringen.de\\\/wordpress\\\/\",\"logo\":{\"@type\":\"ImageObject\",\"inLanguage\":\"de\",\"@id\":\"https:\\\/\\\/eschringen.de\\\/wordpress\\\/#\\\/schema\\\/logo\\\/image\\\/\",\"url\":\"https:\\\/\\\/eschringen.de\\\/wordpress\\\/wp-content\\\/uploads\\\/2017\\\/03\\\/2017_kw15.jpg\",\"contentUrl\":\"https:\\\/\\\/eschringen.de\\\/wordpress\\\/wp-content\\\/uploads\\\/2017\\\/03\\\/2017_kw15.jpg\",\"width\":784,\"height\":447,\"caption\":\"Eschringen\"},\"image\":{\"@id\":\"https:\\\/\\\/eschringen.de\\\/wordpress\\\/#\\\/schema\\\/logo\\\/image\\\/\"}}]}<\/script>\n<!-- \/ Yoast SEO plugin. -->","yoast_head_json":{"title":"27.5.2025 - Verlegung Stolperstein - Eschringen","robots":{"index":"index","follow":"follow","max-snippet":"max-snippet:-1","max-image-preview":"max-image-preview:large","max-video-preview":"max-video-preview:-1"},"canonical":"https:\/\/eschringen.de\/wordpress\/geschichte\/archiv\/27-5-2025-verlegung-stolperstein\/","og_locale":"de_DE","og_type":"article","og_title":"27.5.2025 - Verlegung Stolperstein - Eschringen","og_description":"Am 27. Mai 2025 wurde in Eschringen ein Stolperstein f\u00fcr Peter Baptist Hergott verlegt. Er wurde 1943 im KZ Natzweiler ermordet \u2013 als sogenannter \u201eAsozialer\u201c. Eine Opfergruppe, die bis heute kaum sichtbar ist und selten Teil unserer Erinnerungskultur war. Peter Baptist Hergott wurde 1897 in Eschringen geboren. Er war Heizungsmonteur, mehrfach schwer verletzt und gesundheitlich ... Weiterlesen ...","og_url":"https:\/\/eschringen.de\/wordpress\/geschichte\/archiv\/27-5-2025-verlegung-stolperstein\/","og_site_name":"Eschringen","article_modified_time":"2025-06-03T15:13:51+00:00","twitter_card":"summary_large_image","twitter_misc":{"Gesch\u00e4tzte Lesezeit":"1\u00a0Minute"},"schema":{"@context":"https:\/\/schema.org","@graph":[{"@type":"WebPage","@id":"https:\/\/eschringen.de\/wordpress\/geschichte\/archiv\/27-5-2025-verlegung-stolperstein\/","url":"https:\/\/eschringen.de\/wordpress\/geschichte\/archiv\/27-5-2025-verlegung-stolperstein\/","name":"27.5.2025 - Verlegung Stolperstein - Eschringen","isPartOf":{"@id":"https:\/\/eschringen.de\/wordpress\/#website"},"datePublished":"2025-06-03T13:50:54+00:00","dateModified":"2025-06-03T15:13:51+00:00","breadcrumb":{"@id":"https:\/\/eschringen.de\/wordpress\/geschichte\/archiv\/27-5-2025-verlegung-stolperstein\/#breadcrumb"},"inLanguage":"de","potentialAction":[{"@type":"ReadAction","target":["https:\/\/eschringen.de\/wordpress\/geschichte\/archiv\/27-5-2025-verlegung-stolperstein\/"]}]},{"@type":"BreadcrumbList","@id":"https:\/\/eschringen.de\/wordpress\/geschichte\/archiv\/27-5-2025-verlegung-stolperstein\/#breadcrumb","itemListElement":[{"@type":"ListItem","position":1,"name":"Startseite","item":"https:\/\/eschringen.de\/wordpress\/"},{"@type":"ListItem","position":2,"name":"Geschichte","item":"https:\/\/eschringen.de\/wordpress\/geschichte\/"},{"@type":"ListItem","position":3,"name":"Archiv","item":"https:\/\/eschringen.de\/wordpress\/geschichte\/archiv\/"},{"@type":"ListItem","position":4,"name":"27.5.2025 &#8211; Verlegung Stolperstein"}]},{"@type":"WebSite","@id":"https:\/\/eschringen.de\/wordpress\/#website","url":"https:\/\/eschringen.de\/wordpress\/","name":"Eschringen","description":"","publisher":{"@id":"https:\/\/eschringen.de\/wordpress\/#organization"},"potentialAction":[{"@type":"SearchAction","target":{"@type":"EntryPoint","urlTemplate":"https:\/\/eschringen.de\/wordpress\/?s={search_term_string}"},"query-input":{"@type":"PropertyValueSpecification","valueRequired":true,"valueName":"search_term_string"}}],"inLanguage":"de"},{"@type":"Organization","@id":"https:\/\/eschringen.de\/wordpress\/#organization","name":"Eschringen","url":"https:\/\/eschringen.de\/wordpress\/","logo":{"@type":"ImageObject","inLanguage":"de","@id":"https:\/\/eschringen.de\/wordpress\/#\/schema\/logo\/image\/","url":"https:\/\/eschringen.de\/wordpress\/wp-content\/uploads\/2017\/03\/2017_kw15.jpg","contentUrl":"https:\/\/eschringen.de\/wordpress\/wp-content\/uploads\/2017\/03\/2017_kw15.jpg","width":784,"height":447,"caption":"Eschringen"},"image":{"@id":"https:\/\/eschringen.de\/wordpress\/#\/schema\/logo\/image\/"}}]}},"jetpack_sharing_enabled":true,"_links":{"self":[{"href":"https:\/\/eschringen.de\/wordpress\/wp-json\/wp\/v2\/pages\/5274","targetHints":{"allow":["GET"]}}],"collection":[{"href":"https:\/\/eschringen.de\/wordpress\/wp-json\/wp\/v2\/pages"}],"about":[{"href":"https:\/\/eschringen.de\/wordpress\/wp-json\/wp\/v2\/types\/page"}],"author":[{"embeddable":true,"href":"https:\/\/eschringen.de\/wordpress\/wp-json\/wp\/v2\/users\/1"}],"replies":[{"embeddable":true,"href":"https:\/\/eschringen.de\/wordpress\/wp-json\/wp\/v2\/comments?post=5274"}],"version-history":[{"count":2,"href":"https:\/\/eschringen.de\/wordpress\/wp-json\/wp\/v2\/pages\/5274\/revisions"}],"predecessor-version":[{"id":5287,"href":"https:\/\/eschringen.de\/wordpress\/wp-json\/wp\/v2\/pages\/5274\/revisions\/5287"}],"up":[{"embeddable":true,"href":"https:\/\/eschringen.de\/wordpress\/wp-json\/wp\/v2\/pages\/403"}],"wp:attachment":[{"href":"https:\/\/eschringen.de\/wordpress\/wp-json\/wp\/v2\/media?parent=5274"}],"curies":[{"name":"wp","href":"https:\/\/api.w.org\/{rel}","templated":true}]}}