{"id":4390,"date":"2023-10-21T12:02:50","date_gmt":"2023-10-21T10:02:50","guid":{"rendered":"https:\/\/eschringen.de\/wordpress\/?page_id=4390"},"modified":"2023-10-21T12:02:52","modified_gmt":"2023-10-21T10:02:52","slug":"20-jahre-eschringer-home-pages","status":"publish","type":"page","link":"https:\/\/eschringen.de\/wordpress\/geschichte\/archiv\/20-jahre-eschringer-home-pages\/","title":{"rendered":"20 Jahre Eschringer Home-Pages"},"content":{"rendered":"\n<p>Vor 2 Jahren gab es die Ausgabe 200, nun haben wir mit der heutigen Ausgabe auch die 20 Jahre voll gemacht. Keine Ortszeitung in Eschringen hat es bisher so lange geschafft. 2003 im November hatten wir diese zeitliche Vision auch noch nicht, als wir mit drei in Sachen Zeitung unerfahrenen Personen begannen. Damals war es blo\u00df eine Idee, die aus Spa\u00df umgesetzt wurde.<\/p>\n\n\n\n<figure class=\"wp-block-image size-full\"><img data-recalc-dims=\"1\" loading=\"lazy\" decoding=\"async\" width=\"946\" height=\"946\" src=\"https:\/\/i0.wp.com\/eschringen.de\/wordpress\/wp-content\/uploads\/2023\/10\/2023_10_28.jpg?resize=946%2C946&#038;ssl=1\" alt=\"\" class=\"wp-image-4391\" srcset=\"https:\/\/i0.wp.com\/eschringen.de\/wordpress\/wp-content\/uploads\/2023\/10\/2023_10_28.jpg?w=946&amp;ssl=1 946w, https:\/\/i0.wp.com\/eschringen.de\/wordpress\/wp-content\/uploads\/2023\/10\/2023_10_28.jpg?resize=300%2C300&amp;ssl=1 300w, https:\/\/i0.wp.com\/eschringen.de\/wordpress\/wp-content\/uploads\/2023\/10\/2023_10_28.jpg?resize=150%2C150&amp;ssl=1 150w, https:\/\/i0.wp.com\/eschringen.de\/wordpress\/wp-content\/uploads\/2023\/10\/2023_10_28.jpg?resize=768%2C768&amp;ssl=1 768w\" sizes=\"auto, (max-width: 946px) 100vw, 946px\" \/><\/figure>\n\n\n\n<p>Zu Anfangszeiten, als es noch viele Vereine gab, mussten wir lediglich immer wieder daran erinnern, dass die Vereine Berichte schicken. Heute ist es bei der immer d\u00fcnner werdenden Vereinslandschaft nicht einfach mit Vorberichten, Nachberichten, Terminen usw. alleine aus Eschringen. Deshalb schauen wir immer \u00f6fter \u00fcber die Ortsgrenzen in unserer Nachbarorte, wenn es f\u00fcr die Eschringer B\u00fcrger interessant ist. Im Vordergrund steht allerdings das, was im Ort passiert.<\/p>\n\n\n\n<p>Insgesamt w\u00fcnschten wir uns etwas mehr Mitarbeit, denn alles k\u00f6nnen wir auch nicht wissen. Viele wissen mehr und machen unsere Home-Pages dadurch attraktiver. Wer nicht selbst aktiv etwas schreiben will kann uns zumindest Infos geben zu Eschringer Themen und Aktuellem, damit wir einen Bericht verfassen k\u00f6nnen.<\/p>\n\n\n\n<p>Parallel zu unseren Home-Pages und unserer Internetseite <a href=\"http:\/\/www.eschringen.de\/\">www.eschringen.de<\/a> gibt es seit Juni auch Infos \u00fcber Facebook und Instagram. Unter eschringen.de erscheint jeden Tag um 11 Uhr eine neue Info. Auch da schauen wir mal nach Ensheim, Fechingen oder Ormesheim. Hier k\u00f6nnen wir ganz kurzfristig auf Veranstaltungen usw. hinweisen. F\u00fcr Vereine oder Veranstaltungen die M\u00f6glichkeit, schnell noch einmal auf ein Ereignis hinzuweisen.<\/p>\n\n\n\n<p>Damit die Facebook- und Instagram-Seite eine hohe Reichweite hat freuen wir uns \u00fcber jedes \u201eLike\u201c bzw jeden neuen \u201eFollower\u201c. Auch Teilen ist erw\u00fcnscht.<\/p>\n","protected":false},"excerpt":{"rendered":"<p>Vor 2 Jahren gab es die Ausgabe 200, nun haben wir mit der heutigen Ausgabe auch die 20 Jahre voll gemacht. Keine Ortszeitung in Eschringen hat es bisher so lange geschafft. 2003 im November hatten wir diese zeitliche Vision auch noch nicht, als wir mit drei in Sachen Zeitung unerfahrenen Personen begannen. Damals war es &#8230; <a title=\"20 Jahre Eschringer Home-Pages\" class=\"read-more\" href=\"https:\/\/eschringen.de\/wordpress\/geschichte\/archiv\/20-jahre-eschringer-home-pages\/\" aria-label=\"Mehr Informationen \u00fcber 20 Jahre Eschringer Home-Pages\">Weiterlesen &#8230;<\/a><\/p>\n","protected":false},"author":1,"featured_media":0,"parent":403,"menu_order":0,"comment_status":"closed","ping_status":"closed","template":"","meta":{"ngg_post_thumbnail":0,"footnotes":""},"class_list":["post-4390","page","type-page","status-publish"],"yoast_head":"<!-- This site is optimized with the Yoast SEO plugin v27.3 - https:\/\/yoast.com\/product\/yoast-seo-wordpress\/ -->\n<title>20 Jahre Eschringer Home-Pages - Eschringen<\/title>\n<meta name=\"robots\" content=\"index, follow, max-snippet:-1, max-image-preview:large, max-video-preview:-1\" \/>\n<link rel=\"canonical\" href=\"https:\/\/eschringen.de\/wordpress\/geschichte\/archiv\/20-jahre-eschringer-home-pages\/\" \/>\n<meta property=\"og:locale\" content=\"de_DE\" \/>\n<meta property=\"og:type\" content=\"article\" \/>\n<meta property=\"og:title\" content=\"20 Jahre Eschringer Home-Pages - Eschringen\" \/>\n<meta property=\"og:description\" content=\"Vor 2 Jahren gab es die Ausgabe 200, nun haben wir mit der heutigen Ausgabe auch die 20 Jahre voll gemacht. Keine Ortszeitung in Eschringen hat es bisher so lange geschafft. 2003 im November hatten wir diese zeitliche Vision auch noch nicht, als wir mit drei in Sachen Zeitung unerfahrenen Personen begannen. Damals war es ... Weiterlesen ...\" \/>\n<meta property=\"og:url\" content=\"https:\/\/eschringen.de\/wordpress\/geschichte\/archiv\/20-jahre-eschringer-home-pages\/\" \/>\n<meta property=\"og:site_name\" content=\"Eschringen\" \/>\n<meta property=\"article:modified_time\" content=\"2023-10-21T10:02:52+00:00\" \/>\n<meta property=\"og:image\" content=\"https:\/\/eschringen.de\/wordpress\/wp-content\/uploads\/2023\/10\/2023_10_28.jpg\" \/>\n<meta name=\"twitter:card\" content=\"summary_large_image\" \/>\n<meta name=\"twitter:label1\" content=\"Gesch\u00e4tzte Lesezeit\" \/>\n\t<meta name=\"twitter:data1\" content=\"2\u00a0Minuten\" \/>\n<script type=\"application\/ld+json\" class=\"yoast-schema-graph\">{\"@context\":\"https:\\\/\\\/schema.org\",\"@graph\":[{\"@type\":\"WebPage\",\"@id\":\"https:\\\/\\\/eschringen.de\\\/wordpress\\\/geschichte\\\/archiv\\\/20-jahre-eschringer-home-pages\\\/\",\"url\":\"https:\\\/\\\/eschringen.de\\\/wordpress\\\/geschichte\\\/archiv\\\/20-jahre-eschringer-home-pages\\\/\",\"name\":\"20 Jahre Eschringer Home-Pages - Eschringen\",\"isPartOf\":{\"@id\":\"https:\\\/\\\/eschringen.de\\\/wordpress\\\/#website\"},\"primaryImageOfPage\":{\"@id\":\"https:\\\/\\\/eschringen.de\\\/wordpress\\\/geschichte\\\/archiv\\\/20-jahre-eschringer-home-pages\\\/#primaryimage\"},\"image\":{\"@id\":\"https:\\\/\\\/eschringen.de\\\/wordpress\\\/geschichte\\\/archiv\\\/20-jahre-eschringer-home-pages\\\/#primaryimage\"},\"thumbnailUrl\":\"https:\\\/\\\/eschringen.de\\\/wordpress\\\/wp-content\\\/uploads\\\/2023\\\/10\\\/2023_10_28.jpg\",\"datePublished\":\"2023-10-21T10:02:50+00:00\",\"dateModified\":\"2023-10-21T10:02:52+00:00\",\"breadcrumb\":{\"@id\":\"https:\\\/\\\/eschringen.de\\\/wordpress\\\/geschichte\\\/archiv\\\/20-jahre-eschringer-home-pages\\\/#breadcrumb\"},\"inLanguage\":\"de\",\"potentialAction\":[{\"@type\":\"ReadAction\",\"target\":[\"https:\\\/\\\/eschringen.de\\\/wordpress\\\/geschichte\\\/archiv\\\/20-jahre-eschringer-home-pages\\\/\"]}]},{\"@type\":\"ImageObject\",\"inLanguage\":\"de\",\"@id\":\"https:\\\/\\\/eschringen.de\\\/wordpress\\\/geschichte\\\/archiv\\\/20-jahre-eschringer-home-pages\\\/#primaryimage\",\"url\":\"https:\\\/\\\/i0.wp.com\\\/eschringen.de\\\/wordpress\\\/wp-content\\\/uploads\\\/2023\\\/10\\\/2023_10_28.jpg?fit=946%2C946&ssl=1\",\"contentUrl\":\"https:\\\/\\\/i0.wp.com\\\/eschringen.de\\\/wordpress\\\/wp-content\\\/uploads\\\/2023\\\/10\\\/2023_10_28.jpg?fit=946%2C946&ssl=1\",\"width\":946,\"height\":946},{\"@type\":\"BreadcrumbList\",\"@id\":\"https:\\\/\\\/eschringen.de\\\/wordpress\\\/geschichte\\\/archiv\\\/20-jahre-eschringer-home-pages\\\/#breadcrumb\",\"itemListElement\":[{\"@type\":\"ListItem\",\"position\":1,\"name\":\"Startseite\",\"item\":\"https:\\\/\\\/eschringen.de\\\/wordpress\\\/\"},{\"@type\":\"ListItem\",\"position\":2,\"name\":\"Geschichte\",\"item\":\"https:\\\/\\\/eschringen.de\\\/wordpress\\\/geschichte\\\/\"},{\"@type\":\"ListItem\",\"position\":3,\"name\":\"Archiv\",\"item\":\"https:\\\/\\\/eschringen.de\\\/wordpress\\\/geschichte\\\/archiv\\\/\"},{\"@type\":\"ListItem\",\"position\":4,\"name\":\"20 Jahre Eschringer Home-Pages\"}]},{\"@type\":\"WebSite\",\"@id\":\"https:\\\/\\\/eschringen.de\\\/wordpress\\\/#website\",\"url\":\"https:\\\/\\\/eschringen.de\\\/wordpress\\\/\",\"name\":\"Eschringen\",\"description\":\"\",\"publisher\":{\"@id\":\"https:\\\/\\\/eschringen.de\\\/wordpress\\\/#organization\"},\"potentialAction\":[{\"@type\":\"SearchAction\",\"target\":{\"@type\":\"EntryPoint\",\"urlTemplate\":\"https:\\\/\\\/eschringen.de\\\/wordpress\\\/?s={search_term_string}\"},\"query-input\":{\"@type\":\"PropertyValueSpecification\",\"valueRequired\":true,\"valueName\":\"search_term_string\"}}],\"inLanguage\":\"de\"},{\"@type\":\"Organization\",\"@id\":\"https:\\\/\\\/eschringen.de\\\/wordpress\\\/#organization\",\"name\":\"Eschringen\",\"url\":\"https:\\\/\\\/eschringen.de\\\/wordpress\\\/\",\"logo\":{\"@type\":\"ImageObject\",\"inLanguage\":\"de\",\"@id\":\"https:\\\/\\\/eschringen.de\\\/wordpress\\\/#\\\/schema\\\/logo\\\/image\\\/\",\"url\":\"https:\\\/\\\/eschringen.de\\\/wordpress\\\/wp-content\\\/uploads\\\/2017\\\/03\\\/2017_kw15.jpg\",\"contentUrl\":\"https:\\\/\\\/eschringen.de\\\/wordpress\\\/wp-content\\\/uploads\\\/2017\\\/03\\\/2017_kw15.jpg\",\"width\":784,\"height\":447,\"caption\":\"Eschringen\"},\"image\":{\"@id\":\"https:\\\/\\\/eschringen.de\\\/wordpress\\\/#\\\/schema\\\/logo\\\/image\\\/\"}}]}<\/script>\n<!-- \/ Yoast SEO plugin. -->","yoast_head_json":{"title":"20 Jahre Eschringer Home-Pages - Eschringen","robots":{"index":"index","follow":"follow","max-snippet":"max-snippet:-1","max-image-preview":"max-image-preview:large","max-video-preview":"max-video-preview:-1"},"canonical":"https:\/\/eschringen.de\/wordpress\/geschichte\/archiv\/20-jahre-eschringer-home-pages\/","og_locale":"de_DE","og_type":"article","og_title":"20 Jahre Eschringer Home-Pages - Eschringen","og_description":"Vor 2 Jahren gab es die Ausgabe 200, nun haben wir mit der heutigen Ausgabe auch die 20 Jahre voll gemacht. Keine Ortszeitung in Eschringen hat es bisher so lange geschafft. 2003 im November hatten wir diese zeitliche Vision auch noch nicht, als wir mit drei in Sachen Zeitung unerfahrenen Personen begannen. Damals war es ... Weiterlesen ...","og_url":"https:\/\/eschringen.de\/wordpress\/geschichte\/archiv\/20-jahre-eschringer-home-pages\/","og_site_name":"Eschringen","article_modified_time":"2023-10-21T10:02:52+00:00","og_image":[{"url":"https:\/\/eschringen.de\/wordpress\/wp-content\/uploads\/2023\/10\/2023_10_28.jpg","type":"","width":"","height":""}],"twitter_card":"summary_large_image","twitter_misc":{"Gesch\u00e4tzte Lesezeit":"2\u00a0Minuten"},"schema":{"@context":"https:\/\/schema.org","@graph":[{"@type":"WebPage","@id":"https:\/\/eschringen.de\/wordpress\/geschichte\/archiv\/20-jahre-eschringer-home-pages\/","url":"https:\/\/eschringen.de\/wordpress\/geschichte\/archiv\/20-jahre-eschringer-home-pages\/","name":"20 Jahre Eschringer Home-Pages - Eschringen","isPartOf":{"@id":"https:\/\/eschringen.de\/wordpress\/#website"},"primaryImageOfPage":{"@id":"https:\/\/eschringen.de\/wordpress\/geschichte\/archiv\/20-jahre-eschringer-home-pages\/#primaryimage"},"image":{"@id":"https:\/\/eschringen.de\/wordpress\/geschichte\/archiv\/20-jahre-eschringer-home-pages\/#primaryimage"},"thumbnailUrl":"https:\/\/eschringen.de\/wordpress\/wp-content\/uploads\/2023\/10\/2023_10_28.jpg","datePublished":"2023-10-21T10:02:50+00:00","dateModified":"2023-10-21T10:02:52+00:00","breadcrumb":{"@id":"https:\/\/eschringen.de\/wordpress\/geschichte\/archiv\/20-jahre-eschringer-home-pages\/#breadcrumb"},"inLanguage":"de","potentialAction":[{"@type":"ReadAction","target":["https:\/\/eschringen.de\/wordpress\/geschichte\/archiv\/20-jahre-eschringer-home-pages\/"]}]},{"@type":"ImageObject","inLanguage":"de","@id":"https:\/\/eschringen.de\/wordpress\/geschichte\/archiv\/20-jahre-eschringer-home-pages\/#primaryimage","url":"https:\/\/i0.wp.com\/eschringen.de\/wordpress\/wp-content\/uploads\/2023\/10\/2023_10_28.jpg?fit=946%2C946&ssl=1","contentUrl":"https:\/\/i0.wp.com\/eschringen.de\/wordpress\/wp-content\/uploads\/2023\/10\/2023_10_28.jpg?fit=946%2C946&ssl=1","width":946,"height":946},{"@type":"BreadcrumbList","@id":"https:\/\/eschringen.de\/wordpress\/geschichte\/archiv\/20-jahre-eschringer-home-pages\/#breadcrumb","itemListElement":[{"@type":"ListItem","position":1,"name":"Startseite","item":"https:\/\/eschringen.de\/wordpress\/"},{"@type":"ListItem","position":2,"name":"Geschichte","item":"https:\/\/eschringen.de\/wordpress\/geschichte\/"},{"@type":"ListItem","position":3,"name":"Archiv","item":"https:\/\/eschringen.de\/wordpress\/geschichte\/archiv\/"},{"@type":"ListItem","position":4,"name":"20 Jahre Eschringer Home-Pages"}]},{"@type":"WebSite","@id":"https:\/\/eschringen.de\/wordpress\/#website","url":"https:\/\/eschringen.de\/wordpress\/","name":"Eschringen","description":"","publisher":{"@id":"https:\/\/eschringen.de\/wordpress\/#organization"},"potentialAction":[{"@type":"SearchAction","target":{"@type":"EntryPoint","urlTemplate":"https:\/\/eschringen.de\/wordpress\/?s={search_term_string}"},"query-input":{"@type":"PropertyValueSpecification","valueRequired":true,"valueName":"search_term_string"}}],"inLanguage":"de"},{"@type":"Organization","@id":"https:\/\/eschringen.de\/wordpress\/#organization","name":"Eschringen","url":"https:\/\/eschringen.de\/wordpress\/","logo":{"@type":"ImageObject","inLanguage":"de","@id":"https:\/\/eschringen.de\/wordpress\/#\/schema\/logo\/image\/","url":"https:\/\/eschringen.de\/wordpress\/wp-content\/uploads\/2017\/03\/2017_kw15.jpg","contentUrl":"https:\/\/eschringen.de\/wordpress\/wp-content\/uploads\/2017\/03\/2017_kw15.jpg","width":784,"height":447,"caption":"Eschringen"},"image":{"@id":"https:\/\/eschringen.de\/wordpress\/#\/schema\/logo\/image\/"}}]}},"jetpack_sharing_enabled":true,"_links":{"self":[{"href":"https:\/\/eschringen.de\/wordpress\/wp-json\/wp\/v2\/pages\/4390","targetHints":{"allow":["GET"]}}],"collection":[{"href":"https:\/\/eschringen.de\/wordpress\/wp-json\/wp\/v2\/pages"}],"about":[{"href":"https:\/\/eschringen.de\/wordpress\/wp-json\/wp\/v2\/types\/page"}],"author":[{"embeddable":true,"href":"https:\/\/eschringen.de\/wordpress\/wp-json\/wp\/v2\/users\/1"}],"replies":[{"embeddable":true,"href":"https:\/\/eschringen.de\/wordpress\/wp-json\/wp\/v2\/comments?post=4390"}],"version-history":[{"count":1,"href":"https:\/\/eschringen.de\/wordpress\/wp-json\/wp\/v2\/pages\/4390\/revisions"}],"predecessor-version":[{"id":4392,"href":"https:\/\/eschringen.de\/wordpress\/wp-json\/wp\/v2\/pages\/4390\/revisions\/4392"}],"up":[{"embeddable":true,"href":"https:\/\/eschringen.de\/wordpress\/wp-json\/wp\/v2\/pages\/403"}],"wp:attachment":[{"href":"https:\/\/eschringen.de\/wordpress\/wp-json\/wp\/v2\/media?parent=4390"}],"curies":[{"name":"wp","href":"https:\/\/api.w.org\/{rel}","templated":true}]}}