{"id":411,"date":"2017-02-11T17:58:18","date_gmt":"2017-02-11T16:58:18","guid":{"rendered":"http:\/\/eschringen.de\/wordpress\/?page_id=411"},"modified":"2017-02-12T10:50:49","modified_gmt":"2017-02-12T09:50:49","slug":"ansichtskarten","status":"publish","type":"page","link":"https:\/\/eschringen.de\/wordpress\/geschichte\/ansichtskarten\/","title":{"rendered":"Ansichtskarten"},"content":{"rendered":"<h5>Eschringen in alten Ansichten &#8211; Ausgew\u00e4hlte Postkarten aus \u00fcber 100 Jahren<\/h5>\n<p>F\u00fcr Vergr\u00f6\u00dferung und Infos bitte anklicken.<\/p>\n<p>ngg_shortcode_0_placeholderP.S. Die Geschichtswerkstatt ist nach wie vor auf der Suche nach m\u00f6glichst unbesch\u00e4digten Ansichtskarten zwecks Ankauf bzw. Reproduktion. Auch n\u00e4here Informationen \u00fcber genaue Erscheinungsdaten werden gerne aufgenommen.<\/p>\n<p>Kontakt: Roland Schmitt, Gr\u00e4finthaler Str. 57a, Tel. 3272<\/p>\n","protected":false},"excerpt":{"rendered":"<p>Eschringen in alten Ansichten &#8211; Ausgew\u00e4hlte Postkarten aus \u00fcber 100 Jahren F\u00fcr Vergr\u00f6\u00dferung und Infos bitte anklicken. &#8220; template=&#8220;\/homepages\/18\/d97470028\/htdocs\/es\/wordpress\/wp-content\/plugins\/nextgen-gallery\/products\/photocrati_nextgen\/modules\/ngglegacy\/view\/gallery.php&#8220; order_by=&#8220;sortorder&#8220; order_direction=&#8220;ASC&#8220; returns=&#8220;included&#8220; maximum_entity_count=&#8220;500&#8243;]P.S. Die Geschichtswerkstatt ist nach wie vor auf der Suche nach m\u00f6glichst unbesch\u00e4digten Ansichtskarten zwecks Ankauf bzw. Reproduktion. Auch n\u00e4here Informationen \u00fcber genaue Erscheinungsdaten werden gerne aufgenommen. Kontakt: Roland Schmitt, Gr\u00e4finthaler Str. 57a, &#8230; <a title=\"Ansichtskarten\" class=\"read-more\" href=\"https:\/\/eschringen.de\/wordpress\/geschichte\/ansichtskarten\/\" aria-label=\"Mehr Informationen \u00fcber Ansichtskarten\">Weiterlesen &#8230;<\/a><\/p>\n","protected":false},"author":1,"featured_media":0,"parent":36,"menu_order":7,"comment_status":"closed","ping_status":"closed","template":"","meta":{"ngg_post_thumbnail":0,"footnotes":""},"class_list":["post-411","page","type-page","status-publish"],"yoast_head":"<!-- This site is optimized with the Yoast SEO plugin v27.4 - https:\/\/yoast.com\/product\/yoast-seo-wordpress\/ -->\n<title>Ansichtskarten - Eschringen<\/title>\n<meta name=\"robots\" content=\"index, follow, max-snippet:-1, max-image-preview:large, max-video-preview:-1\" \/>\n<link rel=\"canonical\" href=\"https:\/\/eschringen.de\/wordpress\/geschichte\/ansichtskarten\/\" \/>\n<meta property=\"og:locale\" content=\"de_DE\" \/>\n<meta property=\"og:type\" content=\"article\" \/>\n<meta property=\"og:title\" content=\"Ansichtskarten - Eschringen\" \/>\n<meta property=\"og:description\" content=\"Eschringen in alten Ansichten &#8211; Ausgew\u00e4hlte Postkarten aus \u00fcber 100 Jahren F\u00fcr Vergr\u00f6\u00dferung und Infos bitte anklicken. &#8220; template=&#8220;\/homepages\/18\/d97470028\/htdocs\/es\/wordpress\/wp-content\/plugins\/nextgen-gallery\/products\/photocrati_nextgen\/modules\/ngglegacy\/view\/gallery.php&#8220; order_by=&#8220;sortorder&#8220; order_direction=&#8220;ASC&#8220; returns=&#8220;included&#8220; maximum_entity_count=&#8220;500&#8243;]P.S. Die Geschichtswerkstatt ist nach wie vor auf der Suche nach m\u00f6glichst unbesch\u00e4digten Ansichtskarten zwecks Ankauf bzw. Reproduktion. Auch n\u00e4here Informationen \u00fcber genaue Erscheinungsdaten werden gerne aufgenommen. Kontakt: Roland Schmitt, Gr\u00e4finthaler Str. 57a, ... Weiterlesen ...\" \/>\n<meta property=\"og:url\" content=\"https:\/\/eschringen.de\/wordpress\/geschichte\/ansichtskarten\/\" \/>\n<meta property=\"og:site_name\" content=\"Eschringen\" \/>\n<meta property=\"article:modified_time\" content=\"2017-02-12T09:50:49+00:00\" \/>\n<meta name=\"twitter:card\" content=\"summary_large_image\" \/>\n<meta name=\"twitter:label1\" content=\"Gesch\u00e4tzte Lesezeit\" \/>\n\t<meta name=\"twitter:data1\" content=\"1\u00a0Minute\" \/>\n<script type=\"application\/ld+json\" class=\"yoast-schema-graph\">{\"@context\":\"https:\\\/\\\/schema.org\",\"@graph\":[{\"@type\":\"WebPage\",\"@id\":\"https:\\\/\\\/eschringen.de\\\/wordpress\\\/geschichte\\\/ansichtskarten\\\/\",\"url\":\"https:\\\/\\\/eschringen.de\\\/wordpress\\\/geschichte\\\/ansichtskarten\\\/\",\"name\":\"Ansichtskarten - Eschringen\",\"isPartOf\":{\"@id\":\"https:\\\/\\\/eschringen.de\\\/wordpress\\\/#website\"},\"datePublished\":\"2017-02-11T16:58:18+00:00\",\"dateModified\":\"2017-02-12T09:50:49+00:00\",\"breadcrumb\":{\"@id\":\"https:\\\/\\\/eschringen.de\\\/wordpress\\\/geschichte\\\/ansichtskarten\\\/#breadcrumb\"},\"inLanguage\":\"de\",\"potentialAction\":[{\"@type\":\"ReadAction\",\"target\":[\"https:\\\/\\\/eschringen.de\\\/wordpress\\\/geschichte\\\/ansichtskarten\\\/\"]}]},{\"@type\":\"BreadcrumbList\",\"@id\":\"https:\\\/\\\/eschringen.de\\\/wordpress\\\/geschichte\\\/ansichtskarten\\\/#breadcrumb\",\"itemListElement\":[{\"@type\":\"ListItem\",\"position\":1,\"name\":\"Startseite\",\"item\":\"https:\\\/\\\/eschringen.de\\\/wordpress\\\/\"},{\"@type\":\"ListItem\",\"position\":2,\"name\":\"Geschichte\",\"item\":\"https:\\\/\\\/eschringen.de\\\/wordpress\\\/geschichte\\\/\"},{\"@type\":\"ListItem\",\"position\":3,\"name\":\"Ansichtskarten\"}]},{\"@type\":\"WebSite\",\"@id\":\"https:\\\/\\\/eschringen.de\\\/wordpress\\\/#website\",\"url\":\"https:\\\/\\\/eschringen.de\\\/wordpress\\\/\",\"name\":\"Eschringen\",\"description\":\"\",\"publisher\":{\"@id\":\"https:\\\/\\\/eschringen.de\\\/wordpress\\\/#organization\"},\"potentialAction\":[{\"@type\":\"SearchAction\",\"target\":{\"@type\":\"EntryPoint\",\"urlTemplate\":\"https:\\\/\\\/eschringen.de\\\/wordpress\\\/?s={search_term_string}\"},\"query-input\":{\"@type\":\"PropertyValueSpecification\",\"valueRequired\":true,\"valueName\":\"search_term_string\"}}],\"inLanguage\":\"de\"},{\"@type\":\"Organization\",\"@id\":\"https:\\\/\\\/eschringen.de\\\/wordpress\\\/#organization\",\"name\":\"Eschringen\",\"url\":\"https:\\\/\\\/eschringen.de\\\/wordpress\\\/\",\"logo\":{\"@type\":\"ImageObject\",\"inLanguage\":\"de\",\"@id\":\"https:\\\/\\\/eschringen.de\\\/wordpress\\\/#\\\/schema\\\/logo\\\/image\\\/\",\"url\":\"https:\\\/\\\/eschringen.de\\\/wordpress\\\/wp-content\\\/uploads\\\/2017\\\/03\\\/2017_kw15.jpg\",\"contentUrl\":\"https:\\\/\\\/eschringen.de\\\/wordpress\\\/wp-content\\\/uploads\\\/2017\\\/03\\\/2017_kw15.jpg\",\"width\":784,\"height\":447,\"caption\":\"Eschringen\"},\"image\":{\"@id\":\"https:\\\/\\\/eschringen.de\\\/wordpress\\\/#\\\/schema\\\/logo\\\/image\\\/\"}}]}<\/script>\n<!-- \/ Yoast SEO plugin. -->","yoast_head_json":{"title":"Ansichtskarten - Eschringen","robots":{"index":"index","follow":"follow","max-snippet":"max-snippet:-1","max-image-preview":"max-image-preview:large","max-video-preview":"max-video-preview:-1"},"canonical":"https:\/\/eschringen.de\/wordpress\/geschichte\/ansichtskarten\/","og_locale":"de_DE","og_type":"article","og_title":"Ansichtskarten - Eschringen","og_description":"Eschringen in alten Ansichten &#8211; Ausgew\u00e4hlte Postkarten aus \u00fcber 100 Jahren F\u00fcr Vergr\u00f6\u00dferung und Infos bitte anklicken. &#8220; template=&#8220;\/homepages\/18\/d97470028\/htdocs\/es\/wordpress\/wp-content\/plugins\/nextgen-gallery\/products\/photocrati_nextgen\/modules\/ngglegacy\/view\/gallery.php&#8220; order_by=&#8220;sortorder&#8220; order_direction=&#8220;ASC&#8220; returns=&#8220;included&#8220; maximum_entity_count=&#8220;500&#8243;]P.S. Die Geschichtswerkstatt ist nach wie vor auf der Suche nach m\u00f6glichst unbesch\u00e4digten Ansichtskarten zwecks Ankauf bzw. Reproduktion. Auch n\u00e4here Informationen \u00fcber genaue Erscheinungsdaten werden gerne aufgenommen. Kontakt: Roland Schmitt, Gr\u00e4finthaler Str. 57a, ... Weiterlesen ...","og_url":"https:\/\/eschringen.de\/wordpress\/geschichte\/ansichtskarten\/","og_site_name":"Eschringen","article_modified_time":"2017-02-12T09:50:49+00:00","twitter_card":"summary_large_image","twitter_misc":{"Gesch\u00e4tzte Lesezeit":"1\u00a0Minute"},"schema":{"@context":"https:\/\/schema.org","@graph":[{"@type":"WebPage","@id":"https:\/\/eschringen.de\/wordpress\/geschichte\/ansichtskarten\/","url":"https:\/\/eschringen.de\/wordpress\/geschichte\/ansichtskarten\/","name":"Ansichtskarten - Eschringen","isPartOf":{"@id":"https:\/\/eschringen.de\/wordpress\/#website"},"datePublished":"2017-02-11T16:58:18+00:00","dateModified":"2017-02-12T09:50:49+00:00","breadcrumb":{"@id":"https:\/\/eschringen.de\/wordpress\/geschichte\/ansichtskarten\/#breadcrumb"},"inLanguage":"de","potentialAction":[{"@type":"ReadAction","target":["https:\/\/eschringen.de\/wordpress\/geschichte\/ansichtskarten\/"]}]},{"@type":"BreadcrumbList","@id":"https:\/\/eschringen.de\/wordpress\/geschichte\/ansichtskarten\/#breadcrumb","itemListElement":[{"@type":"ListItem","position":1,"name":"Startseite","item":"https:\/\/eschringen.de\/wordpress\/"},{"@type":"ListItem","position":2,"name":"Geschichte","item":"https:\/\/eschringen.de\/wordpress\/geschichte\/"},{"@type":"ListItem","position":3,"name":"Ansichtskarten"}]},{"@type":"WebSite","@id":"https:\/\/eschringen.de\/wordpress\/#website","url":"https:\/\/eschringen.de\/wordpress\/","name":"Eschringen","description":"","publisher":{"@id":"https:\/\/eschringen.de\/wordpress\/#organization"},"potentialAction":[{"@type":"SearchAction","target":{"@type":"EntryPoint","urlTemplate":"https:\/\/eschringen.de\/wordpress\/?s={search_term_string}"},"query-input":{"@type":"PropertyValueSpecification","valueRequired":true,"valueName":"search_term_string"}}],"inLanguage":"de"},{"@type":"Organization","@id":"https:\/\/eschringen.de\/wordpress\/#organization","name":"Eschringen","url":"https:\/\/eschringen.de\/wordpress\/","logo":{"@type":"ImageObject","inLanguage":"de","@id":"https:\/\/eschringen.de\/wordpress\/#\/schema\/logo\/image\/","url":"https:\/\/eschringen.de\/wordpress\/wp-content\/uploads\/2017\/03\/2017_kw15.jpg","contentUrl":"https:\/\/eschringen.de\/wordpress\/wp-content\/uploads\/2017\/03\/2017_kw15.jpg","width":784,"height":447,"caption":"Eschringen"},"image":{"@id":"https:\/\/eschringen.de\/wordpress\/#\/schema\/logo\/image\/"}}]}},"jetpack_sharing_enabled":true,"_links":{"self":[{"href":"https:\/\/eschringen.de\/wordpress\/wp-json\/wp\/v2\/pages\/411","targetHints":{"allow":["GET"]}}],"collection":[{"href":"https:\/\/eschringen.de\/wordpress\/wp-json\/wp\/v2\/pages"}],"about":[{"href":"https:\/\/eschringen.de\/wordpress\/wp-json\/wp\/v2\/types\/page"}],"author":[{"embeddable":true,"href":"https:\/\/eschringen.de\/wordpress\/wp-json\/wp\/v2\/users\/1"}],"replies":[{"embeddable":true,"href":"https:\/\/eschringen.de\/wordpress\/wp-json\/wp\/v2\/comments?post=411"}],"version-history":[{"count":15,"href":"https:\/\/eschringen.de\/wordpress\/wp-json\/wp\/v2\/pages\/411\/revisions"}],"predecessor-version":[{"id":499,"href":"https:\/\/eschringen.de\/wordpress\/wp-json\/wp\/v2\/pages\/411\/revisions\/499"}],"up":[{"embeddable":true,"href":"https:\/\/eschringen.de\/wordpress\/wp-json\/wp\/v2\/pages\/36"}],"wp:attachment":[{"href":"https:\/\/eschringen.de\/wordpress\/wp-json\/wp\/v2\/media?parent=411"}],"curies":[{"name":"wp","href":"https:\/\/api.w.org\/{rel}","templated":true}]}}