{"id":349,"date":"2017-02-11T16:39:25","date_gmt":"2017-02-11T15:39:25","guid":{"rendered":"http:\/\/eschringen.de\/wordpress\/?page_id=349"},"modified":"2024-11-30T22:59:17","modified_gmt":"2024-11-30T21:59:17","slug":"arbeitsgemeinschaft-eschringer-vereine","status":"publish","type":"page","link":"https:\/\/eschringen.de\/wordpress\/die-menschen\/vereine\/arbeitsgemeinschaft-eschringer-vereine\/","title":{"rendered":"Arbeitsgemeinschaft Eschringer Vereine"},"content":{"rendered":"<div class=\"wp-block-image\">\n<figure class=\"alignright\"><img data-recalc-dims=\"1\" loading=\"lazy\" decoding=\"async\" width=\"400\" height=\"117\" src=\"https:\/\/i0.wp.com\/eschringen.de\/wordpress\/wp-content\/uploads\/2017\/02\/ag.jpg?resize=400%2C117\" alt=\"\" class=\"wp-image-1134\" srcset=\"https:\/\/i0.wp.com\/eschringen.de\/wordpress\/wp-content\/uploads\/2017\/02\/ag.jpg?w=400&amp;ssl=1 400w, https:\/\/i0.wp.com\/eschringen.de\/wordpress\/wp-content\/uploads\/2017\/02\/ag.jpg?resize=300%2C88&amp;ssl=1 300w\" sizes=\"auto, (max-width: 400px) 100vw, 400px\" \/><\/figure>\n<\/div>\n\n\n<p><strong><span style=\"color: #800000;\">Gr\u00fcndungsjahr:<\/span><\/strong> 1991<br><strong><span style=\"color: #800000;\">Mitglieder:<\/span> <\/strong>18 Vereine<br><strong><span style=\"color: #800000;\">Mitgliedsbeitrag:<\/span><\/strong> j\u00e4hrlich \u20ac 16,-<\/p>\n\n\n\n<p><strong><span style=\"color: #800000;\">Vorsitzender:<\/span><\/strong> Stefan Vogelgesang<br>Gr\u00e4finthaler Str. 58<br>66130 Saarbr\u00fccken-Eschringen<br>Tel.: 0 68 93 &#8211; 65 53<\/p>\n\n\n\n<p>Die Arbeitsgemeinschaft Eschringer Vereine<br>Der Versuch einer Selbstdarstellung<\/p>\n\n\n\n<p>Bis zur Gr\u00fcndung der Arbeitsgemeinschaft beschr\u00e4nkte sich die Zusammenarbeit der Vereine weitestgehend auf die Koordinierung von Terminen f\u00fcr Veranstaltungen der einzelnen Vereine und Gruppierungen. Die Unverbindlichkeit der hier vereinbarten Regelungen f\u00fchrte oft genug zu unliebsamen Missverst\u00e4ndnissen unter den Vereinen.<\/p>\n\n\n\n<p>Mit dem von allen Eschringer Vereinen einm\u00fctig unterst\u00fctzten Wunsch, den 1100sten Jahrestag Eschringens erster urkundlicher Erw\u00e4hnung in einem der Bedeutung des Anlasses entsprechenden Rahmen zu begehen, wurde es notwendig, der urspr\u00fcnglich recht lockeren Struktur ein neues Gef\u00fcge zu geben. Nachdem in einer Vielzahl von Einzelgespr\u00e4chen mit den Vereinsvorst\u00e4nden der Weg geebnet war, konnte Edgar Hartz als langj\u00e4hriger Koordinator Eschringer Vereinsinteressen die konstituierende Versammlung der Arbeitsgemeinschaft Eschringer Vereine e.V. am 23. Oktober 1991 in das Gasthaus &#8222;Zur neuen Simbach&#8220; einberufen. Die \u00fcberwiegende Anzahl der anwesenden Vereinsvertreter erkl\u00e4rten den Beitritt des von ihnen repr\u00e4sentierten Vereins und beschlossen die vorgelegte Satzung, in der sich die neugegr\u00fcndete Arbeitsgemeinschaft insbesondere die Erhaltung und F\u00f6rderung kultureller Aktivit\u00e4ten sowie die Pflege der besonderen Strukturen Eschringens zur Aufgabe macht.<\/p>\n\n\n\n<p><a href=\"http:\/\/eschringen.de\/wordpress\/die-menschen\/vereine\/\">zur\u00fcck zur \u00dcbersicht<\/a><\/p>\n","protected":false},"excerpt":{"rendered":"<p>Gr\u00fcndungsjahr: 1991Mitglieder: 18 VereineMitgliedsbeitrag: j\u00e4hrlich \u20ac 16,- Vorsitzender: Stefan VogelgesangGr\u00e4finthaler Str. 5866130 Saarbr\u00fccken-EschringenTel.: 0 68 93 &#8211; 65 53 Die Arbeitsgemeinschaft Eschringer VereineDer Versuch einer Selbstdarstellung Bis zur Gr\u00fcndung der Arbeitsgemeinschaft beschr\u00e4nkte sich die Zusammenarbeit der Vereine weitestgehend auf die Koordinierung von Terminen f\u00fcr Veranstaltungen der einzelnen Vereine und Gruppierungen. Die Unverbindlichkeit der hier vereinbarten &#8230; <a title=\"Arbeitsgemeinschaft Eschringer Vereine\" class=\"read-more\" href=\"https:\/\/eschringen.de\/wordpress\/die-menschen\/vereine\/arbeitsgemeinschaft-eschringer-vereine\/\" aria-label=\"Mehr Informationen \u00fcber Arbeitsgemeinschaft Eschringer Vereine\">Weiterlesen &#8230;<\/a><\/p>\n","protected":false},"author":1,"featured_media":0,"parent":228,"menu_order":1,"comment_status":"closed","ping_status":"closed","template":"","meta":{"ngg_post_thumbnail":0,"footnotes":""},"class_list":["post-349","page","type-page","status-publish"],"yoast_head":"<!-- This site is optimized with the Yoast SEO plugin v27.4 - https:\/\/yoast.com\/product\/yoast-seo-wordpress\/ -->\n<title>Arbeitsgemeinschaft Eschringer Vereine - Eschringen<\/title>\n<meta name=\"robots\" content=\"index, follow, max-snippet:-1, max-image-preview:large, max-video-preview:-1\" \/>\n<link rel=\"canonical\" href=\"https:\/\/eschringen.de\/wordpress\/die-menschen\/vereine\/arbeitsgemeinschaft-eschringer-vereine\/\" \/>\n<meta property=\"og:locale\" content=\"de_DE\" \/>\n<meta property=\"og:type\" content=\"article\" \/>\n<meta property=\"og:title\" content=\"Arbeitsgemeinschaft Eschringer Vereine - Eschringen\" \/>\n<meta property=\"og:description\" content=\"Gr\u00fcndungsjahr: 1991Mitglieder: 18 VereineMitgliedsbeitrag: j\u00e4hrlich \u20ac 16,- Vorsitzender: Stefan VogelgesangGr\u00e4finthaler Str. 5866130 Saarbr\u00fccken-EschringenTel.: 0 68 93 &#8211; 65 53 Die Arbeitsgemeinschaft Eschringer VereineDer Versuch einer Selbstdarstellung Bis zur Gr\u00fcndung der Arbeitsgemeinschaft beschr\u00e4nkte sich die Zusammenarbeit der Vereine weitestgehend auf die Koordinierung von Terminen f\u00fcr Veranstaltungen der einzelnen Vereine und Gruppierungen. Die Unverbindlichkeit der hier vereinbarten ... Weiterlesen ...\" \/>\n<meta property=\"og:url\" content=\"https:\/\/eschringen.de\/wordpress\/die-menschen\/vereine\/arbeitsgemeinschaft-eschringer-vereine\/\" \/>\n<meta property=\"og:site_name\" content=\"Eschringen\" \/>\n<meta property=\"article:modified_time\" content=\"2024-11-30T21:59:17+00:00\" \/>\n<meta property=\"og:image\" content=\"https:\/\/i0.wp.com\/eschringen.de\/wordpress\/wp-content\/uploads\/2017\/02\/ag.jpg?fit=400%2C117&ssl=1\" \/>\n\t<meta property=\"og:image:width\" content=\"400\" \/>\n\t<meta property=\"og:image:height\" content=\"117\" \/>\n\t<meta property=\"og:image:type\" content=\"image\/jpeg\" \/>\n<meta name=\"twitter:card\" content=\"summary_large_image\" \/>\n<meta name=\"twitter:label1\" content=\"Gesch\u00e4tzte Lesezeit\" \/>\n\t<meta name=\"twitter:data1\" content=\"2\u00a0Minuten\" \/>\n<script type=\"application\/ld+json\" class=\"yoast-schema-graph\">{\"@context\":\"https:\\\/\\\/schema.org\",\"@graph\":[{\"@type\":\"WebPage\",\"@id\":\"https:\\\/\\\/eschringen.de\\\/wordpress\\\/die-menschen\\\/vereine\\\/arbeitsgemeinschaft-eschringer-vereine\\\/\",\"url\":\"https:\\\/\\\/eschringen.de\\\/wordpress\\\/die-menschen\\\/vereine\\\/arbeitsgemeinschaft-eschringer-vereine\\\/\",\"name\":\"Arbeitsgemeinschaft Eschringer Vereine - Eschringen\",\"isPartOf\":{\"@id\":\"https:\\\/\\\/eschringen.de\\\/wordpress\\\/#website\"},\"primaryImageOfPage\":{\"@id\":\"https:\\\/\\\/eschringen.de\\\/wordpress\\\/die-menschen\\\/vereine\\\/arbeitsgemeinschaft-eschringer-vereine\\\/#primaryimage\"},\"image\":{\"@id\":\"https:\\\/\\\/eschringen.de\\\/wordpress\\\/die-menschen\\\/vereine\\\/arbeitsgemeinschaft-eschringer-vereine\\\/#primaryimage\"},\"thumbnailUrl\":\"http:\\\/\\\/eschringen.de\\\/wordpress\\\/wp-content\\\/uploads\\\/2017\\\/02\\\/ag.jpg\",\"datePublished\":\"2017-02-11T15:39:25+00:00\",\"dateModified\":\"2024-11-30T21:59:17+00:00\",\"breadcrumb\":{\"@id\":\"https:\\\/\\\/eschringen.de\\\/wordpress\\\/die-menschen\\\/vereine\\\/arbeitsgemeinschaft-eschringer-vereine\\\/#breadcrumb\"},\"inLanguage\":\"de\",\"potentialAction\":[{\"@type\":\"ReadAction\",\"target\":[\"https:\\\/\\\/eschringen.de\\\/wordpress\\\/die-menschen\\\/vereine\\\/arbeitsgemeinschaft-eschringer-vereine\\\/\"]}]},{\"@type\":\"ImageObject\",\"inLanguage\":\"de\",\"@id\":\"https:\\\/\\\/eschringen.de\\\/wordpress\\\/die-menschen\\\/vereine\\\/arbeitsgemeinschaft-eschringer-vereine\\\/#primaryimage\",\"url\":\"http:\\\/\\\/eschringen.de\\\/wordpress\\\/wp-content\\\/uploads\\\/2017\\\/02\\\/ag.jpg\",\"contentUrl\":\"http:\\\/\\\/eschringen.de\\\/wordpress\\\/wp-content\\\/uploads\\\/2017\\\/02\\\/ag.jpg\"},{\"@type\":\"BreadcrumbList\",\"@id\":\"https:\\\/\\\/eschringen.de\\\/wordpress\\\/die-menschen\\\/vereine\\\/arbeitsgemeinschaft-eschringer-vereine\\\/#breadcrumb\",\"itemListElement\":[{\"@type\":\"ListItem\",\"position\":1,\"name\":\"Startseite\",\"item\":\"https:\\\/\\\/eschringen.de\\\/wordpress\\\/\"},{\"@type\":\"ListItem\",\"position\":2,\"name\":\"Die Menschen\",\"item\":\"https:\\\/\\\/eschringen.de\\\/wordpress\\\/die-menschen\\\/\"},{\"@type\":\"ListItem\",\"position\":3,\"name\":\"Vereine\",\"item\":\"https:\\\/\\\/eschringen.de\\\/wordpress\\\/die-menschen\\\/vereine\\\/\"},{\"@type\":\"ListItem\",\"position\":4,\"name\":\"Arbeitsgemeinschaft Eschringer Vereine\"}]},{\"@type\":\"WebSite\",\"@id\":\"https:\\\/\\\/eschringen.de\\\/wordpress\\\/#website\",\"url\":\"https:\\\/\\\/eschringen.de\\\/wordpress\\\/\",\"name\":\"Eschringen\",\"description\":\"\",\"publisher\":{\"@id\":\"https:\\\/\\\/eschringen.de\\\/wordpress\\\/#organization\"},\"potentialAction\":[{\"@type\":\"SearchAction\",\"target\":{\"@type\":\"EntryPoint\",\"urlTemplate\":\"https:\\\/\\\/eschringen.de\\\/wordpress\\\/?s={search_term_string}\"},\"query-input\":{\"@type\":\"PropertyValueSpecification\",\"valueRequired\":true,\"valueName\":\"search_term_string\"}}],\"inLanguage\":\"de\"},{\"@type\":\"Organization\",\"@id\":\"https:\\\/\\\/eschringen.de\\\/wordpress\\\/#organization\",\"name\":\"Eschringen\",\"url\":\"https:\\\/\\\/eschringen.de\\\/wordpress\\\/\",\"logo\":{\"@type\":\"ImageObject\",\"inLanguage\":\"de\",\"@id\":\"https:\\\/\\\/eschringen.de\\\/wordpress\\\/#\\\/schema\\\/logo\\\/image\\\/\",\"url\":\"https:\\\/\\\/eschringen.de\\\/wordpress\\\/wp-content\\\/uploads\\\/2017\\\/03\\\/2017_kw15.jpg\",\"contentUrl\":\"https:\\\/\\\/eschringen.de\\\/wordpress\\\/wp-content\\\/uploads\\\/2017\\\/03\\\/2017_kw15.jpg\",\"width\":784,\"height\":447,\"caption\":\"Eschringen\"},\"image\":{\"@id\":\"https:\\\/\\\/eschringen.de\\\/wordpress\\\/#\\\/schema\\\/logo\\\/image\\\/\"}}]}<\/script>\n<!-- \/ Yoast SEO plugin. -->","yoast_head_json":{"title":"Arbeitsgemeinschaft Eschringer Vereine - Eschringen","robots":{"index":"index","follow":"follow","max-snippet":"max-snippet:-1","max-image-preview":"max-image-preview:large","max-video-preview":"max-video-preview:-1"},"canonical":"https:\/\/eschringen.de\/wordpress\/die-menschen\/vereine\/arbeitsgemeinschaft-eschringer-vereine\/","og_locale":"de_DE","og_type":"article","og_title":"Arbeitsgemeinschaft Eschringer Vereine - Eschringen","og_description":"Gr\u00fcndungsjahr: 1991Mitglieder: 18 VereineMitgliedsbeitrag: j\u00e4hrlich \u20ac 16,- Vorsitzender: Stefan VogelgesangGr\u00e4finthaler Str. 5866130 Saarbr\u00fccken-EschringenTel.: 0 68 93 &#8211; 65 53 Die Arbeitsgemeinschaft Eschringer VereineDer Versuch einer Selbstdarstellung Bis zur Gr\u00fcndung der Arbeitsgemeinschaft beschr\u00e4nkte sich die Zusammenarbeit der Vereine weitestgehend auf die Koordinierung von Terminen f\u00fcr Veranstaltungen der einzelnen Vereine und Gruppierungen. Die Unverbindlichkeit der hier vereinbarten ... Weiterlesen ...","og_url":"https:\/\/eschringen.de\/wordpress\/die-menschen\/vereine\/arbeitsgemeinschaft-eschringer-vereine\/","og_site_name":"Eschringen","article_modified_time":"2024-11-30T21:59:17+00:00","og_image":[{"width":400,"height":117,"url":"https:\/\/i0.wp.com\/eschringen.de\/wordpress\/wp-content\/uploads\/2017\/02\/ag.jpg?fit=400%2C117&ssl=1","type":"image\/jpeg"}],"twitter_card":"summary_large_image","twitter_misc":{"Gesch\u00e4tzte Lesezeit":"2\u00a0Minuten"},"schema":{"@context":"https:\/\/schema.org","@graph":[{"@type":"WebPage","@id":"https:\/\/eschringen.de\/wordpress\/die-menschen\/vereine\/arbeitsgemeinschaft-eschringer-vereine\/","url":"https:\/\/eschringen.de\/wordpress\/die-menschen\/vereine\/arbeitsgemeinschaft-eschringer-vereine\/","name":"Arbeitsgemeinschaft Eschringer Vereine - Eschringen","isPartOf":{"@id":"https:\/\/eschringen.de\/wordpress\/#website"},"primaryImageOfPage":{"@id":"https:\/\/eschringen.de\/wordpress\/die-menschen\/vereine\/arbeitsgemeinschaft-eschringer-vereine\/#primaryimage"},"image":{"@id":"https:\/\/eschringen.de\/wordpress\/die-menschen\/vereine\/arbeitsgemeinschaft-eschringer-vereine\/#primaryimage"},"thumbnailUrl":"http:\/\/eschringen.de\/wordpress\/wp-content\/uploads\/2017\/02\/ag.jpg","datePublished":"2017-02-11T15:39:25+00:00","dateModified":"2024-11-30T21:59:17+00:00","breadcrumb":{"@id":"https:\/\/eschringen.de\/wordpress\/die-menschen\/vereine\/arbeitsgemeinschaft-eschringer-vereine\/#breadcrumb"},"inLanguage":"de","potentialAction":[{"@type":"ReadAction","target":["https:\/\/eschringen.de\/wordpress\/die-menschen\/vereine\/arbeitsgemeinschaft-eschringer-vereine\/"]}]},{"@type":"ImageObject","inLanguage":"de","@id":"https:\/\/eschringen.de\/wordpress\/die-menschen\/vereine\/arbeitsgemeinschaft-eschringer-vereine\/#primaryimage","url":"http:\/\/eschringen.de\/wordpress\/wp-content\/uploads\/2017\/02\/ag.jpg","contentUrl":"http:\/\/eschringen.de\/wordpress\/wp-content\/uploads\/2017\/02\/ag.jpg"},{"@type":"BreadcrumbList","@id":"https:\/\/eschringen.de\/wordpress\/die-menschen\/vereine\/arbeitsgemeinschaft-eschringer-vereine\/#breadcrumb","itemListElement":[{"@type":"ListItem","position":1,"name":"Startseite","item":"https:\/\/eschringen.de\/wordpress\/"},{"@type":"ListItem","position":2,"name":"Die Menschen","item":"https:\/\/eschringen.de\/wordpress\/die-menschen\/"},{"@type":"ListItem","position":3,"name":"Vereine","item":"https:\/\/eschringen.de\/wordpress\/die-menschen\/vereine\/"},{"@type":"ListItem","position":4,"name":"Arbeitsgemeinschaft Eschringer Vereine"}]},{"@type":"WebSite","@id":"https:\/\/eschringen.de\/wordpress\/#website","url":"https:\/\/eschringen.de\/wordpress\/","name":"Eschringen","description":"","publisher":{"@id":"https:\/\/eschringen.de\/wordpress\/#organization"},"potentialAction":[{"@type":"SearchAction","target":{"@type":"EntryPoint","urlTemplate":"https:\/\/eschringen.de\/wordpress\/?s={search_term_string}"},"query-input":{"@type":"PropertyValueSpecification","valueRequired":true,"valueName":"search_term_string"}}],"inLanguage":"de"},{"@type":"Organization","@id":"https:\/\/eschringen.de\/wordpress\/#organization","name":"Eschringen","url":"https:\/\/eschringen.de\/wordpress\/","logo":{"@type":"ImageObject","inLanguage":"de","@id":"https:\/\/eschringen.de\/wordpress\/#\/schema\/logo\/image\/","url":"https:\/\/eschringen.de\/wordpress\/wp-content\/uploads\/2017\/03\/2017_kw15.jpg","contentUrl":"https:\/\/eschringen.de\/wordpress\/wp-content\/uploads\/2017\/03\/2017_kw15.jpg","width":784,"height":447,"caption":"Eschringen"},"image":{"@id":"https:\/\/eschringen.de\/wordpress\/#\/schema\/logo\/image\/"}}]}},"jetpack_sharing_enabled":true,"_links":{"self":[{"href":"https:\/\/eschringen.de\/wordpress\/wp-json\/wp\/v2\/pages\/349","targetHints":{"allow":["GET"]}}],"collection":[{"href":"https:\/\/eschringen.de\/wordpress\/wp-json\/wp\/v2\/pages"}],"about":[{"href":"https:\/\/eschringen.de\/wordpress\/wp-json\/wp\/v2\/types\/page"}],"author":[{"embeddable":true,"href":"https:\/\/eschringen.de\/wordpress\/wp-json\/wp\/v2\/users\/1"}],"replies":[{"embeddable":true,"href":"https:\/\/eschringen.de\/wordpress\/wp-json\/wp\/v2\/comments?post=349"}],"version-history":[{"count":5,"href":"https:\/\/eschringen.de\/wordpress\/wp-json\/wp\/v2\/pages\/349\/revisions"}],"predecessor-version":[{"id":5034,"href":"https:\/\/eschringen.de\/wordpress\/wp-json\/wp\/v2\/pages\/349\/revisions\/5034"}],"up":[{"embeddable":true,"href":"https:\/\/eschringen.de\/wordpress\/wp-json\/wp\/v2\/pages\/228"}],"wp:attachment":[{"href":"https:\/\/eschringen.de\/wordpress\/wp-json\/wp\/v2\/media?parent=349"}],"curies":[{"name":"wp","href":"https:\/\/api.w.org\/{rel}","templated":true}]}}