{"id":31,"date":"2017-01-29T19:25:23","date_gmt":"2017-01-29T18:25:23","guid":{"rendered":"http:\/\/eschringen.de\/wordpress\/?page_id=31"},"modified":"2020-05-06T08:50:05","modified_gmt":"2020-05-06T06:50:05","slug":"der-ort","status":"publish","type":"page","link":"https:\/\/eschringen.de\/wordpress\/der-ort\/","title":{"rendered":"Der Ort"},"content":{"rendered":"<h5><span style=\"color: #0000ff;\"><strong>Verkehrslage<\/strong><\/span><\/h5>\n<figure id=\"attachment_1226\" aria-describedby=\"caption-attachment-1226\" style=\"width: 290px\" class=\"wp-caption alignright\"><a href=\"https:\/\/i0.wp.com\/eschringen.de\/wordpress\/wp-content\/uploads\/2017\/01\/Ortsschild.pg_.jpg\" rel=\"attachment wp-att-1226\"><img data-recalc-dims=\"1\" loading=\"lazy\" decoding=\"async\" class=\"wp-image-1226 size-medium\" src=\"https:\/\/i0.wp.com\/eschringen.de\/wordpress\/wp-content\/uploads\/2017\/01\/Ortsschild.pg_-300x200.jpg?resize=300%2C200\" alt=\"Ortseingangsschild, angefertigt f\u00fcr 1100 Jahre Eschringen\" width=\"300\" height=\"200\" srcset=\"https:\/\/i0.wp.com\/eschringen.de\/wordpress\/wp-content\/uploads\/2017\/01\/Ortsschild.pg_.jpg?resize=300%2C200&amp;ssl=1 300w, https:\/\/i0.wp.com\/eschringen.de\/wordpress\/wp-content\/uploads\/2017\/01\/Ortsschild.pg_.jpg?resize=768%2C512&amp;ssl=1 768w, https:\/\/i0.wp.com\/eschringen.de\/wordpress\/wp-content\/uploads\/2017\/01\/Ortsschild.pg_.jpg?resize=1024%2C683&amp;ssl=1 1024w, https:\/\/i0.wp.com\/eschringen.de\/wordpress\/wp-content\/uploads\/2017\/01\/Ortsschild.pg_.jpg?w=1600&amp;ssl=1 1600w\" sizes=\"auto, (max-width: 300px) 100vw, 300px\" \/><\/a><figcaption id=\"caption-attachment-1226\" class=\"wp-caption-text\">&#8211; zum vergr\u00f6\u00dfern anklicken &#8211;<\/figcaption><\/figure>\n<p>Der <strong>Stadtteil Eschringen<\/strong> liegt gut <strong>10 km s\u00fcd\u00f6stlich<\/strong> <strong>vom Zentrum Saarbr\u00fcckens<\/strong> inmitten eines anmutigen Landschaftsmosaiks aus Streuobstwiesen, Weiden, W\u00e4ldern und \u00c4ckern, das (auch) erdgeschichtlich zum <strong>Bliesgau <\/strong>geh\u00f6rt.<\/p>\n<p>Von Saarbr\u00fccken-St. Johann aus f\u00e4hrt man \u00fcber die B 51 bis Brebach, biegt dort auf die in Richtung Blieskastel f\u00fchrende <strong>L 107<\/strong> ab und gelangt \u00fcber Fechingen nach Eschringen. Schneller noch bringt die Stadtautobahn den PKW-Fahrer von (Alt-) Saarbr\u00fccken \u00fcber die A 6 zur Ausfahrt Fechingen und von dort \u00fcber die L 107 nach Eschringen.<\/p>\n<p>Die <strong>L 239<\/strong> verbindet Eschringen mit Ensheim, dem Flughafen Saarbr\u00fccken und der fr\u00fcheren Kreisstadt St. Ingbert.<\/p>\n<p>Als \u00f6ffentliche Verkehrsmittel stehen die Busse der <a href=\"http:\/\/www.saarbahn.de\/\" target=\"_blank\" rel=\"noopener noreferrer\">Saarbahn GmbH<\/a><strong> (Linie 120)<\/strong> zur Verf\u00fcgung. Sie gew\u00e4hrleisten einen regelm\u00e4\u00dfigen Verkehr \u00fcber Brebach (mit Anbindung an die Saarbahn) und Fechingen nach Eschringen und von dort weiter nach Ensheim und Ormesheim. Regionalbusse erm\u00f6glichen dar\u00fcberhinaus die (beschr\u00e4nkte) Weiterfahrt in den Bliesgau.<\/p>\n<p>Infolge des modernen Fahrverkehrs \u00fcber die Hauptstra\u00dfen verk\u00fcmmerten die einst \u00f6ffentlichen alten Fahrwege von Eschringen aus nach Bliesransbach, Gr\u00e4finthal, Bliesmengen-Bolchen und \u00fcber den Neuhof nach Bebelsheim zu einfachen Feldwegen. Nur der Weg in Richtung Bebelsheim ist bis zum Ponsheimer Hof einspurig f\u00fcr Autos befahrbar. Im weiteren Verlauf endet er allerdings vor dem hohen Zaun der Ormesheimer M\u00fclldeponie.<\/p>\n<h5><span style=\"color: #0000ff;\"><strong>Fl\u00e4che und (ehemalige) Gemarkung<\/strong><\/span><\/h5>\n<p>Eschringen geh\u00f6rt seit 1974 zum Stadtbezirk Halberg und bildet die s\u00fcd\u00f6stliche Ecke des Saarbr\u00fccker Stadtgebietes. Seine Gemarkung erstreckte sich von 7\u00b0 5\u2019 bis zu 7\u00b0 6\u2019 51&#8243; \u00f6stlicher L\u00e4nge und von 49\u00b0 10\u2019 38&#8243; bis zu 49\u00b0 12\u2019 9&#8243; n\u00f6rdlicher Breite. Der ehemalige Bannbezirk gleicht auf der Karte einem Romboiden mit den zwei spitzen Winkeln in Nordnordwest und S\u00fcds\u00fcdost und den stumpfen im Osten und Westen. Die Diagonale von S\u00fcden nach Norden misst etwa 3,5 km, die von Ost nach West 2,25 km. Der Bachlauf teilt den alten Bann in zwei etwa gleiche H\u00e4lften. Nach Gemeindemitteilung vom Jahre 1969 betr\u00e4gt der Fl\u00e4cheninhalt <strong>335 ha<\/strong>. Davon waren 1969 3,213 ha bebaut, 272,674 ha landwirtschaftlich genutzt und 59,113 ha bewaldet. Gegen\u00fcber den Nachbard\u00f6rfern ist die Eschringer Gemarkung sehr klein (gewesen).<\/p>\n<p>Im Westen grenzte sie an den Fechinger und im Norden an den Ensheimer Bann, im Osten st\u00f6\u00dft sie an den Ormesheimer und im S\u00fcden an den Bliesransbacher Bann. W\u00e4hrend Ensheim und Fechingen wie Eschringen zur Landeshauptstadt Saarbr\u00fccken und zu dem Stadtbezirk Halberg geh\u00f6ren, ist Ormesheim im Osten Ortsteil der Gemeinde Mandelbachtal und zugleich Beh\u00f6rdensitz. Bliesransbach im S\u00fcden wurde im Jahr 1974 nach Kleinblittersdorf eingemeindet.<\/p>\n<h5><span style=\"color: #0000ff;\"><strong>Landschaft und Siedlung<\/strong><\/span><\/h5>\n<p>Eingebettet in duftende Wiesen und fruchtbare Felder mit vielen Obstb\u00e4umen zeigt Eschringen auch als Stadtteil von Saarbr\u00fccken noch l\u00e4ndlichen Charakter.<\/p>\n<p>Es liegt im Tal des nun amtlich so bezeichneten &#8222;Saarbaches&#8220;, der fr\u00fcher nur im Oberlauf diesen Namen trug, im Mittelauf aber Eschringer Bach und im Unterlauf Fechinger Bach hie\u00df. F\u00fcr viele Eschringer ist es einfach &#8222;die Bach.&#8220;<\/p>\n<p>Die im S\u00fcden durch Puhschbach (offiziell Buschbach) und Hembach, im Norden durch den Kimmbach unterteilten Fluren steigen in mehrere Gel\u00e4ndestufen aufw\u00e4rts von <strong>220 m<\/strong> im Talgrund bis auf <strong>360 m<\/strong> \u00fcber dem Meeresspiegel. Sanfte H\u00fcgel ringsum rahmen das reizvolle Landschaftsbild, der Ransbacher Berg im S\u00fcden (368\/373 m), der Gebberg im Westen (331 m), der Wickersberg im Norden (361 m), der Ormesheimer Berg (385 m) und der Koppelberg (360 m) im Osten. Den Wickersberg ausgenommen, decken Mischw\u00e4lder die H\u00f6hen.<\/p>\n<p>Beiderseits des Bachs wuchsen die H\u00e4user seit dem Mittelalter vom Tal heraus die H\u00e4nge aufw\u00e4rts bis zu einer Gel\u00e4ndestufe, welche der Wasserlauf in der Diluvialzeit der Erde zwischen unterem und mittlerem Muschelkalk formte.<\/p>\n<p><strong>Natur- und Vogelschutzgebiete<\/strong> sind im <strong>\u00dcberwald<\/strong> und in der <strong>Sitters<\/strong> (mit Feuchtbiotopen, die der <a href=\"http:\/\/eschringen.de\/wordpress\/die-menschen\/vereine\/nabu-ortsgruppe-eschringen-ensheim\/\">NABU<\/a> betreut) ausgewiesen. Ein gro\u00dfes Wegenetz l\u00e4dt zum Spazieren und zum Wandern ein. Diverse Strecken hiervon geh\u00f6ren zum <strong>Saarland-Rundwanderweg<\/strong>.<\/p>\n<h5><span style=\"color: #0000ff;\"><strong>Einwohner<\/strong><\/span><\/h5>\n<p>Anl\u00e4sslich der Volksz\u00e4hlung im Jahre 1970, also noch vor Einbeziehung Eschringens in die Stadt Saarbr\u00fccken, registrierte die Gemeinde 490 Haushaltungen mit 1.545 Personen. Davon waren 736 m\u00e4nnlichen und 768 weiblichen Geschlechts. Seither nahm die Wohnbev\u00f6lkerung kontinuierlich ab. Am <strong>31.12.1998<\/strong> lebten in Eschringen nur noch <strong>1.364<\/strong> Einwohner. In nur sieben Jahren (1991: 1.424) ist die Eschringer Bev\u00f6lkerung folglich um 4,2 % zur\u00fcckgegangen. Inzwischen hat sich die Zahl der Einwohner stabilisiert (2006: 1.371).<\/p>\n<h5><span style=\"color: #0000ff;\"><strong>Erw\u00e4hnung<\/strong><\/span><\/h5>\n<p>In dem neu geschaffenen Bliestalportal (<a href=\"https:\/\/derbliesgau.eu\/\">https:\/\/derbliesgau.eu\/<\/a>) ist Eschringen auch erw\u00e4hnt. Hier der Link zur direkten Seite von Eschringen: <a href=\"https:\/\/derbliesgau.eu\/eschringen\/\">https:\/\/derbliesgau.eu\/eschringen\/<\/a><\/p>\n","protected":false},"excerpt":{"rendered":"<p>Verkehrslage Der Stadtteil Eschringen liegt gut 10 km s\u00fcd\u00f6stlich vom Zentrum Saarbr\u00fcckens inmitten eines anmutigen Landschaftsmosaiks aus Streuobstwiesen, Weiden, W\u00e4ldern und \u00c4ckern, das (auch) erdgeschichtlich zum Bliesgau geh\u00f6rt. Von Saarbr\u00fccken-St. Johann aus f\u00e4hrt man \u00fcber die B 51 bis Brebach, biegt dort auf die in Richtung Blieskastel f\u00fchrende L 107 ab und gelangt \u00fcber Fechingen &#8230; <a title=\"Der Ort\" class=\"read-more\" href=\"https:\/\/eschringen.de\/wordpress\/der-ort\/\" aria-label=\"Mehr Informationen \u00fcber Der Ort\">Weiterlesen &#8230;<\/a><\/p>\n","protected":false},"author":1,"featured_media":0,"parent":0,"menu_order":0,"comment_status":"closed","ping_status":"closed","template":"","meta":{"ngg_post_thumbnail":0,"footnotes":""},"class_list":["post-31","page","type-page","status-publish"],"yoast_head":"<!-- This site is optimized with the Yoast SEO plugin v27.4 - https:\/\/yoast.com\/product\/yoast-seo-wordpress\/ -->\n<title>Der Ort - Eschringen<\/title>\n<meta name=\"description\" content=\"Eschringen - der Ort, eine grobe \u00dcbersicht.\" \/>\n<meta name=\"robots\" content=\"index, follow, max-snippet:-1, max-image-preview:large, max-video-preview:-1\" \/>\n<link rel=\"canonical\" href=\"https:\/\/eschringen.de\/wordpress\/der-ort\/\" \/>\n<meta property=\"og:locale\" content=\"de_DE\" \/>\n<meta property=\"og:type\" content=\"article\" \/>\n<meta property=\"og:title\" content=\"Der Ort - Eschringen\" \/>\n<meta property=\"og:description\" content=\"Eschringen - der Ort, eine grobe \u00dcbersicht.\" \/>\n<meta property=\"og:url\" content=\"https:\/\/eschringen.de\/wordpress\/der-ort\/\" \/>\n<meta property=\"og:site_name\" content=\"Eschringen\" \/>\n<meta property=\"article:modified_time\" content=\"2020-05-06T06:50:05+00:00\" \/>\n<meta property=\"og:image\" content=\"http:\/\/eschringen.de\/wordpress\/wp-content\/uploads\/2017\/01\/Ortsschild.pg_-300x200.jpg\" \/>\n<meta name=\"twitter:card\" content=\"summary_large_image\" \/>\n<meta name=\"twitter:label1\" content=\"Gesch\u00e4tzte Lesezeit\" \/>\n\t<meta name=\"twitter:data1\" content=\"4\u00a0Minuten\" \/>\n<script type=\"application\/ld+json\" class=\"yoast-schema-graph\">{\"@context\":\"https:\\\/\\\/schema.org\",\"@graph\":[{\"@type\":\"WebPage\",\"@id\":\"https:\\\/\\\/eschringen.de\\\/wordpress\\\/der-ort\\\/\",\"url\":\"https:\\\/\\\/eschringen.de\\\/wordpress\\\/der-ort\\\/\",\"name\":\"Der Ort - Eschringen\",\"isPartOf\":{\"@id\":\"https:\\\/\\\/eschringen.de\\\/wordpress\\\/#website\"},\"primaryImageOfPage\":{\"@id\":\"https:\\\/\\\/eschringen.de\\\/wordpress\\\/der-ort\\\/#primaryimage\"},\"image\":{\"@id\":\"https:\\\/\\\/eschringen.de\\\/wordpress\\\/der-ort\\\/#primaryimage\"},\"thumbnailUrl\":\"http:\\\/\\\/eschringen.de\\\/wordpress\\\/wp-content\\\/uploads\\\/2017\\\/01\\\/Ortsschild.pg_-300x200.jpg\",\"datePublished\":\"2017-01-29T18:25:23+00:00\",\"dateModified\":\"2020-05-06T06:50:05+00:00\",\"description\":\"Eschringen - der Ort, eine grobe \u00dcbersicht.\",\"breadcrumb\":{\"@id\":\"https:\\\/\\\/eschringen.de\\\/wordpress\\\/der-ort\\\/#breadcrumb\"},\"inLanguage\":\"de\",\"potentialAction\":[{\"@type\":\"ReadAction\",\"target\":[\"https:\\\/\\\/eschringen.de\\\/wordpress\\\/der-ort\\\/\"]}]},{\"@type\":\"ImageObject\",\"inLanguage\":\"de\",\"@id\":\"https:\\\/\\\/eschringen.de\\\/wordpress\\\/der-ort\\\/#primaryimage\",\"url\":\"http:\\\/\\\/eschringen.de\\\/wordpress\\\/wp-content\\\/uploads\\\/2017\\\/01\\\/Ortsschild.pg_-300x200.jpg\",\"contentUrl\":\"http:\\\/\\\/eschringen.de\\\/wordpress\\\/wp-content\\\/uploads\\\/2017\\\/01\\\/Ortsschild.pg_-300x200.jpg\"},{\"@type\":\"BreadcrumbList\",\"@id\":\"https:\\\/\\\/eschringen.de\\\/wordpress\\\/der-ort\\\/#breadcrumb\",\"itemListElement\":[{\"@type\":\"ListItem\",\"position\":1,\"name\":\"Startseite\",\"item\":\"https:\\\/\\\/eschringen.de\\\/wordpress\\\/\"},{\"@type\":\"ListItem\",\"position\":2,\"name\":\"Der Ort\"}]},{\"@type\":\"WebSite\",\"@id\":\"https:\\\/\\\/eschringen.de\\\/wordpress\\\/#website\",\"url\":\"https:\\\/\\\/eschringen.de\\\/wordpress\\\/\",\"name\":\"Eschringen\",\"description\":\"\",\"publisher\":{\"@id\":\"https:\\\/\\\/eschringen.de\\\/wordpress\\\/#organization\"},\"potentialAction\":[{\"@type\":\"SearchAction\",\"target\":{\"@type\":\"EntryPoint\",\"urlTemplate\":\"https:\\\/\\\/eschringen.de\\\/wordpress\\\/?s={search_term_string}\"},\"query-input\":{\"@type\":\"PropertyValueSpecification\",\"valueRequired\":true,\"valueName\":\"search_term_string\"}}],\"inLanguage\":\"de\"},{\"@type\":\"Organization\",\"@id\":\"https:\\\/\\\/eschringen.de\\\/wordpress\\\/#organization\",\"name\":\"Eschringen\",\"url\":\"https:\\\/\\\/eschringen.de\\\/wordpress\\\/\",\"logo\":{\"@type\":\"ImageObject\",\"inLanguage\":\"de\",\"@id\":\"https:\\\/\\\/eschringen.de\\\/wordpress\\\/#\\\/schema\\\/logo\\\/image\\\/\",\"url\":\"https:\\\/\\\/eschringen.de\\\/wordpress\\\/wp-content\\\/uploads\\\/2017\\\/03\\\/2017_kw15.jpg\",\"contentUrl\":\"https:\\\/\\\/eschringen.de\\\/wordpress\\\/wp-content\\\/uploads\\\/2017\\\/03\\\/2017_kw15.jpg\",\"width\":784,\"height\":447,\"caption\":\"Eschringen\"},\"image\":{\"@id\":\"https:\\\/\\\/eschringen.de\\\/wordpress\\\/#\\\/schema\\\/logo\\\/image\\\/\"}}]}<\/script>\n<!-- \/ Yoast SEO plugin. -->","yoast_head_json":{"title":"Der Ort - Eschringen","description":"Eschringen - der Ort, eine grobe \u00dcbersicht.","robots":{"index":"index","follow":"follow","max-snippet":"max-snippet:-1","max-image-preview":"max-image-preview:large","max-video-preview":"max-video-preview:-1"},"canonical":"https:\/\/eschringen.de\/wordpress\/der-ort\/","og_locale":"de_DE","og_type":"article","og_title":"Der Ort - Eschringen","og_description":"Eschringen - der Ort, eine grobe \u00dcbersicht.","og_url":"https:\/\/eschringen.de\/wordpress\/der-ort\/","og_site_name":"Eschringen","article_modified_time":"2020-05-06T06:50:05+00:00","og_image":[{"url":"http:\/\/eschringen.de\/wordpress\/wp-content\/uploads\/2017\/01\/Ortsschild.pg_-300x200.jpg","type":"","width":"","height":""}],"twitter_card":"summary_large_image","twitter_misc":{"Gesch\u00e4tzte Lesezeit":"4\u00a0Minuten"},"schema":{"@context":"https:\/\/schema.org","@graph":[{"@type":"WebPage","@id":"https:\/\/eschringen.de\/wordpress\/der-ort\/","url":"https:\/\/eschringen.de\/wordpress\/der-ort\/","name":"Der Ort - Eschringen","isPartOf":{"@id":"https:\/\/eschringen.de\/wordpress\/#website"},"primaryImageOfPage":{"@id":"https:\/\/eschringen.de\/wordpress\/der-ort\/#primaryimage"},"image":{"@id":"https:\/\/eschringen.de\/wordpress\/der-ort\/#primaryimage"},"thumbnailUrl":"http:\/\/eschringen.de\/wordpress\/wp-content\/uploads\/2017\/01\/Ortsschild.pg_-300x200.jpg","datePublished":"2017-01-29T18:25:23+00:00","dateModified":"2020-05-06T06:50:05+00:00","description":"Eschringen - der Ort, eine grobe \u00dcbersicht.","breadcrumb":{"@id":"https:\/\/eschringen.de\/wordpress\/der-ort\/#breadcrumb"},"inLanguage":"de","potentialAction":[{"@type":"ReadAction","target":["https:\/\/eschringen.de\/wordpress\/der-ort\/"]}]},{"@type":"ImageObject","inLanguage":"de","@id":"https:\/\/eschringen.de\/wordpress\/der-ort\/#primaryimage","url":"http:\/\/eschringen.de\/wordpress\/wp-content\/uploads\/2017\/01\/Ortsschild.pg_-300x200.jpg","contentUrl":"http:\/\/eschringen.de\/wordpress\/wp-content\/uploads\/2017\/01\/Ortsschild.pg_-300x200.jpg"},{"@type":"BreadcrumbList","@id":"https:\/\/eschringen.de\/wordpress\/der-ort\/#breadcrumb","itemListElement":[{"@type":"ListItem","position":1,"name":"Startseite","item":"https:\/\/eschringen.de\/wordpress\/"},{"@type":"ListItem","position":2,"name":"Der Ort"}]},{"@type":"WebSite","@id":"https:\/\/eschringen.de\/wordpress\/#website","url":"https:\/\/eschringen.de\/wordpress\/","name":"Eschringen","description":"","publisher":{"@id":"https:\/\/eschringen.de\/wordpress\/#organization"},"potentialAction":[{"@type":"SearchAction","target":{"@type":"EntryPoint","urlTemplate":"https:\/\/eschringen.de\/wordpress\/?s={search_term_string}"},"query-input":{"@type":"PropertyValueSpecification","valueRequired":true,"valueName":"search_term_string"}}],"inLanguage":"de"},{"@type":"Organization","@id":"https:\/\/eschringen.de\/wordpress\/#organization","name":"Eschringen","url":"https:\/\/eschringen.de\/wordpress\/","logo":{"@type":"ImageObject","inLanguage":"de","@id":"https:\/\/eschringen.de\/wordpress\/#\/schema\/logo\/image\/","url":"https:\/\/eschringen.de\/wordpress\/wp-content\/uploads\/2017\/03\/2017_kw15.jpg","contentUrl":"https:\/\/eschringen.de\/wordpress\/wp-content\/uploads\/2017\/03\/2017_kw15.jpg","width":784,"height":447,"caption":"Eschringen"},"image":{"@id":"https:\/\/eschringen.de\/wordpress\/#\/schema\/logo\/image\/"}}]}},"jetpack_sharing_enabled":true,"_links":{"self":[{"href":"https:\/\/eschringen.de\/wordpress\/wp-json\/wp\/v2\/pages\/31","targetHints":{"allow":["GET"]}}],"collection":[{"href":"https:\/\/eschringen.de\/wordpress\/wp-json\/wp\/v2\/pages"}],"about":[{"href":"https:\/\/eschringen.de\/wordpress\/wp-json\/wp\/v2\/types\/page"}],"author":[{"embeddable":true,"href":"https:\/\/eschringen.de\/wordpress\/wp-json\/wp\/v2\/users\/1"}],"replies":[{"embeddable":true,"href":"https:\/\/eschringen.de\/wordpress\/wp-json\/wp\/v2\/comments?post=31"}],"version-history":[{"count":10,"href":"https:\/\/eschringen.de\/wordpress\/wp-json\/wp\/v2\/pages\/31\/revisions"}],"predecessor-version":[{"id":2866,"href":"https:\/\/eschringen.de\/wordpress\/wp-json\/wp\/v2\/pages\/31\/revisions\/2866"}],"wp:attachment":[{"href":"https:\/\/eschringen.de\/wordpress\/wp-json\/wp\/v2\/media?parent=31"}],"curies":[{"name":"wp","href":"https:\/\/api.w.org\/{rel}","templated":true}]}}