{"id":254,"date":"2017-02-07T14:07:26","date_gmt":"2017-02-07T13:07:26","guid":{"rendered":"http:\/\/eschringen.de\/wordpress\/?page_id=254"},"modified":"2023-07-22T09:52:44","modified_gmt":"2023-07-22T07:52:44","slug":"ludwig-braunberger","status":"publish","type":"page","link":"https:\/\/eschringen.de\/wordpress\/die-menschen\/steckbriefe\/ludwig-braunberger\/","title":{"rendered":"Ludwig Braunberger"},"content":{"rendered":"\n<h5 class=\"wp-block-heading\"><span style=\"color: #0000ff;\"><strong>Priester und Religionslehrer<\/strong><\/span><\/h5>\n\n\n<div class=\"wp-block-image\">\n<figure class=\"alignright size-full\"><img data-recalc-dims=\"1\" loading=\"lazy\" decoding=\"async\" width=\"300\" height=\"430\" src=\"https:\/\/i0.wp.com\/eschringen.de\/wordpress\/wp-content\/uploads\/2023\/07\/braunberger_adv.jpg?resize=300%2C430&#038;ssl=1\" alt=\"\" class=\"wp-image-4296\" srcset=\"https:\/\/i0.wp.com\/eschringen.de\/wordpress\/wp-content\/uploads\/2023\/07\/braunberger_adv.jpg?w=300&amp;ssl=1 300w, https:\/\/i0.wp.com\/eschringen.de\/wordpress\/wp-content\/uploads\/2023\/07\/braunberger_adv.jpg?resize=209%2C300&amp;ssl=1 209w\" sizes=\"auto, (max-width: 300px) 100vw, 300px\" \/><\/figure>\n<\/div>\n\n\n<p>Als zweiter von vier S\u00f6hnen der Eheleute Jakob Braunberger und Anna Braunberger (geb. Bauer) wurde Ludwig Braunberger am 22. M\u00e4rz 1920 in Eschringen geboren. Von 1926 bis 1932 war er Sch\u00fcler der Volksschule zu Eschringen, ging dann ins Bisch\u00f6fliche Konvikt nach Speyer und besuchte von 1932 bis 1939 das humanistische Gymnasium der Bischofsstadt, das er mit dem Abitur abschloss.<\/p>\n\n\n\n<p>Durch Arbeits- und Milit\u00e4rdienst wurde nun seine Ausbildung unterbrochen. Am 1. April 1939 musste Ludwig Braunberger f\u00fcr sechs Monate zum Reichsarbeitsdienst in den hohen Norden nach Flensburg, und im Oktober 1939 wurde er zur Deutschen Wehrmacht verpflichtet, denn am 1. September hatte mit dem Polenfeldzug der Zweite Weltkrieg begonnen. Diesen musste er bis zum bitteren Ende durchstehen. Nach der deutschen Kapitulation im Mai 1945 kam Ludwig Braunberger in Kriegsgefangenschaft, aus der er im November 1945 nach Hause entlassen wurde.<\/p>\n\n\n\n<p>Ludwig Braunberger studierte dann von 1946 bis 1949 Philosophie und Theologie an der Johannes-Gutenberg-Universit\u00e4t zu Mainz. Am Bisch\u00f6flichen Priesterseminar in Speyer setzte er von September 1949 bis August 1950 sein theologisches Studium fort. Am 13. August empfing er im Kaiserdom zu Speyer die hl. Priesterweihe. An dieser Feier konnten zahlreiche Eschringer lebendigen Anteil nehmen. Bei seiner Heimatprimiz feierte das ganze Dorf. Stadtpfarrer Bauer aus Neustadt\/W., ein Verwandter des Primizianten, hielt die Festpredigt.<\/p>\n\n\n\n<p>Seinen praktischen Dienst begann der junge Priester als Kaplan von St. Josef in Speyer, wo er von September 1950 bis Dezember 1953 in der Seelsorge t\u00e4tig war. Dann bekam Ludwig Braunberger eine neue Aufgabe als Religionslehrer am Staatl. Realgymnasium in der (damaligen) Heimatkreisstadt St. Ingbert. Am 6. Oktober 1958 empfing der P\u00e4dagoge seine Ernennung zum Studienrat. Unerm\u00fcdlich arbeitete der Priester daran, seinen Gymnasialsch\u00fclern ein grundlegendes religi\u00f6ses Wissen auf den Lebensweg mitzugeben. Des Weiteren lernte er zeitweise als Gef\u00e4ngnisseelsorger eine besondere Form der Seelsorge kennen. Ende 1970 erreichte ihn dann gewisserma\u00dfen eine h\u00f6here Berufung.<\/p>\n\n\n\n<p>Als Leiter des Exerzitienwerkes der Di\u00f6zese Speyer und gleichzeitiger Leiter des Exerzitienhauses Maria Rosenberg setzte Ludwig Braunberger von Januar 1971 an seine Kraft f\u00fcr die vertiefende religi\u00f6se Bildung und Pers\u00f6nlichkeitsformung von Jugendlichen und Erwachsenen aus dem ganzen Bistum ein; selbst \u00fcber dessen Grenzen reichten seine Aufgaben. Am 1. September 1978 wurde ihm als Direktor die Gesamtleitung von Maria Rosenberg \u00fcbertragen. In der Folgezeit zeichnete er auch f\u00fcr zahlreiche bauliche Erweiterungen und Renovierungen verantwortlich.<\/p>\n\n\n\n<p>Am 1. Juli 1990 schlie\u00dflich konnte Monsignore Ludwig Braunberger sein 40-j\u00e4hriges Priesterjubil\u00e4um in Eschringen feiern. Und er tat es nicht alleine. Ein Festgottesdienst und ein Pfarrfest umrahmten gar ein dreifaches Jubil\u00e4um: Auch Karl Franz &#8211; seinerzeit mit 99 Jahren der \u00e4lteste Priester im Bistum Speyer &#8211; konnte auf ein 70-j\u00e4hriges Wirken als Priester zur\u00fcckschauen, und die St. Laurentiuskirche diente bereits seit 60 Jahren als Gotteshaus.<\/p>\n\n\n\n<p>Die Gesamteinrichtung von Maria Rosenberg leitete Ludwig Braunberger bis 1992. Auch im wohlverdienten Ruhestand blieb er weiterhin aktiv, arbeite f\u00fcnf Jahre als Wallfahrtspfarrer. Sofern es sich einrichten lie\u00df, kam er an Weihnachten und an Fronleichnam in seine Heimatgemeinde, um bei der Messe und\/oder der Prozession mitzuwirken.<\/p>\n\n\n\n<p>Eine besondere Ehrung war ihm 1985 zuteil geworden, als er zum P\u00e4pstlichen Ehrenkaplan ernannt wurde.<\/p>\n\n\n\n<p>Nach l\u00e4ngerer Krankheit starb Monsignore Ludwig Braunberger am 12. Dezember 2007 im Alten- und Pflegeheim von Maria Rosenberg (Waldfischbach-Burgalben). Seine letzte Ruhe fand er auf dem dortigen Friedhof.<\/p>\n\n\n\n<p>(Heinrich Moog; Roland Schmitt)<\/p>\n\n\n\n<p>Literaturhinweis: Nachruf: Maria Rosenberg \u00fcber viele Jahr gepr\u00e4gt. Ludwig Braunberger im Alter von 87 Jahren verstorben. In: Rheinpfalz vom 14.12.2007 (Nr. 290).<\/p>\n\n\n\n<p><a href=\"http:\/\/eschringen.de\/wordpress\/die-menschen\/steckbriefe\/\">Zur\u00fcck zu den Steckbriefen<\/a><\/p>\n","protected":false},"excerpt":{"rendered":"<p>Priester und Religionslehrer Als zweiter von vier S\u00f6hnen der Eheleute Jakob Braunberger und Anna Braunberger (geb. Bauer) wurde Ludwig Braunberger am 22. M\u00e4rz 1920 in Eschringen geboren. Von 1926 bis 1932 war er Sch\u00fcler der Volksschule zu Eschringen, ging dann ins Bisch\u00f6fliche Konvikt nach Speyer und besuchte von 1932 bis 1939 das humanistische Gymnasium der &#8230; <a title=\"Ludwig Braunberger\" class=\"read-more\" href=\"https:\/\/eschringen.de\/wordpress\/die-menschen\/steckbriefe\/ludwig-braunberger\/\" aria-label=\"Mehr Informationen \u00fcber Ludwig Braunberger\">Weiterlesen &#8230;<\/a><\/p>\n","protected":false},"author":1,"featured_media":0,"parent":197,"menu_order":11,"comment_status":"closed","ping_status":"closed","template":"","meta":{"ngg_post_thumbnail":0,"footnotes":""},"class_list":["post-254","page","type-page","status-publish"],"yoast_head":"<!-- This site is optimized with the Yoast SEO plugin v27.3 - https:\/\/yoast.com\/product\/yoast-seo-wordpress\/ -->\n<title>Ludwig Braunberger - Eschringen<\/title>\n<meta name=\"robots\" content=\"index, follow, max-snippet:-1, max-image-preview:large, max-video-preview:-1\" \/>\n<link rel=\"canonical\" href=\"https:\/\/eschringen.de\/wordpress\/die-menschen\/steckbriefe\/ludwig-braunberger\/\" \/>\n<meta property=\"og:locale\" content=\"de_DE\" \/>\n<meta property=\"og:type\" content=\"article\" \/>\n<meta property=\"og:title\" content=\"Ludwig Braunberger - Eschringen\" \/>\n<meta property=\"og:description\" content=\"Priester und Religionslehrer Als zweiter von vier S\u00f6hnen der Eheleute Jakob Braunberger und Anna Braunberger (geb. Bauer) wurde Ludwig Braunberger am 22. M\u00e4rz 1920 in Eschringen geboren. Von 1926 bis 1932 war er Sch\u00fcler der Volksschule zu Eschringen, ging dann ins Bisch\u00f6fliche Konvikt nach Speyer und besuchte von 1932 bis 1939 das humanistische Gymnasium der ... Weiterlesen ...\" \/>\n<meta property=\"og:url\" content=\"https:\/\/eschringen.de\/wordpress\/die-menschen\/steckbriefe\/ludwig-braunberger\/\" \/>\n<meta property=\"og:site_name\" content=\"Eschringen\" \/>\n<meta property=\"article:modified_time\" content=\"2023-07-22T07:52:44+00:00\" \/>\n<meta property=\"og:image\" content=\"https:\/\/eschringen.de\/wordpress\/wp-content\/uploads\/2023\/07\/braunberger_adv.jpg\" \/>\n<meta name=\"twitter:card\" content=\"summary_large_image\" \/>\n<meta name=\"twitter:label1\" content=\"Gesch\u00e4tzte Lesezeit\" \/>\n\t<meta name=\"twitter:data1\" content=\"4\u00a0Minuten\" \/>\n<script type=\"application\/ld+json\" class=\"yoast-schema-graph\">{\"@context\":\"https:\\\/\\\/schema.org\",\"@graph\":[{\"@type\":\"WebPage\",\"@id\":\"https:\\\/\\\/eschringen.de\\\/wordpress\\\/die-menschen\\\/steckbriefe\\\/ludwig-braunberger\\\/\",\"url\":\"https:\\\/\\\/eschringen.de\\\/wordpress\\\/die-menschen\\\/steckbriefe\\\/ludwig-braunberger\\\/\",\"name\":\"Ludwig Braunberger - Eschringen\",\"isPartOf\":{\"@id\":\"https:\\\/\\\/eschringen.de\\\/wordpress\\\/#website\"},\"primaryImageOfPage\":{\"@id\":\"https:\\\/\\\/eschringen.de\\\/wordpress\\\/die-menschen\\\/steckbriefe\\\/ludwig-braunberger\\\/#primaryimage\"},\"image\":{\"@id\":\"https:\\\/\\\/eschringen.de\\\/wordpress\\\/die-menschen\\\/steckbriefe\\\/ludwig-braunberger\\\/#primaryimage\"},\"thumbnailUrl\":\"https:\\\/\\\/eschringen.de\\\/wordpress\\\/wp-content\\\/uploads\\\/2023\\\/07\\\/braunberger_adv.jpg\",\"datePublished\":\"2017-02-07T13:07:26+00:00\",\"dateModified\":\"2023-07-22T07:52:44+00:00\",\"breadcrumb\":{\"@id\":\"https:\\\/\\\/eschringen.de\\\/wordpress\\\/die-menschen\\\/steckbriefe\\\/ludwig-braunberger\\\/#breadcrumb\"},\"inLanguage\":\"de\",\"potentialAction\":[{\"@type\":\"ReadAction\",\"target\":[\"https:\\\/\\\/eschringen.de\\\/wordpress\\\/die-menschen\\\/steckbriefe\\\/ludwig-braunberger\\\/\"]}]},{\"@type\":\"ImageObject\",\"inLanguage\":\"de\",\"@id\":\"https:\\\/\\\/eschringen.de\\\/wordpress\\\/die-menschen\\\/steckbriefe\\\/ludwig-braunberger\\\/#primaryimage\",\"url\":\"https:\\\/\\\/i0.wp.com\\\/eschringen.de\\\/wordpress\\\/wp-content\\\/uploads\\\/2023\\\/07\\\/braunberger_adv.jpg?fit=300%2C430&ssl=1\",\"contentUrl\":\"https:\\\/\\\/i0.wp.com\\\/eschringen.de\\\/wordpress\\\/wp-content\\\/uploads\\\/2023\\\/07\\\/braunberger_adv.jpg?fit=300%2C430&ssl=1\",\"width\":300,\"height\":430},{\"@type\":\"BreadcrumbList\",\"@id\":\"https:\\\/\\\/eschringen.de\\\/wordpress\\\/die-menschen\\\/steckbriefe\\\/ludwig-braunberger\\\/#breadcrumb\",\"itemListElement\":[{\"@type\":\"ListItem\",\"position\":1,\"name\":\"Startseite\",\"item\":\"https:\\\/\\\/eschringen.de\\\/wordpress\\\/\"},{\"@type\":\"ListItem\",\"position\":2,\"name\":\"Die Menschen\",\"item\":\"https:\\\/\\\/eschringen.de\\\/wordpress\\\/die-menschen\\\/\"},{\"@type\":\"ListItem\",\"position\":3,\"name\":\"Steckbriefe\",\"item\":\"https:\\\/\\\/eschringen.de\\\/wordpress\\\/die-menschen\\\/steckbriefe\\\/\"},{\"@type\":\"ListItem\",\"position\":4,\"name\":\"Ludwig Braunberger\"}]},{\"@type\":\"WebSite\",\"@id\":\"https:\\\/\\\/eschringen.de\\\/wordpress\\\/#website\",\"url\":\"https:\\\/\\\/eschringen.de\\\/wordpress\\\/\",\"name\":\"Eschringen\",\"description\":\"\",\"publisher\":{\"@id\":\"https:\\\/\\\/eschringen.de\\\/wordpress\\\/#organization\"},\"potentialAction\":[{\"@type\":\"SearchAction\",\"target\":{\"@type\":\"EntryPoint\",\"urlTemplate\":\"https:\\\/\\\/eschringen.de\\\/wordpress\\\/?s={search_term_string}\"},\"query-input\":{\"@type\":\"PropertyValueSpecification\",\"valueRequired\":true,\"valueName\":\"search_term_string\"}}],\"inLanguage\":\"de\"},{\"@type\":\"Organization\",\"@id\":\"https:\\\/\\\/eschringen.de\\\/wordpress\\\/#organization\",\"name\":\"Eschringen\",\"url\":\"https:\\\/\\\/eschringen.de\\\/wordpress\\\/\",\"logo\":{\"@type\":\"ImageObject\",\"inLanguage\":\"de\",\"@id\":\"https:\\\/\\\/eschringen.de\\\/wordpress\\\/#\\\/schema\\\/logo\\\/image\\\/\",\"url\":\"https:\\\/\\\/eschringen.de\\\/wordpress\\\/wp-content\\\/uploads\\\/2017\\\/03\\\/2017_kw15.jpg\",\"contentUrl\":\"https:\\\/\\\/eschringen.de\\\/wordpress\\\/wp-content\\\/uploads\\\/2017\\\/03\\\/2017_kw15.jpg\",\"width\":784,\"height\":447,\"caption\":\"Eschringen\"},\"image\":{\"@id\":\"https:\\\/\\\/eschringen.de\\\/wordpress\\\/#\\\/schema\\\/logo\\\/image\\\/\"}}]}<\/script>\n<!-- \/ Yoast SEO plugin. -->","yoast_head_json":{"title":"Ludwig Braunberger - Eschringen","robots":{"index":"index","follow":"follow","max-snippet":"max-snippet:-1","max-image-preview":"max-image-preview:large","max-video-preview":"max-video-preview:-1"},"canonical":"https:\/\/eschringen.de\/wordpress\/die-menschen\/steckbriefe\/ludwig-braunberger\/","og_locale":"de_DE","og_type":"article","og_title":"Ludwig Braunberger - Eschringen","og_description":"Priester und Religionslehrer Als zweiter von vier S\u00f6hnen der Eheleute Jakob Braunberger und Anna Braunberger (geb. Bauer) wurde Ludwig Braunberger am 22. M\u00e4rz 1920 in Eschringen geboren. Von 1926 bis 1932 war er Sch\u00fcler der Volksschule zu Eschringen, ging dann ins Bisch\u00f6fliche Konvikt nach Speyer und besuchte von 1932 bis 1939 das humanistische Gymnasium der ... Weiterlesen ...","og_url":"https:\/\/eschringen.de\/wordpress\/die-menschen\/steckbriefe\/ludwig-braunberger\/","og_site_name":"Eschringen","article_modified_time":"2023-07-22T07:52:44+00:00","og_image":[{"url":"https:\/\/eschringen.de\/wordpress\/wp-content\/uploads\/2023\/07\/braunberger_adv.jpg","type":"","width":"","height":""}],"twitter_card":"summary_large_image","twitter_misc":{"Gesch\u00e4tzte Lesezeit":"4\u00a0Minuten"},"schema":{"@context":"https:\/\/schema.org","@graph":[{"@type":"WebPage","@id":"https:\/\/eschringen.de\/wordpress\/die-menschen\/steckbriefe\/ludwig-braunberger\/","url":"https:\/\/eschringen.de\/wordpress\/die-menschen\/steckbriefe\/ludwig-braunberger\/","name":"Ludwig Braunberger - Eschringen","isPartOf":{"@id":"https:\/\/eschringen.de\/wordpress\/#website"},"primaryImageOfPage":{"@id":"https:\/\/eschringen.de\/wordpress\/die-menschen\/steckbriefe\/ludwig-braunberger\/#primaryimage"},"image":{"@id":"https:\/\/eschringen.de\/wordpress\/die-menschen\/steckbriefe\/ludwig-braunberger\/#primaryimage"},"thumbnailUrl":"https:\/\/eschringen.de\/wordpress\/wp-content\/uploads\/2023\/07\/braunberger_adv.jpg","datePublished":"2017-02-07T13:07:26+00:00","dateModified":"2023-07-22T07:52:44+00:00","breadcrumb":{"@id":"https:\/\/eschringen.de\/wordpress\/die-menschen\/steckbriefe\/ludwig-braunberger\/#breadcrumb"},"inLanguage":"de","potentialAction":[{"@type":"ReadAction","target":["https:\/\/eschringen.de\/wordpress\/die-menschen\/steckbriefe\/ludwig-braunberger\/"]}]},{"@type":"ImageObject","inLanguage":"de","@id":"https:\/\/eschringen.de\/wordpress\/die-menschen\/steckbriefe\/ludwig-braunberger\/#primaryimage","url":"https:\/\/i0.wp.com\/eschringen.de\/wordpress\/wp-content\/uploads\/2023\/07\/braunberger_adv.jpg?fit=300%2C430&ssl=1","contentUrl":"https:\/\/i0.wp.com\/eschringen.de\/wordpress\/wp-content\/uploads\/2023\/07\/braunberger_adv.jpg?fit=300%2C430&ssl=1","width":300,"height":430},{"@type":"BreadcrumbList","@id":"https:\/\/eschringen.de\/wordpress\/die-menschen\/steckbriefe\/ludwig-braunberger\/#breadcrumb","itemListElement":[{"@type":"ListItem","position":1,"name":"Startseite","item":"https:\/\/eschringen.de\/wordpress\/"},{"@type":"ListItem","position":2,"name":"Die Menschen","item":"https:\/\/eschringen.de\/wordpress\/die-menschen\/"},{"@type":"ListItem","position":3,"name":"Steckbriefe","item":"https:\/\/eschringen.de\/wordpress\/die-menschen\/steckbriefe\/"},{"@type":"ListItem","position":4,"name":"Ludwig Braunberger"}]},{"@type":"WebSite","@id":"https:\/\/eschringen.de\/wordpress\/#website","url":"https:\/\/eschringen.de\/wordpress\/","name":"Eschringen","description":"","publisher":{"@id":"https:\/\/eschringen.de\/wordpress\/#organization"},"potentialAction":[{"@type":"SearchAction","target":{"@type":"EntryPoint","urlTemplate":"https:\/\/eschringen.de\/wordpress\/?s={search_term_string}"},"query-input":{"@type":"PropertyValueSpecification","valueRequired":true,"valueName":"search_term_string"}}],"inLanguage":"de"},{"@type":"Organization","@id":"https:\/\/eschringen.de\/wordpress\/#organization","name":"Eschringen","url":"https:\/\/eschringen.de\/wordpress\/","logo":{"@type":"ImageObject","inLanguage":"de","@id":"https:\/\/eschringen.de\/wordpress\/#\/schema\/logo\/image\/","url":"https:\/\/eschringen.de\/wordpress\/wp-content\/uploads\/2017\/03\/2017_kw15.jpg","contentUrl":"https:\/\/eschringen.de\/wordpress\/wp-content\/uploads\/2017\/03\/2017_kw15.jpg","width":784,"height":447,"caption":"Eschringen"},"image":{"@id":"https:\/\/eschringen.de\/wordpress\/#\/schema\/logo\/image\/"}}]}},"jetpack_sharing_enabled":true,"_links":{"self":[{"href":"https:\/\/eschringen.de\/wordpress\/wp-json\/wp\/v2\/pages\/254","targetHints":{"allow":["GET"]}}],"collection":[{"href":"https:\/\/eschringen.de\/wordpress\/wp-json\/wp\/v2\/pages"}],"about":[{"href":"https:\/\/eschringen.de\/wordpress\/wp-json\/wp\/v2\/types\/page"}],"author":[{"embeddable":true,"href":"https:\/\/eschringen.de\/wordpress\/wp-json\/wp\/v2\/users\/1"}],"replies":[{"embeddable":true,"href":"https:\/\/eschringen.de\/wordpress\/wp-json\/wp\/v2\/comments?post=254"}],"version-history":[{"count":3,"href":"https:\/\/eschringen.de\/wordpress\/wp-json\/wp\/v2\/pages\/254\/revisions"}],"predecessor-version":[{"id":4297,"href":"https:\/\/eschringen.de\/wordpress\/wp-json\/wp\/v2\/pages\/254\/revisions\/4297"}],"up":[{"embeddable":true,"href":"https:\/\/eschringen.de\/wordpress\/wp-json\/wp\/v2\/pages\/197"}],"wp:attachment":[{"href":"https:\/\/eschringen.de\/wordpress\/wp-json\/wp\/v2\/media?parent=254"}],"curies":[{"name":"wp","href":"https:\/\/api.w.org\/{rel}","templated":true}]}}