{"id":2456,"date":"2019-11-28T08:52:13","date_gmt":"2019-11-28T07:52:13","guid":{"rendered":"https:\/\/eschringen.de\/wordpress\/?page_id=2456"},"modified":"2019-12-01T19:02:09","modified_gmt":"2019-12-01T18:02:09","slug":"15-09-songs-stories-aus-schottland-mit-whisky-barde-robin-laing","status":"publish","type":"page","link":"https:\/\/eschringen.de\/wordpress\/geschichte\/archiv\/15-09-songs-stories-aus-schottland-mit-whisky-barde-robin-laing\/","title":{"rendered":"15.09.: Songs &#038; Stories aus Schottland mit Whisky-Barde Robin Laing"},"content":{"rendered":"\n<div class=\"wp-block-image\"><figure class=\"alignleft is-resized\"><img data-recalc-dims=\"1\" loading=\"lazy\" decoding=\"async\" src=\"https:\/\/i0.wp.com\/eschringen.de\/wordpress\/wp-content\/uploads\/2019\/12\/HPRLaing2.jpg?resize=352%2C512&#038;ssl=1\" alt=\"\" class=\"wp-image-2461\" width=\"352\" height=\"512\" srcset=\"https:\/\/i0.wp.com\/eschringen.de\/wordpress\/wp-content\/uploads\/2019\/12\/HPRLaing2.jpg?resize=703%2C1024&amp;ssl=1 703w, https:\/\/i0.wp.com\/eschringen.de\/wordpress\/wp-content\/uploads\/2019\/12\/HPRLaing2.jpg?resize=206%2C300&amp;ssl=1 206w, https:\/\/i0.wp.com\/eschringen.de\/wordpress\/wp-content\/uploads\/2019\/12\/HPRLaing2.jpg?resize=768%2C1118&amp;ssl=1 768w, https:\/\/i0.wp.com\/eschringen.de\/wordpress\/wp-content\/uploads\/2019\/12\/HPRLaing2.jpg?w=1005&amp;ssl=1 1005w\" sizes=\"auto, (max-width: 352px) 100vw, 352px\" \/><\/figure><\/div>\n\n\n\n<p>Im\nRahmen der Reihe \u201ePost reloaded\u201c war der schottische, aus\nEdinburgh stammende Singer\/Songwriter f\u00fcr einen Gig nach Eschringen\nzur\u00fcckgekehrt. 14 Jahre zuvor hatte er bereits im altehrw\u00fcrdigen\nGasthaus \u201eZur Post\u201c einen unvergesslichen Konzertabend geboten.\nWie schon damals lag auch im Dorfgemeinschaftshaus erneut ein \u201eHauch\nvon Scotch\u201c in der Luft. Im Foyer hatte Yannick Schmitt, seines\nZeichens als Sommelier in D\u00fcsseldorf t\u00e4tig, feine Single Malts\naufgeboten, die neben Guinness, Kilkenny und anderen Getr\u00e4nken das\nPublikum \u201ebei guter Laune\u201c halten sollten (und hielten). \n<\/p>\n\n\n\n<p>Nach\nder Begr\u00fc\u00dfung durch AG-Gesch\u00e4ftsf\u00fchrer Roland Schmitt, der sich\nangesichts der schwachen Besucherresonanz etwas \u201ezerknirscht\u201c\nzeigte, startete Laing gleichwohl aufger\u00e4umt und entspannt mit\nseinem vielf\u00e4ltigen Liederrepertoire. Er sei sehr froh, endlich\neinmal wieder ein komplettes und ausgewogenes Konzert geben zu\nk\u00f6nnen, das \u00fcber die musikalische Umrahmung eines typischen\nWhisky-Tastings hinausreiche.   \n<\/p>\n\n\n\n<p>In den\nvergangenen Jahren hat sich der sympathische K\u00fcnstler weltweit einen\nNamen als Whisky-Barde erworben. Laing sammelt traditionelle\nWhisky-Songs, aber er hat auch unz\u00e4hlige eigene Lieder und Gedichte\ngeschrieben, die sich mit dem \u201cLebenswasser der besonderen Art\u201d\nbefassen. Der erste Teil seines Auftritts war eben diesen\neindeutigen, oft auch humorig-zweideutigen Liedern, u. a. \u201eWhisky\nFor Breakfast\u201c,\u201cHeaven Hill\u201c oder \u201eHemingways Whiskey\u201c,\ngewidmet.<\/p>\n\n\n\n<div class=\"wp-block-image\"><figure class=\"alignright is-resized\"><img data-recalc-dims=\"1\" loading=\"lazy\" decoding=\"async\" src=\"https:\/\/i0.wp.com\/eschringen.de\/wordpress\/wp-content\/uploads\/2019\/12\/HPRLaing1.jpg?resize=512%2C384&#038;ssl=1\" alt=\"\" class=\"wp-image-2462\" width=\"512\" height=\"384\" srcset=\"https:\/\/i0.wp.com\/eschringen.de\/wordpress\/wp-content\/uploads\/2019\/12\/HPRLaing1.jpg?resize=1024%2C768&amp;ssl=1 1024w, https:\/\/i0.wp.com\/eschringen.de\/wordpress\/wp-content\/uploads\/2019\/12\/HPRLaing1.jpg?resize=300%2C225&amp;ssl=1 300w, https:\/\/i0.wp.com\/eschringen.de\/wordpress\/wp-content\/uploads\/2019\/12\/HPRLaing1.jpg?resize=768%2C576&amp;ssl=1 768w, https:\/\/i0.wp.com\/eschringen.de\/wordpress\/wp-content\/uploads\/2019\/12\/HPRLaing1.jpg?w=1651&amp;ssl=1 1651w\" sizes=\"auto, (max-width: 512px) 100vw, 512px\" \/><\/figure><\/div>\n\n\n\n<p>Nach der\nPause griff Laing auf Songs zur\u00fcck, die zum einen aus seiner fr\u00fchen\nSongwriter-Phase stammten, zum anderen von ihm f\u00fcr das neue Album\ngeschrieben wurden, das 2020 erscheinen wird. Diese beschreiben eher\nden Alltag (abseits des Whiskys!), erz\u00e4hlen von schwarzem Kaffee,\nvon Br\u00fccken und Schlachten und nat\u00fcrlich der Liebe in allen\nFacetten. So z. B. das seiner Frau (vor vielen Jahren) zugeeignete \u201eI\nBelieve In You\u201c, eine wundervolle melodische Ballade, der er nun\neine weitere aktuelle Komposition anf\u00fcgt, die nachdr\u00fccklich\nunterstreicht, dass seine Zuneigung und sein Vertrauen zu seiner\nPartnerin ungebrochen gilt: \u201eI Still Believe In You\u201c (= \u201eIch\nglaube immer noch an Dich\u201c).<\/p>\n\n\n\n<p>Mit\nseinen hintersinnigen Anekdoten, seinem gef\u00fchlvollen Gesang und\nseinem unaufdringlichen Gitarrenspiel verzauberte Laing das\nkonzentriert lauschende Publikum, das ihn erst nach drei Zugaben von\nder kleinen B\u00fchne lie\u00df. Er verabschiedete sich mit \u201eEin letztes\nGlas\u201c, einem nachdenklichen, die Freundschaft w\u00fcrdigenden Lied mit\ndeutschem Text. \t\t\t\t\t\t\t\t\t\t\t(rs)<\/p>\n","protected":false},"excerpt":{"rendered":"<p>Im Rahmen der Reihe \u201ePost reloaded\u201c war der schottische, aus Edinburgh stammende Singer\/Songwriter f\u00fcr einen Gig nach Eschringen zur\u00fcckgekehrt. 14 Jahre zuvor hatte er bereits im altehrw\u00fcrdigen Gasthaus \u201eZur Post\u201c einen unvergesslichen Konzertabend geboten. Wie schon damals lag auch im Dorfgemeinschaftshaus erneut ein \u201eHauch von Scotch\u201c in der Luft. Im Foyer hatte Yannick Schmitt, seines &#8230; <a title=\"15.09.: Songs &#038; Stories aus Schottland mit Whisky-Barde Robin Laing\" class=\"read-more\" href=\"https:\/\/eschringen.de\/wordpress\/geschichte\/archiv\/15-09-songs-stories-aus-schottland-mit-whisky-barde-robin-laing\/\" aria-label=\"Mehr Informationen \u00fcber 15.09.: Songs &#038; Stories aus Schottland mit Whisky-Barde Robin Laing\">Weiterlesen &#8230;<\/a><\/p>\n","protected":false},"author":1,"featured_media":0,"parent":403,"menu_order":0,"comment_status":"closed","ping_status":"closed","template":"","meta":{"ngg_post_thumbnail":0,"footnotes":""},"class_list":["post-2456","page","type-page","status-publish"],"yoast_head":"<!-- This site is optimized with the Yoast SEO plugin v27.4 - https:\/\/yoast.com\/product\/yoast-seo-wordpress\/ -->\n<title>15.09.: Songs &amp; Stories aus Schottland mit Whisky-Barde Robin Laing - Eschringen<\/title>\n<meta name=\"robots\" content=\"index, follow, max-snippet:-1, max-image-preview:large, max-video-preview:-1\" \/>\n<link rel=\"canonical\" href=\"https:\/\/eschringen.de\/wordpress\/geschichte\/archiv\/15-09-songs-stories-aus-schottland-mit-whisky-barde-robin-laing\/\" \/>\n<meta property=\"og:locale\" content=\"de_DE\" \/>\n<meta property=\"og:type\" content=\"article\" \/>\n<meta property=\"og:title\" content=\"15.09.: Songs &amp; Stories aus Schottland mit Whisky-Barde Robin Laing - Eschringen\" \/>\n<meta property=\"og:description\" content=\"Im Rahmen der Reihe \u201ePost reloaded\u201c war der schottische, aus Edinburgh stammende Singer\/Songwriter f\u00fcr einen Gig nach Eschringen zur\u00fcckgekehrt. 14 Jahre zuvor hatte er bereits im altehrw\u00fcrdigen Gasthaus \u201eZur Post\u201c einen unvergesslichen Konzertabend geboten. Wie schon damals lag auch im Dorfgemeinschaftshaus erneut ein \u201eHauch von Scotch\u201c in der Luft. Im Foyer hatte Yannick Schmitt, seines ... Weiterlesen ...\" \/>\n<meta property=\"og:url\" content=\"https:\/\/eschringen.de\/wordpress\/geschichte\/archiv\/15-09-songs-stories-aus-schottland-mit-whisky-barde-robin-laing\/\" \/>\n<meta property=\"og:site_name\" content=\"Eschringen\" \/>\n<meta property=\"article:modified_time\" content=\"2019-12-01T18:02:09+00:00\" \/>\n<meta property=\"og:image\" content=\"https:\/\/eschringen.de\/wordpress\/wp-content\/uploads\/2019\/12\/HPRLaing2-703x1024.jpg\" \/>\n<meta name=\"twitter:card\" content=\"summary_large_image\" \/>\n<meta name=\"twitter:label1\" content=\"Gesch\u00e4tzte Lesezeit\" \/>\n\t<meta name=\"twitter:data1\" content=\"2\u00a0Minuten\" \/>\n<script type=\"application\/ld+json\" class=\"yoast-schema-graph\">{\"@context\":\"https:\\\/\\\/schema.org\",\"@graph\":[{\"@type\":\"WebPage\",\"@id\":\"https:\\\/\\\/eschringen.de\\\/wordpress\\\/geschichte\\\/archiv\\\/15-09-songs-stories-aus-schottland-mit-whisky-barde-robin-laing\\\/\",\"url\":\"https:\\\/\\\/eschringen.de\\\/wordpress\\\/geschichte\\\/archiv\\\/15-09-songs-stories-aus-schottland-mit-whisky-barde-robin-laing\\\/\",\"name\":\"15.09.: Songs & Stories aus Schottland mit Whisky-Barde Robin Laing - Eschringen\",\"isPartOf\":{\"@id\":\"https:\\\/\\\/eschringen.de\\\/wordpress\\\/#website\"},\"primaryImageOfPage\":{\"@id\":\"https:\\\/\\\/eschringen.de\\\/wordpress\\\/geschichte\\\/archiv\\\/15-09-songs-stories-aus-schottland-mit-whisky-barde-robin-laing\\\/#primaryimage\"},\"image\":{\"@id\":\"https:\\\/\\\/eschringen.de\\\/wordpress\\\/geschichte\\\/archiv\\\/15-09-songs-stories-aus-schottland-mit-whisky-barde-robin-laing\\\/#primaryimage\"},\"thumbnailUrl\":\"https:\\\/\\\/eschringen.de\\\/wordpress\\\/wp-content\\\/uploads\\\/2019\\\/12\\\/HPRLaing2-703x1024.jpg\",\"datePublished\":\"2019-11-28T07:52:13+00:00\",\"dateModified\":\"2019-12-01T18:02:09+00:00\",\"breadcrumb\":{\"@id\":\"https:\\\/\\\/eschringen.de\\\/wordpress\\\/geschichte\\\/archiv\\\/15-09-songs-stories-aus-schottland-mit-whisky-barde-robin-laing\\\/#breadcrumb\"},\"inLanguage\":\"de\",\"potentialAction\":[{\"@type\":\"ReadAction\",\"target\":[\"https:\\\/\\\/eschringen.de\\\/wordpress\\\/geschichte\\\/archiv\\\/15-09-songs-stories-aus-schottland-mit-whisky-barde-robin-laing\\\/\"]}]},{\"@type\":\"ImageObject\",\"inLanguage\":\"de\",\"@id\":\"https:\\\/\\\/eschringen.de\\\/wordpress\\\/geschichte\\\/archiv\\\/15-09-songs-stories-aus-schottland-mit-whisky-barde-robin-laing\\\/#primaryimage\",\"url\":\"https:\\\/\\\/i0.wp.com\\\/eschringen.de\\\/wordpress\\\/wp-content\\\/uploads\\\/2019\\\/12\\\/HPRLaing2.jpg?fit=1005%2C1463&ssl=1\",\"contentUrl\":\"https:\\\/\\\/i0.wp.com\\\/eschringen.de\\\/wordpress\\\/wp-content\\\/uploads\\\/2019\\\/12\\\/HPRLaing2.jpg?fit=1005%2C1463&ssl=1\",\"width\":1005,\"height\":1463},{\"@type\":\"BreadcrumbList\",\"@id\":\"https:\\\/\\\/eschringen.de\\\/wordpress\\\/geschichte\\\/archiv\\\/15-09-songs-stories-aus-schottland-mit-whisky-barde-robin-laing\\\/#breadcrumb\",\"itemListElement\":[{\"@type\":\"ListItem\",\"position\":1,\"name\":\"Startseite\",\"item\":\"https:\\\/\\\/eschringen.de\\\/wordpress\\\/\"},{\"@type\":\"ListItem\",\"position\":2,\"name\":\"Geschichte\",\"item\":\"https:\\\/\\\/eschringen.de\\\/wordpress\\\/geschichte\\\/\"},{\"@type\":\"ListItem\",\"position\":3,\"name\":\"Archiv\",\"item\":\"https:\\\/\\\/eschringen.de\\\/wordpress\\\/geschichte\\\/archiv\\\/\"},{\"@type\":\"ListItem\",\"position\":4,\"name\":\"15.09.: Songs &#038; Stories aus Schottland mit Whisky-Barde Robin Laing\"}]},{\"@type\":\"WebSite\",\"@id\":\"https:\\\/\\\/eschringen.de\\\/wordpress\\\/#website\",\"url\":\"https:\\\/\\\/eschringen.de\\\/wordpress\\\/\",\"name\":\"Eschringen\",\"description\":\"\",\"publisher\":{\"@id\":\"https:\\\/\\\/eschringen.de\\\/wordpress\\\/#organization\"},\"potentialAction\":[{\"@type\":\"SearchAction\",\"target\":{\"@type\":\"EntryPoint\",\"urlTemplate\":\"https:\\\/\\\/eschringen.de\\\/wordpress\\\/?s={search_term_string}\"},\"query-input\":{\"@type\":\"PropertyValueSpecification\",\"valueRequired\":true,\"valueName\":\"search_term_string\"}}],\"inLanguage\":\"de\"},{\"@type\":\"Organization\",\"@id\":\"https:\\\/\\\/eschringen.de\\\/wordpress\\\/#organization\",\"name\":\"Eschringen\",\"url\":\"https:\\\/\\\/eschringen.de\\\/wordpress\\\/\",\"logo\":{\"@type\":\"ImageObject\",\"inLanguage\":\"de\",\"@id\":\"https:\\\/\\\/eschringen.de\\\/wordpress\\\/#\\\/schema\\\/logo\\\/image\\\/\",\"url\":\"https:\\\/\\\/eschringen.de\\\/wordpress\\\/wp-content\\\/uploads\\\/2017\\\/03\\\/2017_kw15.jpg\",\"contentUrl\":\"https:\\\/\\\/eschringen.de\\\/wordpress\\\/wp-content\\\/uploads\\\/2017\\\/03\\\/2017_kw15.jpg\",\"width\":784,\"height\":447,\"caption\":\"Eschringen\"},\"image\":{\"@id\":\"https:\\\/\\\/eschringen.de\\\/wordpress\\\/#\\\/schema\\\/logo\\\/image\\\/\"}}]}<\/script>\n<!-- \/ Yoast SEO plugin. -->","yoast_head_json":{"title":"15.09.: Songs & Stories aus Schottland mit Whisky-Barde Robin Laing - Eschringen","robots":{"index":"index","follow":"follow","max-snippet":"max-snippet:-1","max-image-preview":"max-image-preview:large","max-video-preview":"max-video-preview:-1"},"canonical":"https:\/\/eschringen.de\/wordpress\/geschichte\/archiv\/15-09-songs-stories-aus-schottland-mit-whisky-barde-robin-laing\/","og_locale":"de_DE","og_type":"article","og_title":"15.09.: Songs & Stories aus Schottland mit Whisky-Barde Robin Laing - Eschringen","og_description":"Im Rahmen der Reihe \u201ePost reloaded\u201c war der schottische, aus Edinburgh stammende Singer\/Songwriter f\u00fcr einen Gig nach Eschringen zur\u00fcckgekehrt. 14 Jahre zuvor hatte er bereits im altehrw\u00fcrdigen Gasthaus \u201eZur Post\u201c einen unvergesslichen Konzertabend geboten. Wie schon damals lag auch im Dorfgemeinschaftshaus erneut ein \u201eHauch von Scotch\u201c in der Luft. Im Foyer hatte Yannick Schmitt, seines ... Weiterlesen ...","og_url":"https:\/\/eschringen.de\/wordpress\/geschichte\/archiv\/15-09-songs-stories-aus-schottland-mit-whisky-barde-robin-laing\/","og_site_name":"Eschringen","article_modified_time":"2019-12-01T18:02:09+00:00","og_image":[{"url":"https:\/\/eschringen.de\/wordpress\/wp-content\/uploads\/2019\/12\/HPRLaing2-703x1024.jpg","type":"","width":"","height":""}],"twitter_card":"summary_large_image","twitter_misc":{"Gesch\u00e4tzte Lesezeit":"2\u00a0Minuten"},"schema":{"@context":"https:\/\/schema.org","@graph":[{"@type":"WebPage","@id":"https:\/\/eschringen.de\/wordpress\/geschichte\/archiv\/15-09-songs-stories-aus-schottland-mit-whisky-barde-robin-laing\/","url":"https:\/\/eschringen.de\/wordpress\/geschichte\/archiv\/15-09-songs-stories-aus-schottland-mit-whisky-barde-robin-laing\/","name":"15.09.: Songs & Stories aus Schottland mit Whisky-Barde Robin Laing - Eschringen","isPartOf":{"@id":"https:\/\/eschringen.de\/wordpress\/#website"},"primaryImageOfPage":{"@id":"https:\/\/eschringen.de\/wordpress\/geschichte\/archiv\/15-09-songs-stories-aus-schottland-mit-whisky-barde-robin-laing\/#primaryimage"},"image":{"@id":"https:\/\/eschringen.de\/wordpress\/geschichte\/archiv\/15-09-songs-stories-aus-schottland-mit-whisky-barde-robin-laing\/#primaryimage"},"thumbnailUrl":"https:\/\/eschringen.de\/wordpress\/wp-content\/uploads\/2019\/12\/HPRLaing2-703x1024.jpg","datePublished":"2019-11-28T07:52:13+00:00","dateModified":"2019-12-01T18:02:09+00:00","breadcrumb":{"@id":"https:\/\/eschringen.de\/wordpress\/geschichte\/archiv\/15-09-songs-stories-aus-schottland-mit-whisky-barde-robin-laing\/#breadcrumb"},"inLanguage":"de","potentialAction":[{"@type":"ReadAction","target":["https:\/\/eschringen.de\/wordpress\/geschichte\/archiv\/15-09-songs-stories-aus-schottland-mit-whisky-barde-robin-laing\/"]}]},{"@type":"ImageObject","inLanguage":"de","@id":"https:\/\/eschringen.de\/wordpress\/geschichte\/archiv\/15-09-songs-stories-aus-schottland-mit-whisky-barde-robin-laing\/#primaryimage","url":"https:\/\/i0.wp.com\/eschringen.de\/wordpress\/wp-content\/uploads\/2019\/12\/HPRLaing2.jpg?fit=1005%2C1463&ssl=1","contentUrl":"https:\/\/i0.wp.com\/eschringen.de\/wordpress\/wp-content\/uploads\/2019\/12\/HPRLaing2.jpg?fit=1005%2C1463&ssl=1","width":1005,"height":1463},{"@type":"BreadcrumbList","@id":"https:\/\/eschringen.de\/wordpress\/geschichte\/archiv\/15-09-songs-stories-aus-schottland-mit-whisky-barde-robin-laing\/#breadcrumb","itemListElement":[{"@type":"ListItem","position":1,"name":"Startseite","item":"https:\/\/eschringen.de\/wordpress\/"},{"@type":"ListItem","position":2,"name":"Geschichte","item":"https:\/\/eschringen.de\/wordpress\/geschichte\/"},{"@type":"ListItem","position":3,"name":"Archiv","item":"https:\/\/eschringen.de\/wordpress\/geschichte\/archiv\/"},{"@type":"ListItem","position":4,"name":"15.09.: Songs &#038; Stories aus Schottland mit Whisky-Barde Robin Laing"}]},{"@type":"WebSite","@id":"https:\/\/eschringen.de\/wordpress\/#website","url":"https:\/\/eschringen.de\/wordpress\/","name":"Eschringen","description":"","publisher":{"@id":"https:\/\/eschringen.de\/wordpress\/#organization"},"potentialAction":[{"@type":"SearchAction","target":{"@type":"EntryPoint","urlTemplate":"https:\/\/eschringen.de\/wordpress\/?s={search_term_string}"},"query-input":{"@type":"PropertyValueSpecification","valueRequired":true,"valueName":"search_term_string"}}],"inLanguage":"de"},{"@type":"Organization","@id":"https:\/\/eschringen.de\/wordpress\/#organization","name":"Eschringen","url":"https:\/\/eschringen.de\/wordpress\/","logo":{"@type":"ImageObject","inLanguage":"de","@id":"https:\/\/eschringen.de\/wordpress\/#\/schema\/logo\/image\/","url":"https:\/\/eschringen.de\/wordpress\/wp-content\/uploads\/2017\/03\/2017_kw15.jpg","contentUrl":"https:\/\/eschringen.de\/wordpress\/wp-content\/uploads\/2017\/03\/2017_kw15.jpg","width":784,"height":447,"caption":"Eschringen"},"image":{"@id":"https:\/\/eschringen.de\/wordpress\/#\/schema\/logo\/image\/"}}]}},"jetpack_sharing_enabled":true,"_links":{"self":[{"href":"https:\/\/eschringen.de\/wordpress\/wp-json\/wp\/v2\/pages\/2456","targetHints":{"allow":["GET"]}}],"collection":[{"href":"https:\/\/eschringen.de\/wordpress\/wp-json\/wp\/v2\/pages"}],"about":[{"href":"https:\/\/eschringen.de\/wordpress\/wp-json\/wp\/v2\/types\/page"}],"author":[{"embeddable":true,"href":"https:\/\/eschringen.de\/wordpress\/wp-json\/wp\/v2\/users\/1"}],"replies":[{"embeddable":true,"href":"https:\/\/eschringen.de\/wordpress\/wp-json\/wp\/v2\/comments?post=2456"}],"version-history":[{"count":4,"href":"https:\/\/eschringen.de\/wordpress\/wp-json\/wp\/v2\/pages\/2456\/revisions"}],"predecessor-version":[{"id":2465,"href":"https:\/\/eschringen.de\/wordpress\/wp-json\/wp\/v2\/pages\/2456\/revisions\/2465"}],"up":[{"embeddable":true,"href":"https:\/\/eschringen.de\/wordpress\/wp-json\/wp\/v2\/pages\/403"}],"wp:attachment":[{"href":"https:\/\/eschringen.de\/wordpress\/wp-json\/wp\/v2\/media?parent=2456"}],"curies":[{"name":"wp","href":"https:\/\/api.w.org\/{rel}","templated":true}]}}