{"id":222,"date":"2017-02-03T20:54:56","date_gmt":"2017-02-03T19:54:56","guid":{"rendered":"http:\/\/eschringen.de\/wordpress\/?page_id=222"},"modified":"2023-07-22T09:37:51","modified_gmt":"2023-07-22T07:37:51","slug":"andreas-kremp","status":"publish","type":"page","link":"https:\/\/eschringen.de\/wordpress\/die-menschen\/steckbriefe\/andreas-kremp\/","title":{"rendered":"Andreas Kremp"},"content":{"rendered":"\n<h5 class=\"wp-block-heading\"><strong><span style=\"color: #0000ff;\">Lehrer und &#8222;Kulturaktivist&#8220;<\/span><\/strong><\/h5>\n\n\n<div class=\"wp-block-image\">\n<figure class=\"alignright size-full\"><img data-recalc-dims=\"1\" loading=\"lazy\" decoding=\"async\" width=\"300\" height=\"390\" src=\"https:\/\/i0.wp.com\/eschringen.de\/wordpress\/wp-content\/uploads\/2023\/07\/kremp_adv.jpg?resize=300%2C390&#038;ssl=1\" alt=\"\" class=\"wp-image-4288\" srcset=\"https:\/\/i0.wp.com\/eschringen.de\/wordpress\/wp-content\/uploads\/2023\/07\/kremp_adv.jpg?w=300&amp;ssl=1 300w, https:\/\/i0.wp.com\/eschringen.de\/wordpress\/wp-content\/uploads\/2023\/07\/kremp_adv.jpg?resize=231%2C300&amp;ssl=1 231w\" sizes=\"auto, (max-width: 300px) 100vw, 300px\" \/><\/figure>\n<\/div>\n\n\n<p>In Eschringen war er beliebt und geachtet, &#8222;de Schullehrer&#8220;, wie er \u00fcber mehrere Generationen hinweg respekt- und w\u00fcrdevoll genannt wurde. Inzwischen tr\u00e4gt die ehemalige Bliesransbacher Stra\u00dfe seinen Namen: Andreas Kremp (geb. am 5.1.1886 in Ormesheim) war erster Ehrenb\u00fcrger in Eschringen.<\/p>\n\n\n\n<p>&nbsp;Als Andreas Kremp am 26. Dezember 1969 starb, meinte der damalige B\u00fcrgermeister Alfons Schweitzer: &#8222;Andreas Kremp&#8220; wird f\u00fcr immer einen Ehrenplatz in der Geschichte der Gemeinde Eschringen haben!&#8220; In dankbarer W\u00fcrdigung seiner Verdienste um die Erziehung der Jugend und die F\u00f6rderung des kulturellen Lebens in der Gemeinde, wie es in dem Ehrenb\u00fcrgerbrief hie\u00df, war Andreas Kremp am 19. Januar 1958 \u2013 die Gemeinde hatte erst am 1. Januar 1958 ihre verwaltungsm\u00e4\u00dfige Selbst\u00e4ndigkeit erhalten \u2013 zum ersten Ehrenb\u00fcrger ernannt worden.<\/p>\n\n\n<div class=\"wp-block-image\">\n<figure class=\"alignleft\"><a href=\"http:\/\/eschringen.de\/wordpress\/die-menschen\/steckbriefe\/andreas-kremp\/karrkremp\/\" rel=\"attachment wp-att-1189\"><img data-recalc-dims=\"1\" loading=\"lazy\" decoding=\"async\" width=\"300\" height=\"233\" src=\"https:\/\/i0.wp.com\/eschringen.de\/wordpress\/wp-content\/uploads\/2017\/02\/KarrKremp-300x233.jpg?resize=300%2C233\" alt=\"\" class=\"wp-image-1189\" srcset=\"https:\/\/i0.wp.com\/eschringen.de\/wordpress\/wp-content\/uploads\/2017\/02\/KarrKremp.jpg?resize=300%2C233&amp;ssl=1 300w, https:\/\/i0.wp.com\/eschringen.de\/wordpress\/wp-content\/uploads\/2017\/02\/KarrKremp.jpg?resize=768%2C597&amp;ssl=1 768w, https:\/\/i0.wp.com\/eschringen.de\/wordpress\/wp-content\/uploads\/2017\/02\/KarrKremp.jpg?resize=1024%2C796&amp;ssl=1 1024w, https:\/\/i0.wp.com\/eschringen.de\/wordpress\/wp-content\/uploads\/2017\/02\/KarrKremp.jpg?w=1220&amp;ssl=1 1220w\" sizes=\"auto, (max-width: 300px) 100vw, 300px\" \/><\/a><figcaption class=\"wp-element-caption\">B\u00fcrgermeister Karr ernennt Andreas Kremp zum Ehrenb\u00fcrger<\/figcaption><\/figure>\n<\/div>\n\n\n<p>Viele Eschringer sind die Sch\u00fcler von Andreas Kremp gewesen, denn dieser war vom 1. Oktober 1922 bis 31. Dezember 1949 in Eschringen Schulleiter. Hier erlebte er auch seine sch\u00f6nsten Erfolge auf p\u00e4dagogischem Gebiet, wie er sich auch dem kulturellen Leben mit viel Engagement widmete. Andreas Kremp war n\u00e4mlich nicht nur &#8222;mit Leib und Seele&#8220; P\u00e4dagoge, sondern er hatte sich auch dem Gesang und der Musik verschrieben, wie er gleichfalls f\u00fcr die Ortsversch\u00f6nerung vieles leistete.<\/p>\n\n\n\n<p>Tausende von Obstb\u00e4umen hat Andreas Kremp auf Eschringer Gemarkung gepflanzt, unz\u00e4hlige Rosenst\u00f6cke \u2013 neben der Bienenzucht war dies eines seiner geliebten Hobbys \u2013 veredelt, wie er auch der Erforschung der einheimischen Vogelwelt viel Freizeit opferte.<\/p>\n\n\n\n<p>Im Jahre 1929 gr\u00fcndete Andreas Kremp den Eschringer Kirchenchor &#8222;St. Laurentius&#8220;, den er als Dirigent bis zum Jahre 1962 leitete. F\u00fcr seine Verdienste um die &#8222;Musica sacra&#8220; verlieh ihm auch der Bischof von Speyer 1953 eine Ehrenurkunde. Auch im Gesangverein &#8222;Frohsinn&#8220; Eschringen war Andreas Kremp l\u00e4nger als 25 Jahre Dirigent, weshalb er f\u00fcr sein Engagement auch zum Ehrendirigenten ernannt wurde.<\/p>\n\n\n<div class=\"wp-block-image\">\n<figure class=\"alignleft size-full\"><img data-recalc-dims=\"1\" loading=\"lazy\" decoding=\"async\" width=\"389\" height=\"162\" src=\"https:\/\/i0.wp.com\/eschringen.de\/wordpress\/wp-content\/uploads\/2022\/08\/krempstr.jpg?resize=389%2C162&#038;ssl=1\" alt=\"\" class=\"wp-image-3690\" srcset=\"https:\/\/i0.wp.com\/eschringen.de\/wordpress\/wp-content\/uploads\/2022\/08\/krempstr.jpg?w=389&amp;ssl=1 389w, https:\/\/i0.wp.com\/eschringen.de\/wordpress\/wp-content\/uploads\/2022\/08\/krempstr.jpg?resize=300%2C125&amp;ssl=1 300w\" sizes=\"auto, (max-width: 389px) 100vw, 389px\" \/><\/figure>\n<\/div>\n\n\n<p>Beim Wiederaufbau der altehrw\u00fcrdigen Laurentiuskapelle nach dem Zweiten Weltkrieg war Andreas Kremp ebenfalls aktiv, wie er auch f\u00fcr die Gestaltung der Au\u00dfenanlagen rings um die Eschringer Pfarrkirche nach deren Fertigstellung im Jahre 1930 verantwortlich zeichnete. Lange Zeit bem\u00fchte sich die Arbeitsgemeinschaft &#8222;Eschringen erhalten und gestalten&#8220; darum, die ehemalige &#8222;Wirkungsst\u00e4tte&#8220; des Eschringer Ehrenb\u00fcrgers, das alte Schulgeb\u00e4ude, in Andreas-Kremp-Haus&#8220; umzubenennen.<\/p>\n\n\n\n<p>(Peter Franz)<\/p>\n\n\n\n<p>Literaturhinweis:<br>In einem Jahr f\u00fcnfhundert Kirschb\u00e4ume gepflanzt. Mit Schuldirektor i. R. Andreas Kremp auf Exkursion durch Dorf und Gemarkung.<br>in: Saarbr\u00fccker Zeitung, Kreisausg. St. Ingbert, Nr. 203 v. 3.9.1958.<\/p>\n\n\n\n<p><a href=\"http:\/\/eschringen.de\/wordpress\/die-menschen\/mundart\/unser-alter-schullehr\/\">Hier noch ein Mundartgedicht \u00fcber Andreas Kremp<\/a><\/p>\n\n\n\n<p><a href=\"http:\/\/eschringen.de\/wordpress\/die-menschen\/steckbriefe\/\">Zur\u00fcck zu den Steckbriefen<\/a><\/p>\n","protected":false},"excerpt":{"rendered":"<p>Lehrer und &#8222;Kulturaktivist&#8220; In Eschringen war er beliebt und geachtet, &#8222;de Schullehrer&#8220;, wie er \u00fcber mehrere Generationen hinweg respekt- und w\u00fcrdevoll genannt wurde. Inzwischen tr\u00e4gt die ehemalige Bliesransbacher Stra\u00dfe seinen Namen: Andreas Kremp (geb. am 5.1.1886 in Ormesheim) war erster Ehrenb\u00fcrger in Eschringen. &nbsp;Als Andreas Kremp am 26. Dezember 1969 starb, meinte der damalige B\u00fcrgermeister &#8230; <a title=\"Andreas Kremp\" class=\"read-more\" href=\"https:\/\/eschringen.de\/wordpress\/die-menschen\/steckbriefe\/andreas-kremp\/\" aria-label=\"Mehr Informationen \u00fcber Andreas Kremp\">Weiterlesen &#8230;<\/a><\/p>\n","protected":false},"author":1,"featured_media":0,"parent":197,"menu_order":4,"comment_status":"closed","ping_status":"closed","template":"","meta":{"ngg_post_thumbnail":0,"footnotes":""},"class_list":["post-222","page","type-page","status-publish"],"yoast_head":"<!-- This site is optimized with the Yoast SEO plugin v27.3 - https:\/\/yoast.com\/product\/yoast-seo-wordpress\/ -->\n<title>Andreas Kremp - Eschringen<\/title>\n<meta name=\"robots\" content=\"index, follow, max-snippet:-1, max-image-preview:large, max-video-preview:-1\" \/>\n<link rel=\"canonical\" href=\"https:\/\/eschringen.de\/wordpress\/die-menschen\/steckbriefe\/andreas-kremp\/\" \/>\n<meta property=\"og:locale\" content=\"de_DE\" \/>\n<meta property=\"og:type\" content=\"article\" \/>\n<meta property=\"og:title\" content=\"Andreas Kremp - Eschringen\" \/>\n<meta property=\"og:description\" content=\"Lehrer und &#8222;Kulturaktivist&#8220; In Eschringen war er beliebt und geachtet, &#8222;de Schullehrer&#8220;, wie er \u00fcber mehrere Generationen hinweg respekt- und w\u00fcrdevoll genannt wurde. Inzwischen tr\u00e4gt die ehemalige Bliesransbacher Stra\u00dfe seinen Namen: Andreas Kremp (geb. am 5.1.1886 in Ormesheim) war erster Ehrenb\u00fcrger in Eschringen. &nbsp;Als Andreas Kremp am 26. Dezember 1969 starb, meinte der damalige B\u00fcrgermeister ... Weiterlesen ...\" \/>\n<meta property=\"og:url\" content=\"https:\/\/eschringen.de\/wordpress\/die-menschen\/steckbriefe\/andreas-kremp\/\" \/>\n<meta property=\"og:site_name\" content=\"Eschringen\" \/>\n<meta property=\"article:modified_time\" content=\"2023-07-22T07:37:51+00:00\" \/>\n<meta property=\"og:image\" content=\"https:\/\/eschringen.de\/wordpress\/wp-content\/uploads\/2023\/07\/kremp_adv.jpg\" \/>\n<meta name=\"twitter:card\" content=\"summary_large_image\" \/>\n<meta name=\"twitter:label1\" content=\"Gesch\u00e4tzte Lesezeit\" \/>\n\t<meta name=\"twitter:data1\" content=\"3\u00a0Minuten\" \/>\n<script type=\"application\/ld+json\" class=\"yoast-schema-graph\">{\"@context\":\"https:\\\/\\\/schema.org\",\"@graph\":[{\"@type\":\"WebPage\",\"@id\":\"https:\\\/\\\/eschringen.de\\\/wordpress\\\/die-menschen\\\/steckbriefe\\\/andreas-kremp\\\/\",\"url\":\"https:\\\/\\\/eschringen.de\\\/wordpress\\\/die-menschen\\\/steckbriefe\\\/andreas-kremp\\\/\",\"name\":\"Andreas Kremp - Eschringen\",\"isPartOf\":{\"@id\":\"https:\\\/\\\/eschringen.de\\\/wordpress\\\/#website\"},\"primaryImageOfPage\":{\"@id\":\"https:\\\/\\\/eschringen.de\\\/wordpress\\\/die-menschen\\\/steckbriefe\\\/andreas-kremp\\\/#primaryimage\"},\"image\":{\"@id\":\"https:\\\/\\\/eschringen.de\\\/wordpress\\\/die-menschen\\\/steckbriefe\\\/andreas-kremp\\\/#primaryimage\"},\"thumbnailUrl\":\"https:\\\/\\\/eschringen.de\\\/wordpress\\\/wp-content\\\/uploads\\\/2023\\\/07\\\/kremp_adv.jpg\",\"datePublished\":\"2017-02-03T19:54:56+00:00\",\"dateModified\":\"2023-07-22T07:37:51+00:00\",\"breadcrumb\":{\"@id\":\"https:\\\/\\\/eschringen.de\\\/wordpress\\\/die-menschen\\\/steckbriefe\\\/andreas-kremp\\\/#breadcrumb\"},\"inLanguage\":\"de\",\"potentialAction\":[{\"@type\":\"ReadAction\",\"target\":[\"https:\\\/\\\/eschringen.de\\\/wordpress\\\/die-menschen\\\/steckbriefe\\\/andreas-kremp\\\/\"]}]},{\"@type\":\"ImageObject\",\"inLanguage\":\"de\",\"@id\":\"https:\\\/\\\/eschringen.de\\\/wordpress\\\/die-menschen\\\/steckbriefe\\\/andreas-kremp\\\/#primaryimage\",\"url\":\"https:\\\/\\\/i0.wp.com\\\/eschringen.de\\\/wordpress\\\/wp-content\\\/uploads\\\/2023\\\/07\\\/kremp_adv.jpg?fit=300%2C390&ssl=1\",\"contentUrl\":\"https:\\\/\\\/i0.wp.com\\\/eschringen.de\\\/wordpress\\\/wp-content\\\/uploads\\\/2023\\\/07\\\/kremp_adv.jpg?fit=300%2C390&ssl=1\",\"width\":300,\"height\":390},{\"@type\":\"BreadcrumbList\",\"@id\":\"https:\\\/\\\/eschringen.de\\\/wordpress\\\/die-menschen\\\/steckbriefe\\\/andreas-kremp\\\/#breadcrumb\",\"itemListElement\":[{\"@type\":\"ListItem\",\"position\":1,\"name\":\"Startseite\",\"item\":\"https:\\\/\\\/eschringen.de\\\/wordpress\\\/\"},{\"@type\":\"ListItem\",\"position\":2,\"name\":\"Die Menschen\",\"item\":\"https:\\\/\\\/eschringen.de\\\/wordpress\\\/die-menschen\\\/\"},{\"@type\":\"ListItem\",\"position\":3,\"name\":\"Steckbriefe\",\"item\":\"https:\\\/\\\/eschringen.de\\\/wordpress\\\/die-menschen\\\/steckbriefe\\\/\"},{\"@type\":\"ListItem\",\"position\":4,\"name\":\"Andreas Kremp\"}]},{\"@type\":\"WebSite\",\"@id\":\"https:\\\/\\\/eschringen.de\\\/wordpress\\\/#website\",\"url\":\"https:\\\/\\\/eschringen.de\\\/wordpress\\\/\",\"name\":\"Eschringen\",\"description\":\"\",\"publisher\":{\"@id\":\"https:\\\/\\\/eschringen.de\\\/wordpress\\\/#organization\"},\"potentialAction\":[{\"@type\":\"SearchAction\",\"target\":{\"@type\":\"EntryPoint\",\"urlTemplate\":\"https:\\\/\\\/eschringen.de\\\/wordpress\\\/?s={search_term_string}\"},\"query-input\":{\"@type\":\"PropertyValueSpecification\",\"valueRequired\":true,\"valueName\":\"search_term_string\"}}],\"inLanguage\":\"de\"},{\"@type\":\"Organization\",\"@id\":\"https:\\\/\\\/eschringen.de\\\/wordpress\\\/#organization\",\"name\":\"Eschringen\",\"url\":\"https:\\\/\\\/eschringen.de\\\/wordpress\\\/\",\"logo\":{\"@type\":\"ImageObject\",\"inLanguage\":\"de\",\"@id\":\"https:\\\/\\\/eschringen.de\\\/wordpress\\\/#\\\/schema\\\/logo\\\/image\\\/\",\"url\":\"https:\\\/\\\/eschringen.de\\\/wordpress\\\/wp-content\\\/uploads\\\/2017\\\/03\\\/2017_kw15.jpg\",\"contentUrl\":\"https:\\\/\\\/eschringen.de\\\/wordpress\\\/wp-content\\\/uploads\\\/2017\\\/03\\\/2017_kw15.jpg\",\"width\":784,\"height\":447,\"caption\":\"Eschringen\"},\"image\":{\"@id\":\"https:\\\/\\\/eschringen.de\\\/wordpress\\\/#\\\/schema\\\/logo\\\/image\\\/\"}}]}<\/script>\n<!-- \/ Yoast SEO plugin. -->","yoast_head_json":{"title":"Andreas Kremp - Eschringen","robots":{"index":"index","follow":"follow","max-snippet":"max-snippet:-1","max-image-preview":"max-image-preview:large","max-video-preview":"max-video-preview:-1"},"canonical":"https:\/\/eschringen.de\/wordpress\/die-menschen\/steckbriefe\/andreas-kremp\/","og_locale":"de_DE","og_type":"article","og_title":"Andreas Kremp - Eschringen","og_description":"Lehrer und &#8222;Kulturaktivist&#8220; In Eschringen war er beliebt und geachtet, &#8222;de Schullehrer&#8220;, wie er \u00fcber mehrere Generationen hinweg respekt- und w\u00fcrdevoll genannt wurde. Inzwischen tr\u00e4gt die ehemalige Bliesransbacher Stra\u00dfe seinen Namen: Andreas Kremp (geb. am 5.1.1886 in Ormesheim) war erster Ehrenb\u00fcrger in Eschringen. &nbsp;Als Andreas Kremp am 26. Dezember 1969 starb, meinte der damalige B\u00fcrgermeister ... Weiterlesen ...","og_url":"https:\/\/eschringen.de\/wordpress\/die-menschen\/steckbriefe\/andreas-kremp\/","og_site_name":"Eschringen","article_modified_time":"2023-07-22T07:37:51+00:00","og_image":[{"url":"https:\/\/eschringen.de\/wordpress\/wp-content\/uploads\/2023\/07\/kremp_adv.jpg","type":"","width":"","height":""}],"twitter_card":"summary_large_image","twitter_misc":{"Gesch\u00e4tzte Lesezeit":"3\u00a0Minuten"},"schema":{"@context":"https:\/\/schema.org","@graph":[{"@type":"WebPage","@id":"https:\/\/eschringen.de\/wordpress\/die-menschen\/steckbriefe\/andreas-kremp\/","url":"https:\/\/eschringen.de\/wordpress\/die-menschen\/steckbriefe\/andreas-kremp\/","name":"Andreas Kremp - Eschringen","isPartOf":{"@id":"https:\/\/eschringen.de\/wordpress\/#website"},"primaryImageOfPage":{"@id":"https:\/\/eschringen.de\/wordpress\/die-menschen\/steckbriefe\/andreas-kremp\/#primaryimage"},"image":{"@id":"https:\/\/eschringen.de\/wordpress\/die-menschen\/steckbriefe\/andreas-kremp\/#primaryimage"},"thumbnailUrl":"https:\/\/eschringen.de\/wordpress\/wp-content\/uploads\/2023\/07\/kremp_adv.jpg","datePublished":"2017-02-03T19:54:56+00:00","dateModified":"2023-07-22T07:37:51+00:00","breadcrumb":{"@id":"https:\/\/eschringen.de\/wordpress\/die-menschen\/steckbriefe\/andreas-kremp\/#breadcrumb"},"inLanguage":"de","potentialAction":[{"@type":"ReadAction","target":["https:\/\/eschringen.de\/wordpress\/die-menschen\/steckbriefe\/andreas-kremp\/"]}]},{"@type":"ImageObject","inLanguage":"de","@id":"https:\/\/eschringen.de\/wordpress\/die-menschen\/steckbriefe\/andreas-kremp\/#primaryimage","url":"https:\/\/i0.wp.com\/eschringen.de\/wordpress\/wp-content\/uploads\/2023\/07\/kremp_adv.jpg?fit=300%2C390&ssl=1","contentUrl":"https:\/\/i0.wp.com\/eschringen.de\/wordpress\/wp-content\/uploads\/2023\/07\/kremp_adv.jpg?fit=300%2C390&ssl=1","width":300,"height":390},{"@type":"BreadcrumbList","@id":"https:\/\/eschringen.de\/wordpress\/die-menschen\/steckbriefe\/andreas-kremp\/#breadcrumb","itemListElement":[{"@type":"ListItem","position":1,"name":"Startseite","item":"https:\/\/eschringen.de\/wordpress\/"},{"@type":"ListItem","position":2,"name":"Die Menschen","item":"https:\/\/eschringen.de\/wordpress\/die-menschen\/"},{"@type":"ListItem","position":3,"name":"Steckbriefe","item":"https:\/\/eschringen.de\/wordpress\/die-menschen\/steckbriefe\/"},{"@type":"ListItem","position":4,"name":"Andreas Kremp"}]},{"@type":"WebSite","@id":"https:\/\/eschringen.de\/wordpress\/#website","url":"https:\/\/eschringen.de\/wordpress\/","name":"Eschringen","description":"","publisher":{"@id":"https:\/\/eschringen.de\/wordpress\/#organization"},"potentialAction":[{"@type":"SearchAction","target":{"@type":"EntryPoint","urlTemplate":"https:\/\/eschringen.de\/wordpress\/?s={search_term_string}"},"query-input":{"@type":"PropertyValueSpecification","valueRequired":true,"valueName":"search_term_string"}}],"inLanguage":"de"},{"@type":"Organization","@id":"https:\/\/eschringen.de\/wordpress\/#organization","name":"Eschringen","url":"https:\/\/eschringen.de\/wordpress\/","logo":{"@type":"ImageObject","inLanguage":"de","@id":"https:\/\/eschringen.de\/wordpress\/#\/schema\/logo\/image\/","url":"https:\/\/eschringen.de\/wordpress\/wp-content\/uploads\/2017\/03\/2017_kw15.jpg","contentUrl":"https:\/\/eschringen.de\/wordpress\/wp-content\/uploads\/2017\/03\/2017_kw15.jpg","width":784,"height":447,"caption":"Eschringen"},"image":{"@id":"https:\/\/eschringen.de\/wordpress\/#\/schema\/logo\/image\/"}}]}},"jetpack_sharing_enabled":true,"_links":{"self":[{"href":"https:\/\/eschringen.de\/wordpress\/wp-json\/wp\/v2\/pages\/222","targetHints":{"allow":["GET"]}}],"collection":[{"href":"https:\/\/eschringen.de\/wordpress\/wp-json\/wp\/v2\/pages"}],"about":[{"href":"https:\/\/eschringen.de\/wordpress\/wp-json\/wp\/v2\/types\/page"}],"author":[{"embeddable":true,"href":"https:\/\/eschringen.de\/wordpress\/wp-json\/wp\/v2\/users\/1"}],"replies":[{"embeddable":true,"href":"https:\/\/eschringen.de\/wordpress\/wp-json\/wp\/v2\/comments?post=222"}],"version-history":[{"count":5,"href":"https:\/\/eschringen.de\/wordpress\/wp-json\/wp\/v2\/pages\/222\/revisions"}],"predecessor-version":[{"id":4289,"href":"https:\/\/eschringen.de\/wordpress\/wp-json\/wp\/v2\/pages\/222\/revisions\/4289"}],"up":[{"embeddable":true,"href":"https:\/\/eschringen.de\/wordpress\/wp-json\/wp\/v2\/pages\/197"}],"wp:attachment":[{"href":"https:\/\/eschringen.de\/wordpress\/wp-json\/wp\/v2\/media?parent=222"}],"curies":[{"name":"wp","href":"https:\/\/api.w.org\/{rel}","templated":true}]}}