{"id":2188,"date":"2019-04-09T08:32:12","date_gmt":"2019-04-09T06:32:12","guid":{"rendered":"https:\/\/eschringen.de\/wordpress\/?page_id=2188"},"modified":"2019-04-09T08:44:33","modified_gmt":"2019-04-09T06:44:33","slug":"17-3-2019-bei-chris-charlie-ging-im-haus-der-vereine-die-post-ab","status":"publish","type":"page","link":"https:\/\/eschringen.de\/wordpress\/geschichte\/archiv\/17-3-2019-bei-chris-charlie-ging-im-haus-der-vereine-die-post-ab\/","title":{"rendered":"17.3.2019: Bei Chris &#038; Charlie ging im Haus der Vereine \u201edie Post ab\u201c!"},"content":{"rendered":"<p><a href=\"https:\/\/i0.wp.com\/eschringen.de\/wordpress\/wp-content\/uploads\/2019\/04\/ChrisNCharlie02.jpg?ssl=1\"><img data-recalc-dims=\"1\" loading=\"lazy\" decoding=\"async\" class=\"alignleft wp-image-2195 size-full\" src=\"https:\/\/i0.wp.com\/eschringen.de\/wordpress\/wp-content\/uploads\/2019\/04\/ChrisNCharlie02-1.jpg?resize=281%2C500&#038;ssl=1\" alt=\"\" width=\"281\" height=\"500\" srcset=\"https:\/\/i0.wp.com\/eschringen.de\/wordpress\/wp-content\/uploads\/2019\/04\/ChrisNCharlie02-1.jpg?w=281&amp;ssl=1 281w, https:\/\/i0.wp.com\/eschringen.de\/wordpress\/wp-content\/uploads\/2019\/04\/ChrisNCharlie02-1.jpg?resize=169%2C300&amp;ssl=1 169w\" sizes=\"auto, (max-width: 281px) 100vw, 281px\" \/><\/a>Letztlich war es \u2013 erwartungsgem\u00e4\u00df \u2013 eine Art \u201eHeimspiel\u201c! Im Rahmen ihrer kleinen Konzertreise im saarl\u00e4ndisch-lothringischen Grenzland gastierten Chris Jagger und sein langj\u00e4hriger Kompagnon Charlie Hart auch in Eschringen. Schon vor \u00fcber elf Jahren hatten sie sich die Ehre gegeben, damals noch im inzwischen legend\u00e4ren Gasthaus \u201eZur Post\u201c, unterst\u00fctzt von Drummer Uli Twelker. Der Gig somit auch passend f\u00fcr das Motto der neuen Reihe \u201ePost reloaded\u201c, die ja im Dezember 2018 mit dem Gastspiel von Julian Dawson er\u00f6ffnet worden war.<\/p>\n<p>Der sog. \u201eMultifunktionsraum\u201c in der ehemaligen Schule bzw. im Dorfgemeinschaftshaus war bis auf den letzten Platz besetzt. Chris Jagger konnte sich noch dunkel an sein Trio-Konzert erinnern, das er 2012 hier gegeben hatte. Al\u00e4x Steinhauser hatte l\u00e4ngst seine Sound- und Lichttechnik installiert; es konnte also endlich losgehen.<\/p>\n<p><a href=\"https:\/\/i0.wp.com\/eschringen.de\/wordpress\/wp-content\/uploads\/2019\/04\/ChrisNCharlie06.jpg?ssl=1\"><img data-recalc-dims=\"1\" loading=\"lazy\" decoding=\"async\" class=\"alignright wp-image-2196 size-full\" src=\"https:\/\/i0.wp.com\/eschringen.de\/wordpress\/wp-content\/uploads\/2019\/04\/ChrisNCharlie06-1.jpg?resize=400%2C300&#038;ssl=1\" alt=\"Eschringen - Konzert Chris Jagger &amp; Charlie Hart\" width=\"400\" height=\"300\" srcset=\"https:\/\/i0.wp.com\/eschringen.de\/wordpress\/wp-content\/uploads\/2019\/04\/ChrisNCharlie06-1.jpg?w=400&amp;ssl=1 400w, https:\/\/i0.wp.com\/eschringen.de\/wordpress\/wp-content\/uploads\/2019\/04\/ChrisNCharlie06-1.jpg?resize=300%2C225&amp;ssl=1 300w\" sizes=\"auto, (max-width: 400px) 100vw, 400px\" \/><\/a>Chris &amp; Charlie starteten mit einem eher ungew\u00f6hnlichen Song, mit \u201eIt&#8217;s Amazing What People Throw Away\u201c \u2013 eine hintersinnige Kritik der Wegwerfgesellschaft, die sich nicht um die \u00f6kologischen Folgen schert. Der Text also mmer noch und gerade jetzt aktueller denn je. Das Live-Repertoire vertraute auf eine abwechslungsreiche Mischung aus Uptempo-Nummern wie z. B. \u201eOn The Road\u201c oder \u201eFire\u201c, auf Cajun-Kracher \u00e0 la \u201eAllons Joujette\u201c \u2013 Louisiana l\u00e4sst gr\u00fc\u00dfen! \u2013 , einf\u00fchlsame Balladen wie z. B. das von Country &amp; Western Music beeinflusste \u201ePrisoner Of Your Heart\u201c, \u201eAngel By My Side\u201c oder \u201eRare Beauty\u201c. Das Gros der Songs waren Eigenkompositionen, doch erwiesen beide dem gemeinsamen Idol Ronnie Lane (Mitbegr\u00fcnder der englischen Band SMALL FACES) ihre Reverenz mit den Klassikern \u201eAnymore For Anymore\u201c und \u201eKuschty Rye\u201c. Charlie Hart, der wie gewohnt auf Fiddle und Akkordeon brillierte, geh\u00f6rte mehrere Jahre zum line-up von Lanes Begleitband SLIM CHANCE, die er vor einigen Jahren reformierte.<\/p>\n<p><a href=\"https:\/\/i0.wp.com\/eschringen.de\/wordpress\/wp-content\/uploads\/2019\/04\/ChrisNCharlie05.jpg?ssl=1\"><img data-recalc-dims=\"1\" loading=\"lazy\" decoding=\"async\" class=\"alignleft wp-image-2197 size-full\" src=\"https:\/\/i0.wp.com\/eschringen.de\/wordpress\/wp-content\/uploads\/2019\/04\/ChrisNCharlie05-1.jpg?resize=500%2C375&#038;ssl=1\" alt=\"Eschringen - Konzert Chris Jagger &amp; Charlie Hart\" width=\"500\" height=\"375\" srcset=\"https:\/\/i0.wp.com\/eschringen.de\/wordpress\/wp-content\/uploads\/2019\/04\/ChrisNCharlie05-1.jpg?w=500&amp;ssl=1 500w, https:\/\/i0.wp.com\/eschringen.de\/wordpress\/wp-content\/uploads\/2019\/04\/ChrisNCharlie05-1.jpg?resize=300%2C225&amp;ssl=1 300w\" sizes=\"auto, (max-width: 500px) 100vw, 500px\" \/><\/a>Dass sich Chris Jaggers Stimme nicht hinter jener seines \u00e4lteren Bruders Mick verstecken muss, belegten viele Interpretationen, besonders das energetische \u201eFunky Man\u201c. Und Jagger konnte vor allem im Schlussteil des tollen Auftritts das Publikum gewinnen und zum Mitsingen animieren: bei \u201eLazy Days\u201c stimmten viele in den Sing-along-Refrain \u201eDoo-doop-doo-doo\u201c ein. Seine humorige Seite zeigte er nicht nur bei seinen Ansagen auf der B\u00fchne, sondern z. B. im \u201eLibido Blues\u201c (= \u201eToo Much Lovin&#8216; Can Kill A Man!\u201c), der nicht ohne Grund auch als \u201eViagra Blues\u201c bekannt ist.<\/p>\n<p>Zum Finale bat Jagger schlie\u00dflich Soundman Al\u00e4x, mit zu jammen. Steinhauser ist in der regionalen Szene als exzellenter Gitarrist bekannt und konnte bei \u201eMy Little Roadrunner\u201c seine solistischen Qualit\u00e4ten bestens unter Beweis stellen. Bei den Zugaben hatte sich das Publikum fast komplett erhoben und beklatsche beide K\u00fcnstler frenetisch: ein Abend, der sicher bei vielen noch in Erinnerung bleiben wird!<\/p>\n","protected":false},"excerpt":{"rendered":"<p>Letztlich war es \u2013 erwartungsgem\u00e4\u00df \u2013 eine Art \u201eHeimspiel\u201c! Im Rahmen ihrer kleinen Konzertreise im saarl\u00e4ndisch-lothringischen Grenzland gastierten Chris Jagger und sein langj\u00e4hriger Kompagnon Charlie Hart auch in Eschringen. Schon vor \u00fcber elf Jahren hatten sie sich die Ehre gegeben, damals noch im inzwischen legend\u00e4ren Gasthaus \u201eZur Post\u201c, unterst\u00fctzt von Drummer Uli Twelker. Der Gig &#8230; <a title=\"17.3.2019: Bei Chris &#038; Charlie ging im Haus der Vereine \u201edie Post ab\u201c!\" class=\"read-more\" href=\"https:\/\/eschringen.de\/wordpress\/geschichte\/archiv\/17-3-2019-bei-chris-charlie-ging-im-haus-der-vereine-die-post-ab\/\" aria-label=\"Mehr Informationen \u00fcber 17.3.2019: Bei Chris &#038; Charlie ging im Haus der Vereine \u201edie Post ab\u201c!\">Weiterlesen &#8230;<\/a><\/p>\n","protected":false},"author":1,"featured_media":0,"parent":403,"menu_order":0,"comment_status":"closed","ping_status":"closed","template":"","meta":{"ngg_post_thumbnail":0,"footnotes":""},"class_list":["post-2188","page","type-page","status-publish"],"yoast_head":"<!-- This site is optimized with the Yoast SEO plugin v27.4 - https:\/\/yoast.com\/product\/yoast-seo-wordpress\/ -->\n<title>17.3.2019: Bei Chris &amp; Charlie ging im Haus der Vereine \u201edie Post ab\u201c! - Eschringen<\/title>\n<meta name=\"robots\" content=\"index, follow, max-snippet:-1, max-image-preview:large, max-video-preview:-1\" \/>\n<link rel=\"canonical\" href=\"https:\/\/eschringen.de\/wordpress\/geschichte\/archiv\/17-3-2019-bei-chris-charlie-ging-im-haus-der-vereine-die-post-ab\/\" \/>\n<meta property=\"og:locale\" content=\"de_DE\" \/>\n<meta property=\"og:type\" content=\"article\" \/>\n<meta property=\"og:title\" content=\"17.3.2019: Bei Chris &amp; Charlie ging im Haus der Vereine \u201edie Post ab\u201c! - Eschringen\" \/>\n<meta property=\"og:description\" content=\"Letztlich war es \u2013 erwartungsgem\u00e4\u00df \u2013 eine Art \u201eHeimspiel\u201c! Im Rahmen ihrer kleinen Konzertreise im saarl\u00e4ndisch-lothringischen Grenzland gastierten Chris Jagger und sein langj\u00e4hriger Kompagnon Charlie Hart auch in Eschringen. Schon vor \u00fcber elf Jahren hatten sie sich die Ehre gegeben, damals noch im inzwischen legend\u00e4ren Gasthaus \u201eZur Post\u201c, unterst\u00fctzt von Drummer Uli Twelker. Der Gig ... Weiterlesen ...\" \/>\n<meta property=\"og:url\" content=\"https:\/\/eschringen.de\/wordpress\/geschichte\/archiv\/17-3-2019-bei-chris-charlie-ging-im-haus-der-vereine-die-post-ab\/\" \/>\n<meta property=\"og:site_name\" content=\"Eschringen\" \/>\n<meta property=\"article:modified_time\" content=\"2019-04-09T06:44:33+00:00\" \/>\n<meta property=\"og:image\" content=\"https:\/\/eschringen.de\/wordpress\/wp-content\/uploads\/2019\/04\/ChrisNCharlie02-1.jpg\" \/>\n<meta name=\"twitter:card\" content=\"summary_large_image\" \/>\n<meta name=\"twitter:label1\" content=\"Gesch\u00e4tzte Lesezeit\" \/>\n\t<meta name=\"twitter:data1\" content=\"2\u00a0Minuten\" \/>\n<script type=\"application\/ld+json\" class=\"yoast-schema-graph\">{\"@context\":\"https:\\\/\\\/schema.org\",\"@graph\":[{\"@type\":\"WebPage\",\"@id\":\"https:\\\/\\\/eschringen.de\\\/wordpress\\\/geschichte\\\/archiv\\\/17-3-2019-bei-chris-charlie-ging-im-haus-der-vereine-die-post-ab\\\/\",\"url\":\"https:\\\/\\\/eschringen.de\\\/wordpress\\\/geschichte\\\/archiv\\\/17-3-2019-bei-chris-charlie-ging-im-haus-der-vereine-die-post-ab\\\/\",\"name\":\"17.3.2019: Bei Chris & Charlie ging im Haus der Vereine \u201edie Post ab\u201c! - Eschringen\",\"isPartOf\":{\"@id\":\"https:\\\/\\\/eschringen.de\\\/wordpress\\\/#website\"},\"primaryImageOfPage\":{\"@id\":\"https:\\\/\\\/eschringen.de\\\/wordpress\\\/geschichte\\\/archiv\\\/17-3-2019-bei-chris-charlie-ging-im-haus-der-vereine-die-post-ab\\\/#primaryimage\"},\"image\":{\"@id\":\"https:\\\/\\\/eschringen.de\\\/wordpress\\\/geschichte\\\/archiv\\\/17-3-2019-bei-chris-charlie-ging-im-haus-der-vereine-die-post-ab\\\/#primaryimage\"},\"thumbnailUrl\":\"https:\\\/\\\/eschringen.de\\\/wordpress\\\/wp-content\\\/uploads\\\/2019\\\/04\\\/ChrisNCharlie02-1.jpg\",\"datePublished\":\"2019-04-09T06:32:12+00:00\",\"dateModified\":\"2019-04-09T06:44:33+00:00\",\"breadcrumb\":{\"@id\":\"https:\\\/\\\/eschringen.de\\\/wordpress\\\/geschichte\\\/archiv\\\/17-3-2019-bei-chris-charlie-ging-im-haus-der-vereine-die-post-ab\\\/#breadcrumb\"},\"inLanguage\":\"de\",\"potentialAction\":[{\"@type\":\"ReadAction\",\"target\":[\"https:\\\/\\\/eschringen.de\\\/wordpress\\\/geschichte\\\/archiv\\\/17-3-2019-bei-chris-charlie-ging-im-haus-der-vereine-die-post-ab\\\/\"]}]},{\"@type\":\"ImageObject\",\"inLanguage\":\"de\",\"@id\":\"https:\\\/\\\/eschringen.de\\\/wordpress\\\/geschichte\\\/archiv\\\/17-3-2019-bei-chris-charlie-ging-im-haus-der-vereine-die-post-ab\\\/#primaryimage\",\"url\":\"https:\\\/\\\/i0.wp.com\\\/eschringen.de\\\/wordpress\\\/wp-content\\\/uploads\\\/2019\\\/04\\\/ChrisNCharlie02-1.jpg?fit=281%2C500&ssl=1\",\"contentUrl\":\"https:\\\/\\\/i0.wp.com\\\/eschringen.de\\\/wordpress\\\/wp-content\\\/uploads\\\/2019\\\/04\\\/ChrisNCharlie02-1.jpg?fit=281%2C500&ssl=1\",\"width\":281,\"height\":500},{\"@type\":\"BreadcrumbList\",\"@id\":\"https:\\\/\\\/eschringen.de\\\/wordpress\\\/geschichte\\\/archiv\\\/17-3-2019-bei-chris-charlie-ging-im-haus-der-vereine-die-post-ab\\\/#breadcrumb\",\"itemListElement\":[{\"@type\":\"ListItem\",\"position\":1,\"name\":\"Startseite\",\"item\":\"https:\\\/\\\/eschringen.de\\\/wordpress\\\/\"},{\"@type\":\"ListItem\",\"position\":2,\"name\":\"Geschichte\",\"item\":\"https:\\\/\\\/eschringen.de\\\/wordpress\\\/geschichte\\\/\"},{\"@type\":\"ListItem\",\"position\":3,\"name\":\"Archiv\",\"item\":\"https:\\\/\\\/eschringen.de\\\/wordpress\\\/geschichte\\\/archiv\\\/\"},{\"@type\":\"ListItem\",\"position\":4,\"name\":\"17.3.2019: Bei Chris &#038; Charlie ging im Haus der Vereine \u201edie Post ab\u201c!\"}]},{\"@type\":\"WebSite\",\"@id\":\"https:\\\/\\\/eschringen.de\\\/wordpress\\\/#website\",\"url\":\"https:\\\/\\\/eschringen.de\\\/wordpress\\\/\",\"name\":\"Eschringen\",\"description\":\"\",\"publisher\":{\"@id\":\"https:\\\/\\\/eschringen.de\\\/wordpress\\\/#organization\"},\"potentialAction\":[{\"@type\":\"SearchAction\",\"target\":{\"@type\":\"EntryPoint\",\"urlTemplate\":\"https:\\\/\\\/eschringen.de\\\/wordpress\\\/?s={search_term_string}\"},\"query-input\":{\"@type\":\"PropertyValueSpecification\",\"valueRequired\":true,\"valueName\":\"search_term_string\"}}],\"inLanguage\":\"de\"},{\"@type\":\"Organization\",\"@id\":\"https:\\\/\\\/eschringen.de\\\/wordpress\\\/#organization\",\"name\":\"Eschringen\",\"url\":\"https:\\\/\\\/eschringen.de\\\/wordpress\\\/\",\"logo\":{\"@type\":\"ImageObject\",\"inLanguage\":\"de\",\"@id\":\"https:\\\/\\\/eschringen.de\\\/wordpress\\\/#\\\/schema\\\/logo\\\/image\\\/\",\"url\":\"https:\\\/\\\/eschringen.de\\\/wordpress\\\/wp-content\\\/uploads\\\/2017\\\/03\\\/2017_kw15.jpg\",\"contentUrl\":\"https:\\\/\\\/eschringen.de\\\/wordpress\\\/wp-content\\\/uploads\\\/2017\\\/03\\\/2017_kw15.jpg\",\"width\":784,\"height\":447,\"caption\":\"Eschringen\"},\"image\":{\"@id\":\"https:\\\/\\\/eschringen.de\\\/wordpress\\\/#\\\/schema\\\/logo\\\/image\\\/\"}}]}<\/script>\n<!-- \/ Yoast SEO plugin. -->","yoast_head_json":{"title":"17.3.2019: Bei Chris & Charlie ging im Haus der Vereine \u201edie Post ab\u201c! - Eschringen","robots":{"index":"index","follow":"follow","max-snippet":"max-snippet:-1","max-image-preview":"max-image-preview:large","max-video-preview":"max-video-preview:-1"},"canonical":"https:\/\/eschringen.de\/wordpress\/geschichte\/archiv\/17-3-2019-bei-chris-charlie-ging-im-haus-der-vereine-die-post-ab\/","og_locale":"de_DE","og_type":"article","og_title":"17.3.2019: Bei Chris & Charlie ging im Haus der Vereine \u201edie Post ab\u201c! - Eschringen","og_description":"Letztlich war es \u2013 erwartungsgem\u00e4\u00df \u2013 eine Art \u201eHeimspiel\u201c! Im Rahmen ihrer kleinen Konzertreise im saarl\u00e4ndisch-lothringischen Grenzland gastierten Chris Jagger und sein langj\u00e4hriger Kompagnon Charlie Hart auch in Eschringen. Schon vor \u00fcber elf Jahren hatten sie sich die Ehre gegeben, damals noch im inzwischen legend\u00e4ren Gasthaus \u201eZur Post\u201c, unterst\u00fctzt von Drummer Uli Twelker. Der Gig ... Weiterlesen ...","og_url":"https:\/\/eschringen.de\/wordpress\/geschichte\/archiv\/17-3-2019-bei-chris-charlie-ging-im-haus-der-vereine-die-post-ab\/","og_site_name":"Eschringen","article_modified_time":"2019-04-09T06:44:33+00:00","og_image":[{"url":"https:\/\/eschringen.de\/wordpress\/wp-content\/uploads\/2019\/04\/ChrisNCharlie02-1.jpg","type":"","width":"","height":""}],"twitter_card":"summary_large_image","twitter_misc":{"Gesch\u00e4tzte Lesezeit":"2\u00a0Minuten"},"schema":{"@context":"https:\/\/schema.org","@graph":[{"@type":"WebPage","@id":"https:\/\/eschringen.de\/wordpress\/geschichte\/archiv\/17-3-2019-bei-chris-charlie-ging-im-haus-der-vereine-die-post-ab\/","url":"https:\/\/eschringen.de\/wordpress\/geschichte\/archiv\/17-3-2019-bei-chris-charlie-ging-im-haus-der-vereine-die-post-ab\/","name":"17.3.2019: Bei Chris & Charlie ging im Haus der Vereine \u201edie Post ab\u201c! - Eschringen","isPartOf":{"@id":"https:\/\/eschringen.de\/wordpress\/#website"},"primaryImageOfPage":{"@id":"https:\/\/eschringen.de\/wordpress\/geschichte\/archiv\/17-3-2019-bei-chris-charlie-ging-im-haus-der-vereine-die-post-ab\/#primaryimage"},"image":{"@id":"https:\/\/eschringen.de\/wordpress\/geschichte\/archiv\/17-3-2019-bei-chris-charlie-ging-im-haus-der-vereine-die-post-ab\/#primaryimage"},"thumbnailUrl":"https:\/\/eschringen.de\/wordpress\/wp-content\/uploads\/2019\/04\/ChrisNCharlie02-1.jpg","datePublished":"2019-04-09T06:32:12+00:00","dateModified":"2019-04-09T06:44:33+00:00","breadcrumb":{"@id":"https:\/\/eschringen.de\/wordpress\/geschichte\/archiv\/17-3-2019-bei-chris-charlie-ging-im-haus-der-vereine-die-post-ab\/#breadcrumb"},"inLanguage":"de","potentialAction":[{"@type":"ReadAction","target":["https:\/\/eschringen.de\/wordpress\/geschichte\/archiv\/17-3-2019-bei-chris-charlie-ging-im-haus-der-vereine-die-post-ab\/"]}]},{"@type":"ImageObject","inLanguage":"de","@id":"https:\/\/eschringen.de\/wordpress\/geschichte\/archiv\/17-3-2019-bei-chris-charlie-ging-im-haus-der-vereine-die-post-ab\/#primaryimage","url":"https:\/\/i0.wp.com\/eschringen.de\/wordpress\/wp-content\/uploads\/2019\/04\/ChrisNCharlie02-1.jpg?fit=281%2C500&ssl=1","contentUrl":"https:\/\/i0.wp.com\/eschringen.de\/wordpress\/wp-content\/uploads\/2019\/04\/ChrisNCharlie02-1.jpg?fit=281%2C500&ssl=1","width":281,"height":500},{"@type":"BreadcrumbList","@id":"https:\/\/eschringen.de\/wordpress\/geschichte\/archiv\/17-3-2019-bei-chris-charlie-ging-im-haus-der-vereine-die-post-ab\/#breadcrumb","itemListElement":[{"@type":"ListItem","position":1,"name":"Startseite","item":"https:\/\/eschringen.de\/wordpress\/"},{"@type":"ListItem","position":2,"name":"Geschichte","item":"https:\/\/eschringen.de\/wordpress\/geschichte\/"},{"@type":"ListItem","position":3,"name":"Archiv","item":"https:\/\/eschringen.de\/wordpress\/geschichte\/archiv\/"},{"@type":"ListItem","position":4,"name":"17.3.2019: Bei Chris &#038; Charlie ging im Haus der Vereine \u201edie Post ab\u201c!"}]},{"@type":"WebSite","@id":"https:\/\/eschringen.de\/wordpress\/#website","url":"https:\/\/eschringen.de\/wordpress\/","name":"Eschringen","description":"","publisher":{"@id":"https:\/\/eschringen.de\/wordpress\/#organization"},"potentialAction":[{"@type":"SearchAction","target":{"@type":"EntryPoint","urlTemplate":"https:\/\/eschringen.de\/wordpress\/?s={search_term_string}"},"query-input":{"@type":"PropertyValueSpecification","valueRequired":true,"valueName":"search_term_string"}}],"inLanguage":"de"},{"@type":"Organization","@id":"https:\/\/eschringen.de\/wordpress\/#organization","name":"Eschringen","url":"https:\/\/eschringen.de\/wordpress\/","logo":{"@type":"ImageObject","inLanguage":"de","@id":"https:\/\/eschringen.de\/wordpress\/#\/schema\/logo\/image\/","url":"https:\/\/eschringen.de\/wordpress\/wp-content\/uploads\/2017\/03\/2017_kw15.jpg","contentUrl":"https:\/\/eschringen.de\/wordpress\/wp-content\/uploads\/2017\/03\/2017_kw15.jpg","width":784,"height":447,"caption":"Eschringen"},"image":{"@id":"https:\/\/eschringen.de\/wordpress\/#\/schema\/logo\/image\/"}}]}},"jetpack_sharing_enabled":true,"_links":{"self":[{"href":"https:\/\/eschringen.de\/wordpress\/wp-json\/wp\/v2\/pages\/2188","targetHints":{"allow":["GET"]}}],"collection":[{"href":"https:\/\/eschringen.de\/wordpress\/wp-json\/wp\/v2\/pages"}],"about":[{"href":"https:\/\/eschringen.de\/wordpress\/wp-json\/wp\/v2\/types\/page"}],"author":[{"embeddable":true,"href":"https:\/\/eschringen.de\/wordpress\/wp-json\/wp\/v2\/users\/1"}],"replies":[{"embeddable":true,"href":"https:\/\/eschringen.de\/wordpress\/wp-json\/wp\/v2\/comments?post=2188"}],"version-history":[{"count":3,"href":"https:\/\/eschringen.de\/wordpress\/wp-json\/wp\/v2\/pages\/2188\/revisions"}],"predecessor-version":[{"id":2200,"href":"https:\/\/eschringen.de\/wordpress\/wp-json\/wp\/v2\/pages\/2188\/revisions\/2200"}],"up":[{"embeddable":true,"href":"https:\/\/eschringen.de\/wordpress\/wp-json\/wp\/v2\/pages\/403"}],"wp:attachment":[{"href":"https:\/\/eschringen.de\/wordpress\/wp-json\/wp\/v2\/media?parent=2188"}],"curies":[{"name":"wp","href":"https:\/\/api.w.org\/{rel}","templated":true}]}}