{"id":215,"date":"2017-02-03T20:42:20","date_gmt":"2017-02-03T19:42:20","guid":{"rendered":"http:\/\/eschringen.de\/wordpress\/?page_id=215"},"modified":"2022-08-20T09:31:47","modified_gmt":"2022-08-20T07:31:47","slug":"gustav-samuel-daniel-bruch","status":"publish","type":"page","link":"https:\/\/eschringen.de\/wordpress\/die-menschen\/steckbriefe\/gustav-samuel-daniel-bruch\/","title":{"rendered":"Gustav Samuel Daniel Bruch"},"content":{"rendered":"\n<h5 class=\"wp-block-heading\"><span style=\"color: #0000ff;\"><strong>Bierbrauer und Politiker<\/strong><\/span><\/h5>\n\n\n<div class=\"wp-block-image\">\n<figure class=\"alignright size-full is-resized\"><a href=\"http:\/\/eschringen.de\/wordpress\/die-menschen\/steckbriefe\/gustav-samuel-daniel-bruch\/bruch\/\" rel=\"attachment wp-att-1199\"><img data-recalc-dims=\"1\" loading=\"lazy\" decoding=\"async\" src=\"https:\/\/i0.wp.com\/eschringen.de\/wordpress\/wp-content\/uploads\/2017\/02\/Bruch.jpg?resize=384%2C512&#038;ssl=1\" alt=\"Gustav Samuel Daniel Bruch\" class=\"wp-image-1199\" width=\"384\" height=\"512\" srcset=\"https:\/\/i0.wp.com\/eschringen.de\/wordpress\/wp-content\/uploads\/2017\/02\/Bruch.jpg?w=768&amp;ssl=1 768w, https:\/\/i0.wp.com\/eschringen.de\/wordpress\/wp-content\/uploads\/2017\/02\/Bruch.jpg?resize=225%2C300&amp;ssl=1 225w\" sizes=\"auto, (max-width: 384px) 100vw, 384px\" \/><\/a><\/figure>\n<\/div>\n\n\n<p>Man mag einwenden, dass Gustav Bruch (1822 &#8211; 1899) kein richtiger Eschringer war, gleichwohl hat er sich regelm\u00e4\u00dfig und auch gerne in unserem Dorf aufgehalten. Er entstammte der bekannten Saarbr\u00fccker Brauerfamilie, die &#8211; vermutlich seit den fr\u00fchen 1840er Jahren &#8211; den Eschringer Hof in der Hauptstra\u00dfe besa\u00df und bewirtschaften lie\u00df. Seine revolution\u00e4re Gesinnung bescherte Bruch manchen \u00c4rger mit der preu\u00dfischen Obrigkeit, insbesondere im Jahre 1848, als er auf dem Brunnen des St. Johanner Marktes eine schwarz-rot-wei\u00dfe Fahne hisste! Sehr praktisch, dass er bei Bedarf Exil im damals bayerischen Grenzort Eschringen finden konnte. Immer wieder kehrte Bruch dann abends im Schutze der Dunkelheit nach Saarbr\u00fccken zur\u00fcck, um in der Brauerei nach dem rechten sehen zu k\u00f6nnen. Als die b\u00fcrgerlichen Revolutionsversuche gescheitert und der &#8222;gesittete&#8220; Alltag wieder eingekehrt war, brauchte er nicht mehr auf sein sicheres Domizil in Eschringen zur\u00fcckzugreifen. Er startete nun eine Bilderbuchkarriere als Politiker auf Kommunal- und Reichsebene. Rund 31 Jahre war Bruch Stadtratsmitglied (1857 &#8211; 1888) in St. Johann, daneben auch Beigeordneter (1870 &#8211; 1887) und im Jahr 1867 sogar Abgeordneter im Reichstag des Norddeutschen Bundes. Eschringen blieb er &#8211; wie \u00fcberhaupt seine ganze Familie &#8211; stets verbunden. Ob er schon wusste, dass auch einer seiner Vorfahren bisweilen in Eschringen weilte, wissen wir nicht. Jedenfalls nahm Johann Thomas Bruch (1560 &#8211; 1627), Probst im Kloster Wadgassen, hin und wieder als Anwalt an Gerichtsverhandlungen in Eschringen teil!<\/p>\n\n\n\n<p><a href=\"http:\/\/eschringen.de\/wordpress\/die-menschen\/steckbriefe\/\">Zur\u00fcck zu den Steckbriefen<\/a><\/p>\n","protected":false},"excerpt":{"rendered":"<p>Bierbrauer und Politiker Man mag einwenden, dass Gustav Bruch (1822 &#8211; 1899) kein richtiger Eschringer war, gleichwohl hat er sich regelm\u00e4\u00dfig und auch gerne in unserem Dorf aufgehalten. Er entstammte der bekannten Saarbr\u00fccker Brauerfamilie, die &#8211; vermutlich seit den fr\u00fchen 1840er Jahren &#8211; den Eschringer Hof in der Hauptstra\u00dfe besa\u00df und bewirtschaften lie\u00df. Seine revolution\u00e4re &#8230; <a title=\"Gustav Samuel Daniel Bruch\" class=\"read-more\" href=\"https:\/\/eschringen.de\/wordpress\/die-menschen\/steckbriefe\/gustav-samuel-daniel-bruch\/\" aria-label=\"Mehr Informationen \u00fcber Gustav Samuel Daniel Bruch\">Weiterlesen &#8230;<\/a><\/p>\n","protected":false},"author":1,"featured_media":0,"parent":197,"menu_order":3,"comment_status":"closed","ping_status":"closed","template":"","meta":{"ngg_post_thumbnail":0,"footnotes":""},"class_list":["post-215","page","type-page","status-publish"],"yoast_head":"<!-- This site is optimized with the Yoast SEO plugin v27.4 - https:\/\/yoast.com\/product\/yoast-seo-wordpress\/ -->\n<title>Gustav Samuel Daniel Bruch - Eschringen<\/title>\n<meta name=\"robots\" content=\"index, follow, max-snippet:-1, max-image-preview:large, max-video-preview:-1\" \/>\n<link rel=\"canonical\" href=\"https:\/\/eschringen.de\/wordpress\/die-menschen\/steckbriefe\/gustav-samuel-daniel-bruch\/\" \/>\n<meta property=\"og:locale\" content=\"de_DE\" \/>\n<meta property=\"og:type\" content=\"article\" \/>\n<meta property=\"og:title\" content=\"Gustav Samuel Daniel Bruch - Eschringen\" \/>\n<meta property=\"og:description\" content=\"Bierbrauer und Politiker Man mag einwenden, dass Gustav Bruch (1822 &#8211; 1899) kein richtiger Eschringer war, gleichwohl hat er sich regelm\u00e4\u00dfig und auch gerne in unserem Dorf aufgehalten. Er entstammte der bekannten Saarbr\u00fccker Brauerfamilie, die &#8211; vermutlich seit den fr\u00fchen 1840er Jahren &#8211; den Eschringer Hof in der Hauptstra\u00dfe besa\u00df und bewirtschaften lie\u00df. Seine revolution\u00e4re ... Weiterlesen ...\" \/>\n<meta property=\"og:url\" content=\"https:\/\/eschringen.de\/wordpress\/die-menschen\/steckbriefe\/gustav-samuel-daniel-bruch\/\" \/>\n<meta property=\"og:site_name\" content=\"Eschringen\" \/>\n<meta property=\"article:modified_time\" content=\"2022-08-20T07:31:47+00:00\" \/>\n<meta property=\"og:image\" content=\"https:\/\/eschringen.de\/wordpress\/wp-content\/uploads\/2017\/02\/Bruch.jpg\" \/>\n<meta name=\"twitter:card\" content=\"summary_large_image\" \/>\n<meta name=\"twitter:label1\" content=\"Gesch\u00e4tzte Lesezeit\" \/>\n\t<meta name=\"twitter:data1\" content=\"2\u00a0Minuten\" \/>\n<script type=\"application\/ld+json\" class=\"yoast-schema-graph\">{\"@context\":\"https:\\\/\\\/schema.org\",\"@graph\":[{\"@type\":\"WebPage\",\"@id\":\"https:\\\/\\\/eschringen.de\\\/wordpress\\\/die-menschen\\\/steckbriefe\\\/gustav-samuel-daniel-bruch\\\/\",\"url\":\"https:\\\/\\\/eschringen.de\\\/wordpress\\\/die-menschen\\\/steckbriefe\\\/gustav-samuel-daniel-bruch\\\/\",\"name\":\"Gustav Samuel Daniel Bruch - Eschringen\",\"isPartOf\":{\"@id\":\"https:\\\/\\\/eschringen.de\\\/wordpress\\\/#website\"},\"primaryImageOfPage\":{\"@id\":\"https:\\\/\\\/eschringen.de\\\/wordpress\\\/die-menschen\\\/steckbriefe\\\/gustav-samuel-daniel-bruch\\\/#primaryimage\"},\"image\":{\"@id\":\"https:\\\/\\\/eschringen.de\\\/wordpress\\\/die-menschen\\\/steckbriefe\\\/gustav-samuel-daniel-bruch\\\/#primaryimage\"},\"thumbnailUrl\":\"https:\\\/\\\/eschringen.de\\\/wordpress\\\/wp-content\\\/uploads\\\/2017\\\/02\\\/Bruch.jpg\",\"datePublished\":\"2017-02-03T19:42:20+00:00\",\"dateModified\":\"2022-08-20T07:31:47+00:00\",\"breadcrumb\":{\"@id\":\"https:\\\/\\\/eschringen.de\\\/wordpress\\\/die-menschen\\\/steckbriefe\\\/gustav-samuel-daniel-bruch\\\/#breadcrumb\"},\"inLanguage\":\"de\",\"potentialAction\":[{\"@type\":\"ReadAction\",\"target\":[\"https:\\\/\\\/eschringen.de\\\/wordpress\\\/die-menschen\\\/steckbriefe\\\/gustav-samuel-daniel-bruch\\\/\"]}]},{\"@type\":\"ImageObject\",\"inLanguage\":\"de\",\"@id\":\"https:\\\/\\\/eschringen.de\\\/wordpress\\\/die-menschen\\\/steckbriefe\\\/gustav-samuel-daniel-bruch\\\/#primaryimage\",\"url\":\"https:\\\/\\\/i0.wp.com\\\/eschringen.de\\\/wordpress\\\/wp-content\\\/uploads\\\/2017\\\/02\\\/Bruch.jpg?fit=768%2C1024&ssl=1\",\"contentUrl\":\"https:\\\/\\\/i0.wp.com\\\/eschringen.de\\\/wordpress\\\/wp-content\\\/uploads\\\/2017\\\/02\\\/Bruch.jpg?fit=768%2C1024&ssl=1\",\"width\":768,\"height\":1024,\"caption\":\"Gustav Samuel Daniel Bruch\"},{\"@type\":\"BreadcrumbList\",\"@id\":\"https:\\\/\\\/eschringen.de\\\/wordpress\\\/die-menschen\\\/steckbriefe\\\/gustav-samuel-daniel-bruch\\\/#breadcrumb\",\"itemListElement\":[{\"@type\":\"ListItem\",\"position\":1,\"name\":\"Startseite\",\"item\":\"https:\\\/\\\/eschringen.de\\\/wordpress\\\/\"},{\"@type\":\"ListItem\",\"position\":2,\"name\":\"Die Menschen\",\"item\":\"https:\\\/\\\/eschringen.de\\\/wordpress\\\/die-menschen\\\/\"},{\"@type\":\"ListItem\",\"position\":3,\"name\":\"Steckbriefe\",\"item\":\"https:\\\/\\\/eschringen.de\\\/wordpress\\\/die-menschen\\\/steckbriefe\\\/\"},{\"@type\":\"ListItem\",\"position\":4,\"name\":\"Gustav Samuel Daniel Bruch\"}]},{\"@type\":\"WebSite\",\"@id\":\"https:\\\/\\\/eschringen.de\\\/wordpress\\\/#website\",\"url\":\"https:\\\/\\\/eschringen.de\\\/wordpress\\\/\",\"name\":\"Eschringen\",\"description\":\"\",\"publisher\":{\"@id\":\"https:\\\/\\\/eschringen.de\\\/wordpress\\\/#organization\"},\"potentialAction\":[{\"@type\":\"SearchAction\",\"target\":{\"@type\":\"EntryPoint\",\"urlTemplate\":\"https:\\\/\\\/eschringen.de\\\/wordpress\\\/?s={search_term_string}\"},\"query-input\":{\"@type\":\"PropertyValueSpecification\",\"valueRequired\":true,\"valueName\":\"search_term_string\"}}],\"inLanguage\":\"de\"},{\"@type\":\"Organization\",\"@id\":\"https:\\\/\\\/eschringen.de\\\/wordpress\\\/#organization\",\"name\":\"Eschringen\",\"url\":\"https:\\\/\\\/eschringen.de\\\/wordpress\\\/\",\"logo\":{\"@type\":\"ImageObject\",\"inLanguage\":\"de\",\"@id\":\"https:\\\/\\\/eschringen.de\\\/wordpress\\\/#\\\/schema\\\/logo\\\/image\\\/\",\"url\":\"https:\\\/\\\/eschringen.de\\\/wordpress\\\/wp-content\\\/uploads\\\/2017\\\/03\\\/2017_kw15.jpg\",\"contentUrl\":\"https:\\\/\\\/eschringen.de\\\/wordpress\\\/wp-content\\\/uploads\\\/2017\\\/03\\\/2017_kw15.jpg\",\"width\":784,\"height\":447,\"caption\":\"Eschringen\"},\"image\":{\"@id\":\"https:\\\/\\\/eschringen.de\\\/wordpress\\\/#\\\/schema\\\/logo\\\/image\\\/\"}}]}<\/script>\n<!-- \/ Yoast SEO plugin. -->","yoast_head_json":{"title":"Gustav Samuel Daniel Bruch - Eschringen","robots":{"index":"index","follow":"follow","max-snippet":"max-snippet:-1","max-image-preview":"max-image-preview:large","max-video-preview":"max-video-preview:-1"},"canonical":"https:\/\/eschringen.de\/wordpress\/die-menschen\/steckbriefe\/gustav-samuel-daniel-bruch\/","og_locale":"de_DE","og_type":"article","og_title":"Gustav Samuel Daniel Bruch - Eschringen","og_description":"Bierbrauer und Politiker Man mag einwenden, dass Gustav Bruch (1822 &#8211; 1899) kein richtiger Eschringer war, gleichwohl hat er sich regelm\u00e4\u00dfig und auch gerne in unserem Dorf aufgehalten. Er entstammte der bekannten Saarbr\u00fccker Brauerfamilie, die &#8211; vermutlich seit den fr\u00fchen 1840er Jahren &#8211; den Eschringer Hof in der Hauptstra\u00dfe besa\u00df und bewirtschaften lie\u00df. Seine revolution\u00e4re ... Weiterlesen ...","og_url":"https:\/\/eschringen.de\/wordpress\/die-menschen\/steckbriefe\/gustav-samuel-daniel-bruch\/","og_site_name":"Eschringen","article_modified_time":"2022-08-20T07:31:47+00:00","og_image":[{"url":"https:\/\/eschringen.de\/wordpress\/wp-content\/uploads\/2017\/02\/Bruch.jpg","type":"","width":"","height":""}],"twitter_card":"summary_large_image","twitter_misc":{"Gesch\u00e4tzte Lesezeit":"2\u00a0Minuten"},"schema":{"@context":"https:\/\/schema.org","@graph":[{"@type":"WebPage","@id":"https:\/\/eschringen.de\/wordpress\/die-menschen\/steckbriefe\/gustav-samuel-daniel-bruch\/","url":"https:\/\/eschringen.de\/wordpress\/die-menschen\/steckbriefe\/gustav-samuel-daniel-bruch\/","name":"Gustav Samuel Daniel Bruch - Eschringen","isPartOf":{"@id":"https:\/\/eschringen.de\/wordpress\/#website"},"primaryImageOfPage":{"@id":"https:\/\/eschringen.de\/wordpress\/die-menschen\/steckbriefe\/gustav-samuel-daniel-bruch\/#primaryimage"},"image":{"@id":"https:\/\/eschringen.de\/wordpress\/die-menschen\/steckbriefe\/gustav-samuel-daniel-bruch\/#primaryimage"},"thumbnailUrl":"https:\/\/eschringen.de\/wordpress\/wp-content\/uploads\/2017\/02\/Bruch.jpg","datePublished":"2017-02-03T19:42:20+00:00","dateModified":"2022-08-20T07:31:47+00:00","breadcrumb":{"@id":"https:\/\/eschringen.de\/wordpress\/die-menschen\/steckbriefe\/gustav-samuel-daniel-bruch\/#breadcrumb"},"inLanguage":"de","potentialAction":[{"@type":"ReadAction","target":["https:\/\/eschringen.de\/wordpress\/die-menschen\/steckbriefe\/gustav-samuel-daniel-bruch\/"]}]},{"@type":"ImageObject","inLanguage":"de","@id":"https:\/\/eschringen.de\/wordpress\/die-menschen\/steckbriefe\/gustav-samuel-daniel-bruch\/#primaryimage","url":"https:\/\/i0.wp.com\/eschringen.de\/wordpress\/wp-content\/uploads\/2017\/02\/Bruch.jpg?fit=768%2C1024&ssl=1","contentUrl":"https:\/\/i0.wp.com\/eschringen.de\/wordpress\/wp-content\/uploads\/2017\/02\/Bruch.jpg?fit=768%2C1024&ssl=1","width":768,"height":1024,"caption":"Gustav Samuel Daniel Bruch"},{"@type":"BreadcrumbList","@id":"https:\/\/eschringen.de\/wordpress\/die-menschen\/steckbriefe\/gustav-samuel-daniel-bruch\/#breadcrumb","itemListElement":[{"@type":"ListItem","position":1,"name":"Startseite","item":"https:\/\/eschringen.de\/wordpress\/"},{"@type":"ListItem","position":2,"name":"Die Menschen","item":"https:\/\/eschringen.de\/wordpress\/die-menschen\/"},{"@type":"ListItem","position":3,"name":"Steckbriefe","item":"https:\/\/eschringen.de\/wordpress\/die-menschen\/steckbriefe\/"},{"@type":"ListItem","position":4,"name":"Gustav Samuel Daniel Bruch"}]},{"@type":"WebSite","@id":"https:\/\/eschringen.de\/wordpress\/#website","url":"https:\/\/eschringen.de\/wordpress\/","name":"Eschringen","description":"","publisher":{"@id":"https:\/\/eschringen.de\/wordpress\/#organization"},"potentialAction":[{"@type":"SearchAction","target":{"@type":"EntryPoint","urlTemplate":"https:\/\/eschringen.de\/wordpress\/?s={search_term_string}"},"query-input":{"@type":"PropertyValueSpecification","valueRequired":true,"valueName":"search_term_string"}}],"inLanguage":"de"},{"@type":"Organization","@id":"https:\/\/eschringen.de\/wordpress\/#organization","name":"Eschringen","url":"https:\/\/eschringen.de\/wordpress\/","logo":{"@type":"ImageObject","inLanguage":"de","@id":"https:\/\/eschringen.de\/wordpress\/#\/schema\/logo\/image\/","url":"https:\/\/eschringen.de\/wordpress\/wp-content\/uploads\/2017\/03\/2017_kw15.jpg","contentUrl":"https:\/\/eschringen.de\/wordpress\/wp-content\/uploads\/2017\/03\/2017_kw15.jpg","width":784,"height":447,"caption":"Eschringen"},"image":{"@id":"https:\/\/eschringen.de\/wordpress\/#\/schema\/logo\/image\/"}}]}},"jetpack_sharing_enabled":true,"_links":{"self":[{"href":"https:\/\/eschringen.de\/wordpress\/wp-json\/wp\/v2\/pages\/215","targetHints":{"allow":["GET"]}}],"collection":[{"href":"https:\/\/eschringen.de\/wordpress\/wp-json\/wp\/v2\/pages"}],"about":[{"href":"https:\/\/eschringen.de\/wordpress\/wp-json\/wp\/v2\/types\/page"}],"author":[{"embeddable":true,"href":"https:\/\/eschringen.de\/wordpress\/wp-json\/wp\/v2\/users\/1"}],"replies":[{"embeddable":true,"href":"https:\/\/eschringen.de\/wordpress\/wp-json\/wp\/v2\/comments?post=215"}],"version-history":[{"count":5,"href":"https:\/\/eschringen.de\/wordpress\/wp-json\/wp\/v2\/pages\/215\/revisions"}],"predecessor-version":[{"id":3699,"href":"https:\/\/eschringen.de\/wordpress\/wp-json\/wp\/v2\/pages\/215\/revisions\/3699"}],"up":[{"embeddable":true,"href":"https:\/\/eschringen.de\/wordpress\/wp-json\/wp\/v2\/pages\/197"}],"wp:attachment":[{"href":"https:\/\/eschringen.de\/wordpress\/wp-json\/wp\/v2\/media?parent=215"}],"curies":[{"name":"wp","href":"https:\/\/api.w.org\/{rel}","templated":true}]}}