{"id":1970,"date":"2018-09-12T16:14:47","date_gmt":"2018-09-12T14:14:47","guid":{"rendered":"https:\/\/eschringen.de\/wordpress\/?page_id=1970"},"modified":"2018-09-13T08:33:18","modified_gmt":"2018-09-13T06:33:18","slug":"02-09-ein-grauer-himmel-kann-uns-die-laune-nicht-verderben","status":"publish","type":"page","link":"https:\/\/eschringen.de\/wordpress\/geschichte\/archiv\/02-09-ein-grauer-himmel-kann-uns-die-laune-nicht-verderben\/","title":{"rendered":"02.09: Ein grauer Himmel kann uns die Laune nicht verderben!"},"content":{"rendered":"<p><strong>6. Dorfgemeinschaftsfest wieder ein voller Erfolg<\/strong><\/p>\n<p>Am Vortag schien beim Aufbau der Zelte und St\u00e4nde noch die Sonne, und am eigentlichen Festtag \u2013 beim traditionellen Fr\u00fchschoppen, wieder kompetent und schwungvoll vom Musikverein \u201eLyra\u201c Eschringen gestaltet, \u2013 erhob sich \u00fcber dem Eschringer Festplatz ein blauer, mit freundlichen Wolken versetzter Himmel. Doch leider tr\u00fcbte es sich zum Mittag hin ein. Und die folgenden Stunden blieb es weitgehend grau \u2013 was aber die allgemein positive Stimmung nicht wirklich beeintr\u00e4chtigen konnte. AG-Vorsitzender Arno Schmitt freute sich, dass Oberb\u00fcrgermeisterin Charlotte Britz den Weg nach Eschringen gefunden hatte; auch Bezirksb\u00fcrgermeister Daniel Bollig und Pfarrer i. R. Fridolin Flieger z\u00e4hlten zu den Ehreng\u00e4sten.<\/p>\n<p><a href=\"https:\/\/i0.wp.com\/eschringen.de\/wordpress\/wp-content\/uploads\/2018\/09\/ob.jpg?ssl=1\"><img data-recalc-dims=\"1\" loading=\"lazy\" decoding=\"async\" class=\"size-full wp-image-1973 alignleft\" src=\"https:\/\/i0.wp.com\/eschringen.de\/wordpress\/wp-content\/uploads\/2018\/09\/ob.jpg?resize=450%2C333&#038;ssl=1\" alt=\"\" width=\"450\" height=\"333\" srcset=\"https:\/\/i0.wp.com\/eschringen.de\/wordpress\/wp-content\/uploads\/2018\/09\/ob.jpg?w=450&amp;ssl=1 450w, https:\/\/i0.wp.com\/eschringen.de\/wordpress\/wp-content\/uploads\/2018\/09\/ob.jpg?resize=300%2C222&amp;ssl=1 300w\" sizes=\"auto, (max-width: 450px) 100vw, 450px\" \/><\/a>Die in der AG Eschringer Vereine e. V. versammelten Vereine hatten zeitig ihre St\u00e4nde besetzt: die NABU-Ortsgruppe Eschringen-Ensheim servierte ab dem Mittag die beiden Hauptgerichte, Gef\u00fcllte sowie Rollbraten, der von der CDU-Ortsgruppe und dem MV \u201eLyra\u201c betreute Rost- und Currywurst-Stand war bis in die Abendstunden gefordert, ebenso der von der Freiwilligen Feuerwehr besetzte Bier- &amp; Getr\u00e4nkestand. \u00dcberdurchschnittlich gute Ums\u00e4tze konnte der VdK-Weinstand verbuchen. Etliche BesucherInnen zogen angesichts eher lauer Temperaturen s\u00fcffige Weine dem k\u00fchlen Gerstensaft vor. Ein neu aufgestelltes Team k\u00fcmmerte sich vorbildlich um die Kaffee- und Kuchentheke; ein gro\u00dfer Dank geht diesbez\u00fcglich an die zahlreichen B\u00e4ckerInnen, die \u00fcber 30 Kuchen und Torten gespendet hatten! Eher im Hintergrund, aber unverzichtbar, best\u00fcckte ein TuS-Team die Sp\u00fclmaschine.<\/p>\n<p><a href=\"https:\/\/i0.wp.com\/eschringen.de\/wordpress\/wp-content\/uploads\/2018\/09\/jacques.jpg?ssl=1\"><img data-recalc-dims=\"1\" loading=\"lazy\" decoding=\"async\" class=\"size-full wp-image-1975 alignright\" src=\"https:\/\/i0.wp.com\/eschringen.de\/wordpress\/wp-content\/uploads\/2018\/09\/jacques.jpg?resize=344%2C450&#038;ssl=1\" alt=\"\" width=\"344\" height=\"450\" srcset=\"https:\/\/i0.wp.com\/eschringen.de\/wordpress\/wp-content\/uploads\/2018\/09\/jacques.jpg?w=344&amp;ssl=1 344w, https:\/\/i0.wp.com\/eschringen.de\/wordpress\/wp-content\/uploads\/2018\/09\/jacques.jpg?resize=229%2C300&amp;ssl=1 229w\" sizes=\"auto, (max-width: 344px) 100vw, 344px\" \/><\/a>Am Nachmittag startete dann das weitere kulturelle Programm. Die Eschringer Geschichtswerkstatt\/VHS Halberg hatte anl\u00e4sslich ihres 25-j\u00e4hrigen Bestehens den Comedian und Kabarettisten Detlev Sch\u00f6nauer alias Jacques Bistro f\u00fcr einen Auftritt der besonderen Art verpflichtet. Der liebenswerte Mann mit der Baskenm\u00fctze kannte sich offenkundig mit der regionalen und lokalen Geschichte bestens aus, vergn\u00fcgte das aufmerksam lauschende Publikum mit witzigen und hintergr\u00fcndigen Geschichten und Anekdoten, scheute sich nicht, auch das f\u00fcr Nachbard\u00f6rfer typische Konkurrenzverh\u00e4ltnis am Beispiel Ensheim \u2013 Eschringen auf die Schippe zu nehmen.<\/p>\n<p><a href=\"https:\/\/i0.wp.com\/eschringen.de\/wordpress\/wp-content\/uploads\/2018\/09\/duo.jpg?ssl=1\"><img data-recalc-dims=\"1\" loading=\"lazy\" decoding=\"async\" class=\"alignleft size-full wp-image-1976\" src=\"https:\/\/i0.wp.com\/eschringen.de\/wordpress\/wp-content\/uploads\/2018\/09\/duo.jpg?resize=450%2C338&#038;ssl=1\" alt=\"\" width=\"450\" height=\"338\" srcset=\"https:\/\/i0.wp.com\/eschringen.de\/wordpress\/wp-content\/uploads\/2018\/09\/duo.jpg?w=450&amp;ssl=1 450w, https:\/\/i0.wp.com\/eschringen.de\/wordpress\/wp-content\/uploads\/2018\/09\/duo.jpg?resize=300%2C225&amp;ssl=1 300w\" sizes=\"auto, (max-width: 450px) 100vw, 450px\" \/><\/a>Einen flie\u00dfenden \u00dcbergang gab es dann zum Duo Franz Raab &amp; Ricardo Angel-Peters. Raab, der als virtuoser Gitarrist und S\u00e4nger bereits 2016 beim Dorfgemeinschaftsfest f\u00fcr Furore gesorgt hatte,&nbsp; wurde nunmehr durch einen rundum humorigen Kompagnon erg\u00e4nzt: einen exquisiten Saxophonisten und S\u00e4nger, der auf sensationelle Weise Peter Maffay in seiner typischen Art singen lie\u00df. Nach dem Motto \u201eAugen zu und durch\u201c intonierten die beiden fast die ganze Maffay&#8217;sche Hitpalette: von \u201eDu\u201c \u00fcber \u201eJosie\u201c bis hin zu \u201eUnd es war Sommer\u201c und \u201e\u00dcber sieben Br\u00fccken musst Du gehen\u201c. Sie unterhielten das geneigte Publikum aber auch mit Instrumentalklassikern wie z. B. \u201eApache\u201c oder SANTANAs \u201eEuropa\u201c. Zum Ausklang ihres makellosen Auftritts lie\u00dfen es Raab und Angel-Peters etwas h\u00e4rter angehen, was vor allem die j\u00fcngeren bzw. \u201emittelalterlichen\u201c G\u00e4ste erfreut haben d\u00fcrfte. Da erklangen u. a. Hardrock-Gassenhauer wie \u201eHighway To Hell\u201c, \u201eStairway To Heaven\u201c oder \u201eSmoke On The Water. Da begeisterten Raab als Sologitarrist und Angel-Peters als fulminante Rockr\u00f6hre!<\/p>\n<p><a href=\"https:\/\/i0.wp.com\/eschringen.de\/wordpress\/wp-content\/uploads\/2018\/09\/platz.jpg?ssl=1\"><img data-recalc-dims=\"1\" loading=\"lazy\" decoding=\"async\" class=\"size-full wp-image-1974 alignright\" src=\"https:\/\/i0.wp.com\/eschringen.de\/wordpress\/wp-content\/uploads\/2018\/09\/platz.jpg?resize=450%2C338&#038;ssl=1\" alt=\"\" width=\"450\" height=\"338\" srcset=\"https:\/\/i0.wp.com\/eschringen.de\/wordpress\/wp-content\/uploads\/2018\/09\/platz.jpg?w=450&amp;ssl=1 450w, https:\/\/i0.wp.com\/eschringen.de\/wordpress\/wp-content\/uploads\/2018\/09\/platz.jpg?resize=300%2C225&amp;ssl=1 300w\" sizes=\"auto, (max-width: 450px) 100vw, 450px\" \/><\/a>Der Jahreszeit angemessen dunkelte sich der Festplatz nach und nach ein, und es wurde auch merklich k\u00fchler. Ein durch und durch gelungenes Fest im Zeichen der Dorfgemeinschaft ging langsam zu Ende. AG-Vorsitzender Arno Schmitt zollte den Aktiven der einheimischen Vereine zum Abschluss ein gro\u00dfes Lob, w\u00fcrdigte auch das Engagement vieler ehrenamtlicher HelferInnen, die z. B. bei der Kaffee- und Kuchentheke oder dem Flammkuchenstand die altbew\u00e4hrten Kr\u00e4fte ersetzten bzw. erg\u00e4nzten. Toll, dass vor allem Neub\u00fcrgerInnen sich ohne gr\u00f6\u00dfere \u201eBer\u00fchrungs\u00e4ngste\u201c in die jeweiligen Teams integriert hatten!<\/p>\n<p>Dieses solidarische Erlebnis kam auch am Montag, dem Tag des Abbaus, zum Tragen. Da hatte es n\u00e4mlich im Vorfeld Bedenken gegeben, ob es gen\u00fcgend HelferInnen g\u00e4be, die tatkr\u00e4ftig mitwirken w\u00fcrden. Und: Es gab sie in ausreichender Besetzung. Also, auf ein Wiedersehen 2020!&nbsp;<\/p>\n<p>(rs)<\/p>\n<p>&nbsp;<\/p>\n<p>&nbsp;<\/p>\n<p>&nbsp;<\/p>\n","protected":false},"excerpt":{"rendered":"<p>6. Dorfgemeinschaftsfest wieder ein voller Erfolg Am Vortag schien beim Aufbau der Zelte und St\u00e4nde noch die Sonne, und am eigentlichen Festtag \u2013 beim traditionellen Fr\u00fchschoppen, wieder kompetent und schwungvoll vom Musikverein \u201eLyra\u201c Eschringen gestaltet, \u2013 erhob sich \u00fcber dem Eschringer Festplatz ein blauer, mit freundlichen Wolken versetzter Himmel. Doch leider tr\u00fcbte es sich zum &#8230; <a title=\"02.09: Ein grauer Himmel kann uns die Laune nicht verderben!\" class=\"read-more\" href=\"https:\/\/eschringen.de\/wordpress\/geschichte\/archiv\/02-09-ein-grauer-himmel-kann-uns-die-laune-nicht-verderben\/\" aria-label=\"Mehr Informationen \u00fcber 02.09: Ein grauer Himmel kann uns die Laune nicht verderben!\">Weiterlesen &#8230;<\/a><\/p>\n","protected":false},"author":1,"featured_media":0,"parent":403,"menu_order":0,"comment_status":"closed","ping_status":"closed","template":"","meta":{"ngg_post_thumbnail":0,"footnotes":""},"class_list":["post-1970","page","type-page","status-publish"],"yoast_head":"<!-- This site is optimized with the Yoast SEO plugin v27.3 - https:\/\/yoast.com\/product\/yoast-seo-wordpress\/ -->\n<title>02.09: Ein grauer Himmel kann uns die Laune nicht verderben! - Eschringen<\/title>\n<meta name=\"robots\" content=\"index, follow, max-snippet:-1, max-image-preview:large, max-video-preview:-1\" \/>\n<link rel=\"canonical\" href=\"https:\/\/eschringen.de\/wordpress\/geschichte\/archiv\/02-09-ein-grauer-himmel-kann-uns-die-laune-nicht-verderben\/\" \/>\n<meta property=\"og:locale\" content=\"de_DE\" \/>\n<meta property=\"og:type\" content=\"article\" \/>\n<meta property=\"og:title\" content=\"02.09: Ein grauer Himmel kann uns die Laune nicht verderben! - Eschringen\" \/>\n<meta property=\"og:description\" content=\"6. Dorfgemeinschaftsfest wieder ein voller Erfolg Am Vortag schien beim Aufbau der Zelte und St\u00e4nde noch die Sonne, und am eigentlichen Festtag \u2013 beim traditionellen Fr\u00fchschoppen, wieder kompetent und schwungvoll vom Musikverein \u201eLyra\u201c Eschringen gestaltet, \u2013 erhob sich \u00fcber dem Eschringer Festplatz ein blauer, mit freundlichen Wolken versetzter Himmel. Doch leider tr\u00fcbte es sich zum ... Weiterlesen ...\" \/>\n<meta property=\"og:url\" content=\"https:\/\/eschringen.de\/wordpress\/geschichte\/archiv\/02-09-ein-grauer-himmel-kann-uns-die-laune-nicht-verderben\/\" \/>\n<meta property=\"og:site_name\" content=\"Eschringen\" \/>\n<meta property=\"article:modified_time\" content=\"2018-09-13T06:33:18+00:00\" \/>\n<meta property=\"og:image\" content=\"https:\/\/eschringen.de\/wordpress\/wp-content\/uploads\/2018\/09\/ob.jpg\" \/>\n<meta name=\"twitter:card\" content=\"summary_large_image\" \/>\n<meta name=\"twitter:label1\" content=\"Gesch\u00e4tzte Lesezeit\" \/>\n\t<meta name=\"twitter:data1\" content=\"3\u00a0Minuten\" \/>\n<script type=\"application\/ld+json\" class=\"yoast-schema-graph\">{\"@context\":\"https:\\\/\\\/schema.org\",\"@graph\":[{\"@type\":\"WebPage\",\"@id\":\"https:\\\/\\\/eschringen.de\\\/wordpress\\\/geschichte\\\/archiv\\\/02-09-ein-grauer-himmel-kann-uns-die-laune-nicht-verderben\\\/\",\"url\":\"https:\\\/\\\/eschringen.de\\\/wordpress\\\/geschichte\\\/archiv\\\/02-09-ein-grauer-himmel-kann-uns-die-laune-nicht-verderben\\\/\",\"name\":\"02.09: Ein grauer Himmel kann uns die Laune nicht verderben! - Eschringen\",\"isPartOf\":{\"@id\":\"https:\\\/\\\/eschringen.de\\\/wordpress\\\/#website\"},\"primaryImageOfPage\":{\"@id\":\"https:\\\/\\\/eschringen.de\\\/wordpress\\\/geschichte\\\/archiv\\\/02-09-ein-grauer-himmel-kann-uns-die-laune-nicht-verderben\\\/#primaryimage\"},\"image\":{\"@id\":\"https:\\\/\\\/eschringen.de\\\/wordpress\\\/geschichte\\\/archiv\\\/02-09-ein-grauer-himmel-kann-uns-die-laune-nicht-verderben\\\/#primaryimage\"},\"thumbnailUrl\":\"https:\\\/\\\/eschringen.de\\\/wordpress\\\/wp-content\\\/uploads\\\/2018\\\/09\\\/ob.jpg\",\"datePublished\":\"2018-09-12T14:14:47+00:00\",\"dateModified\":\"2018-09-13T06:33:18+00:00\",\"breadcrumb\":{\"@id\":\"https:\\\/\\\/eschringen.de\\\/wordpress\\\/geschichte\\\/archiv\\\/02-09-ein-grauer-himmel-kann-uns-die-laune-nicht-verderben\\\/#breadcrumb\"},\"inLanguage\":\"de\",\"potentialAction\":[{\"@type\":\"ReadAction\",\"target\":[\"https:\\\/\\\/eschringen.de\\\/wordpress\\\/geschichte\\\/archiv\\\/02-09-ein-grauer-himmel-kann-uns-die-laune-nicht-verderben\\\/\"]}]},{\"@type\":\"ImageObject\",\"inLanguage\":\"de\",\"@id\":\"https:\\\/\\\/eschringen.de\\\/wordpress\\\/geschichte\\\/archiv\\\/02-09-ein-grauer-himmel-kann-uns-die-laune-nicht-verderben\\\/#primaryimage\",\"url\":\"https:\\\/\\\/i0.wp.com\\\/eschringen.de\\\/wordpress\\\/wp-content\\\/uploads\\\/2018\\\/09\\\/ob.jpg?fit=450%2C333&ssl=1\",\"contentUrl\":\"https:\\\/\\\/i0.wp.com\\\/eschringen.de\\\/wordpress\\\/wp-content\\\/uploads\\\/2018\\\/09\\\/ob.jpg?fit=450%2C333&ssl=1\",\"width\":450,\"height\":333},{\"@type\":\"BreadcrumbList\",\"@id\":\"https:\\\/\\\/eschringen.de\\\/wordpress\\\/geschichte\\\/archiv\\\/02-09-ein-grauer-himmel-kann-uns-die-laune-nicht-verderben\\\/#breadcrumb\",\"itemListElement\":[{\"@type\":\"ListItem\",\"position\":1,\"name\":\"Startseite\",\"item\":\"https:\\\/\\\/eschringen.de\\\/wordpress\\\/\"},{\"@type\":\"ListItem\",\"position\":2,\"name\":\"Geschichte\",\"item\":\"https:\\\/\\\/eschringen.de\\\/wordpress\\\/geschichte\\\/\"},{\"@type\":\"ListItem\",\"position\":3,\"name\":\"Archiv\",\"item\":\"https:\\\/\\\/eschringen.de\\\/wordpress\\\/geschichte\\\/archiv\\\/\"},{\"@type\":\"ListItem\",\"position\":4,\"name\":\"02.09: Ein grauer Himmel kann uns die Laune nicht verderben!\"}]},{\"@type\":\"WebSite\",\"@id\":\"https:\\\/\\\/eschringen.de\\\/wordpress\\\/#website\",\"url\":\"https:\\\/\\\/eschringen.de\\\/wordpress\\\/\",\"name\":\"Eschringen\",\"description\":\"\",\"publisher\":{\"@id\":\"https:\\\/\\\/eschringen.de\\\/wordpress\\\/#organization\"},\"potentialAction\":[{\"@type\":\"SearchAction\",\"target\":{\"@type\":\"EntryPoint\",\"urlTemplate\":\"https:\\\/\\\/eschringen.de\\\/wordpress\\\/?s={search_term_string}\"},\"query-input\":{\"@type\":\"PropertyValueSpecification\",\"valueRequired\":true,\"valueName\":\"search_term_string\"}}],\"inLanguage\":\"de\"},{\"@type\":\"Organization\",\"@id\":\"https:\\\/\\\/eschringen.de\\\/wordpress\\\/#organization\",\"name\":\"Eschringen\",\"url\":\"https:\\\/\\\/eschringen.de\\\/wordpress\\\/\",\"logo\":{\"@type\":\"ImageObject\",\"inLanguage\":\"de\",\"@id\":\"https:\\\/\\\/eschringen.de\\\/wordpress\\\/#\\\/schema\\\/logo\\\/image\\\/\",\"url\":\"https:\\\/\\\/eschringen.de\\\/wordpress\\\/wp-content\\\/uploads\\\/2017\\\/03\\\/2017_kw15.jpg\",\"contentUrl\":\"https:\\\/\\\/eschringen.de\\\/wordpress\\\/wp-content\\\/uploads\\\/2017\\\/03\\\/2017_kw15.jpg\",\"width\":784,\"height\":447,\"caption\":\"Eschringen\"},\"image\":{\"@id\":\"https:\\\/\\\/eschringen.de\\\/wordpress\\\/#\\\/schema\\\/logo\\\/image\\\/\"}}]}<\/script>\n<!-- \/ Yoast SEO plugin. -->","yoast_head_json":{"title":"02.09: Ein grauer Himmel kann uns die Laune nicht verderben! - Eschringen","robots":{"index":"index","follow":"follow","max-snippet":"max-snippet:-1","max-image-preview":"max-image-preview:large","max-video-preview":"max-video-preview:-1"},"canonical":"https:\/\/eschringen.de\/wordpress\/geschichte\/archiv\/02-09-ein-grauer-himmel-kann-uns-die-laune-nicht-verderben\/","og_locale":"de_DE","og_type":"article","og_title":"02.09: Ein grauer Himmel kann uns die Laune nicht verderben! - Eschringen","og_description":"6. Dorfgemeinschaftsfest wieder ein voller Erfolg Am Vortag schien beim Aufbau der Zelte und St\u00e4nde noch die Sonne, und am eigentlichen Festtag \u2013 beim traditionellen Fr\u00fchschoppen, wieder kompetent und schwungvoll vom Musikverein \u201eLyra\u201c Eschringen gestaltet, \u2013 erhob sich \u00fcber dem Eschringer Festplatz ein blauer, mit freundlichen Wolken versetzter Himmel. Doch leider tr\u00fcbte es sich zum ... Weiterlesen ...","og_url":"https:\/\/eschringen.de\/wordpress\/geschichte\/archiv\/02-09-ein-grauer-himmel-kann-uns-die-laune-nicht-verderben\/","og_site_name":"Eschringen","article_modified_time":"2018-09-13T06:33:18+00:00","og_image":[{"url":"https:\/\/eschringen.de\/wordpress\/wp-content\/uploads\/2018\/09\/ob.jpg","type":"","width":"","height":""}],"twitter_card":"summary_large_image","twitter_misc":{"Gesch\u00e4tzte Lesezeit":"3\u00a0Minuten"},"schema":{"@context":"https:\/\/schema.org","@graph":[{"@type":"WebPage","@id":"https:\/\/eschringen.de\/wordpress\/geschichte\/archiv\/02-09-ein-grauer-himmel-kann-uns-die-laune-nicht-verderben\/","url":"https:\/\/eschringen.de\/wordpress\/geschichte\/archiv\/02-09-ein-grauer-himmel-kann-uns-die-laune-nicht-verderben\/","name":"02.09: Ein grauer Himmel kann uns die Laune nicht verderben! - Eschringen","isPartOf":{"@id":"https:\/\/eschringen.de\/wordpress\/#website"},"primaryImageOfPage":{"@id":"https:\/\/eschringen.de\/wordpress\/geschichte\/archiv\/02-09-ein-grauer-himmel-kann-uns-die-laune-nicht-verderben\/#primaryimage"},"image":{"@id":"https:\/\/eschringen.de\/wordpress\/geschichte\/archiv\/02-09-ein-grauer-himmel-kann-uns-die-laune-nicht-verderben\/#primaryimage"},"thumbnailUrl":"https:\/\/eschringen.de\/wordpress\/wp-content\/uploads\/2018\/09\/ob.jpg","datePublished":"2018-09-12T14:14:47+00:00","dateModified":"2018-09-13T06:33:18+00:00","breadcrumb":{"@id":"https:\/\/eschringen.de\/wordpress\/geschichte\/archiv\/02-09-ein-grauer-himmel-kann-uns-die-laune-nicht-verderben\/#breadcrumb"},"inLanguage":"de","potentialAction":[{"@type":"ReadAction","target":["https:\/\/eschringen.de\/wordpress\/geschichte\/archiv\/02-09-ein-grauer-himmel-kann-uns-die-laune-nicht-verderben\/"]}]},{"@type":"ImageObject","inLanguage":"de","@id":"https:\/\/eschringen.de\/wordpress\/geschichte\/archiv\/02-09-ein-grauer-himmel-kann-uns-die-laune-nicht-verderben\/#primaryimage","url":"https:\/\/i0.wp.com\/eschringen.de\/wordpress\/wp-content\/uploads\/2018\/09\/ob.jpg?fit=450%2C333&ssl=1","contentUrl":"https:\/\/i0.wp.com\/eschringen.de\/wordpress\/wp-content\/uploads\/2018\/09\/ob.jpg?fit=450%2C333&ssl=1","width":450,"height":333},{"@type":"BreadcrumbList","@id":"https:\/\/eschringen.de\/wordpress\/geschichte\/archiv\/02-09-ein-grauer-himmel-kann-uns-die-laune-nicht-verderben\/#breadcrumb","itemListElement":[{"@type":"ListItem","position":1,"name":"Startseite","item":"https:\/\/eschringen.de\/wordpress\/"},{"@type":"ListItem","position":2,"name":"Geschichte","item":"https:\/\/eschringen.de\/wordpress\/geschichte\/"},{"@type":"ListItem","position":3,"name":"Archiv","item":"https:\/\/eschringen.de\/wordpress\/geschichte\/archiv\/"},{"@type":"ListItem","position":4,"name":"02.09: Ein grauer Himmel kann uns die Laune nicht verderben!"}]},{"@type":"WebSite","@id":"https:\/\/eschringen.de\/wordpress\/#website","url":"https:\/\/eschringen.de\/wordpress\/","name":"Eschringen","description":"","publisher":{"@id":"https:\/\/eschringen.de\/wordpress\/#organization"},"potentialAction":[{"@type":"SearchAction","target":{"@type":"EntryPoint","urlTemplate":"https:\/\/eschringen.de\/wordpress\/?s={search_term_string}"},"query-input":{"@type":"PropertyValueSpecification","valueRequired":true,"valueName":"search_term_string"}}],"inLanguage":"de"},{"@type":"Organization","@id":"https:\/\/eschringen.de\/wordpress\/#organization","name":"Eschringen","url":"https:\/\/eschringen.de\/wordpress\/","logo":{"@type":"ImageObject","inLanguage":"de","@id":"https:\/\/eschringen.de\/wordpress\/#\/schema\/logo\/image\/","url":"https:\/\/eschringen.de\/wordpress\/wp-content\/uploads\/2017\/03\/2017_kw15.jpg","contentUrl":"https:\/\/eschringen.de\/wordpress\/wp-content\/uploads\/2017\/03\/2017_kw15.jpg","width":784,"height":447,"caption":"Eschringen"},"image":{"@id":"https:\/\/eschringen.de\/wordpress\/#\/schema\/logo\/image\/"}}]}},"jetpack_sharing_enabled":true,"_links":{"self":[{"href":"https:\/\/eschringen.de\/wordpress\/wp-json\/wp\/v2\/pages\/1970","targetHints":{"allow":["GET"]}}],"collection":[{"href":"https:\/\/eschringen.de\/wordpress\/wp-json\/wp\/v2\/pages"}],"about":[{"href":"https:\/\/eschringen.de\/wordpress\/wp-json\/wp\/v2\/types\/page"}],"author":[{"embeddable":true,"href":"https:\/\/eschringen.de\/wordpress\/wp-json\/wp\/v2\/users\/1"}],"replies":[{"embeddable":true,"href":"https:\/\/eschringen.de\/wordpress\/wp-json\/wp\/v2\/comments?post=1970"}],"version-history":[{"count":3,"href":"https:\/\/eschringen.de\/wordpress\/wp-json\/wp\/v2\/pages\/1970\/revisions"}],"predecessor-version":[{"id":1978,"href":"https:\/\/eschringen.de\/wordpress\/wp-json\/wp\/v2\/pages\/1970\/revisions\/1978"}],"up":[{"embeddable":true,"href":"https:\/\/eschringen.de\/wordpress\/wp-json\/wp\/v2\/pages\/403"}],"wp:attachment":[{"href":"https:\/\/eschringen.de\/wordpress\/wp-json\/wp\/v2\/media?parent=1970"}],"curies":[{"name":"wp","href":"https:\/\/api.w.org\/{rel}","templated":true}]}}