{"id":186,"date":"2017-02-03T13:13:55","date_gmt":"2017-02-03T12:13:55","guid":{"rendered":"http:\/\/eschringen.de\/wordpress\/?page_id=186"},"modified":"2022-08-20T08:43:28","modified_gmt":"2022-08-20T06:43:28","slug":"route-2","status":"publish","type":"page","link":"https:\/\/eschringen.de\/wordpress\/der-ort\/rundgaenge\/route-2\/","title":{"rendered":"Route 2"},"content":{"rendered":"\n<p><strong>Route 2 &#8211;&nbsp;<span style=\"color: #0000ff;\">Auf in die Sitters<\/span><\/strong><\/p>\n\n\n\n<p>Ausgangspunkt unserer Wanderung ist das Gasthaus &#8222;Zur neuen Simbach&#8220; in der <a href=\"http:\/\/eschringen.de\/wordpress\/die-menschen\/steckbriefe\/andreas-kremp\/\">Andreas-Kremp-Stra\u00dfe<\/a>, die einst schlicht Bliesransbacher Stra\u00dfe hie\u00df, dann aber zu Ehren des Eschringer Schulrektors umbenannt wurde. Von der Br\u00fccke \u00fcber den Eschringer Bach aus gehen wir zur Hauptstra\u00dfe nach rechts und \u00fcberqueren sie an der Fu\u00dfg\u00e4ngerampel. Wir steigen den Weg zum Rebenberg hoch und entdecken dabei noch deutliche Reste von Kalksteinschichten, die vor allem wohl Anfang des 19. Jahrhunderts hier &#8211; in bester S\u00fcdlage &#8211; Weinbau erlaubten.<\/p>\n\n\n\n<iframe loading=\"lazy\" src=\"https:\/\/www.google.com\/maps\/d\/embed?mid=1Z_gTLC571yYwKmnvsDxqlerO4E35zmp1\" width=\"800\" height=\"600\"><\/iframe>\n\n\n<div class=\"wp-block-image\">\n<figure class=\"alignleft size-full\"><img data-recalc-dims=\"1\" loading=\"lazy\" decoding=\"async\" width=\"300\" height=\"209\" src=\"https:\/\/i0.wp.com\/eschringen.de\/wordpress\/wp-content\/uploads\/2022\/08\/eschringen-sm.jpg?resize=300%2C209&#038;ssl=1\" alt=\"\" class=\"wp-image-3570\"\/><figcaption>Blick auf das \u00dcberdorf<\/figcaption><\/figure>\n<\/div>\n\n\n<p>Oben angelangt hat man einen sehr sch\u00f6nen Blick auf das Eschringer \u00dcberdorf mit der dominanten St. Laurentiuskirche. \u00dcber den Allmendsweg sto\u00dfen wir auf den Sittersweg und biegen nach links in den sich anschlie\u00dfenden Feldwirtschaftsweg. Wir passieren einen Schuppen und eine Flur, die den Namen &#8222;Galgenhecke&#8220; tr\u00e4gt, und dies nicht von ungef\u00e4hr. Denn hier in der N\u00e4he &#8211; der Standort ist nicht genau mehr feststellbar &#8211; befand sich einst das sog. &#8222;Hochgericht&#8220;, der Galgen nebst Rad. Wir erreichen schon bald den Waldrand, und das dahinterliegende, &#8222;Sitters&#8220; genannte Waldgebiet. &#8222;Sitters&#8220; bedeutet nichts anderes als &#8222;am Rande, an der Seite eines Bannes liegende Fl\u00e4che&#8220;. Die Wegef\u00fchrung in diesem kleinen Waldst\u00fcck hat sich l\u00e4ngst, wie wir aus alten Karten wissen, ver\u00e4ndert. Wir wenden uns wenige Meter nach der Schranke nach rechts und treffen schlie\u00dflich an einer Lichtung auf eine Kreuzung; wir halten uns rechts und sto\u00dfen schlie\u00dflich hinter einer weiteren Schranke auf einen geteerten Weg. Diesem folgen wir rechterhand, parallel zum Waldrand der Sitters, im dem sich praktisch die alte Gemarkungsgrenze zwischen Ensheim und Eschringen verbirgt. Einige alte, zugewachsene Grenzsteine aus dem Jahre 1791 dokumentieren dies noch.<\/p>\n\n\n<div class=\"wp-block-image\">\n<figure class=\"alignright size-full\"><img data-recalc-dims=\"1\" loading=\"lazy\" decoding=\"async\" width=\"203\" height=\"300\" src=\"https:\/\/i0.wp.com\/eschringen.de\/wordpress\/wp-content\/uploads\/2022\/08\/kreuzens.jpg?resize=203%2C300&#038;ssl=1\" alt=\"\" class=\"wp-image-3591\"\/><figcaption>Wegekreuz von 1887<\/figcaption><\/figure>\n<\/div>\n\n\n<p>Am Eckst\u00fcck des Sitterswaldes, nahe dem Wasserbeh\u00e4lter, steht ein leicht zug\u00e4nglicher Grenzstein mit den Initialen der Nachbard\u00f6rfer, wobei \u00fcber dem Ensheimer E noch ein W zu erkennen ist, das auf die ehemalige Zugeh\u00f6rigkeit Ensheims zum Kloster Wadgassen hinweist. Nun kann man entweder dem geteerten Feldwirtschaftsweg (rot) oder dem am bereits erw\u00e4hnten Wasserbeh\u00e4lter vorbeif\u00fchrenden Waldweg (gelb) folgen.<\/p>\n\n\n\n<p>Jedenfalls kehren wir wieder auf die Stra\u00dfe &#8222;Sittersweg&#8220; zur\u00fcck, die wir bis zur nach Ensheim f\u00fchrenden Eschringer Stra\u00dfe durchgehen. Dieses Neubauviertel hie\u00df fr\u00fcher &#8222;Halberg-Siedlung&#8220; und entstand ab den 1950er Jahren. Hier konnten vor allem in der Halberger H\u00fctte Besch\u00e4ftigte Eigenheime bauen. Wir gehen rechterhand einige Meter den alten M\u00fchlenberg herunter, blicken einmal kurz nach links auf die andere Stra\u00dfenseite, wo wir ein altes Wegekreuz im neugotischen Stil entdecken (1887 errichtet). Dann biegen wir wieder halbrechts in die Stra\u00dfe &#8222;Schneidersberg&#8220; ein, so benannt nach der entsprechenden Erhebung oberhalb der Hauptstra\u00dfe. Hier wurde im Juli 1950 beim Aushub f\u00fcr ein Wohnhaus ein gr\u00f6\u00dferes Gr\u00e4berfeld aus der Frankenzeit entdeckt. Die Artefakte (u. a. zwei Schwerter: eine Spatha, eine Sax sowie eine G\u00fcrtelschnalle) befinden sich in der Altert\u00fcmersammlung des Museums f\u00fcr Vor- und Fr\u00fchgeschichte.<\/p>\n\n\n<div class=\"wp-block-image\">\n<figure class=\"alignleft size-full\"><img data-recalc-dims=\"1\" loading=\"lazy\" decoding=\"async\" width=\"206\" height=\"300\" src=\"https:\/\/i0.wp.com\/eschringen.de\/wordpress\/wp-content\/uploads\/2022\/08\/laurentius.jpg?resize=206%2C300&#038;ssl=1\" alt=\"\" class=\"wp-image-3596\"\/><figcaption>Altar mit Statue des hl. Laurentius<\/figcaption><\/figure>\n<\/div>\n\n\n<p>Wir gehen nun die alte sog. &#8222;Kapellenhohl&#8220; (jetzt &#8222;Kapellengasse&#8220;) herunter und sto\u00dfen auf die <a href=\"http:\/\/eschringen.de\/wordpress\/der-ort\/sehenswertes\/st-laurentiuskapelle\/\">St. Laurentiuskapelle<\/a>. Wer noch gen\u00fcgend Zeit hat, sollte sich dieses sakrale Kleinod unbedingt anschauen. Nach der \u00dcberquerung des Fu\u00dfg\u00e4nger\u00fcberwegs am Fu\u00dfe des Rebenbergs kehren wir zum Ausgangspunkt, dem Gasthaus &#8222;Zur neuen Simbach&#8220;, zur\u00fcck.<\/p>\n\n\n\n<p><strong>L\u00e4nge:<\/strong> 3 &#8211; 4 km<br><strong>Dauer:<\/strong> 1 &#8211; 1 1\/2 St.<br><strong>H\u00f6henlage:<\/strong> 240 &#8211; 300 m<\/p>\n\n\n\n<p><strong>Bemerkung:<\/strong> Ausgenommen bei regnerischem Wetter normales Schuhwerk ausreichend<\/p>\n\n\n\n<p><strong>NEU! &#8211; GPS-Daten:<\/strong>&nbsp;<a href=\"http:\/\/www.eschringen.de\/wordpress\/wp-content\/GPS\/Route_2.gpx\">Route 2<\/a><\/p>\n\n\n\n<p>Diese Strecke ist \u00fcbrigens ein Teil des Saarland-Rundwanderwegs<\/p>\n","protected":false},"excerpt":{"rendered":"<p>Route 2 &#8211;&nbsp;Auf in die Sitters Ausgangspunkt unserer Wanderung ist das Gasthaus &#8222;Zur neuen Simbach&#8220; in der Andreas-Kremp-Stra\u00dfe, die einst schlicht Bliesransbacher Stra\u00dfe hie\u00df, dann aber zu Ehren des Eschringer Schulrektors umbenannt wurde. Von der Br\u00fccke \u00fcber den Eschringer Bach aus gehen wir zur Hauptstra\u00dfe nach rechts und \u00fcberqueren sie an der Fu\u00dfg\u00e4ngerampel. Wir steigen &#8230; <a title=\"Route 2\" class=\"read-more\" href=\"https:\/\/eschringen.de\/wordpress\/der-ort\/rundgaenge\/route-2\/\" aria-label=\"Mehr Informationen \u00fcber Route 2\">Weiterlesen &#8230;<\/a><\/p>\n","protected":false},"author":1,"featured_media":0,"parent":119,"menu_order":2,"comment_status":"closed","ping_status":"closed","template":"","meta":{"ngg_post_thumbnail":0,"footnotes":""},"class_list":["post-186","page","type-page","status-publish"],"yoast_head":"<!-- This site is optimized with the Yoast SEO plugin v27.3 - https:\/\/yoast.com\/product\/yoast-seo-wordpress\/ -->\n<title>Route 2 - Auf in die Sitters - Rundg\u00e4nge Eschringen<\/title>\n<meta name=\"robots\" content=\"index, follow, max-snippet:-1, max-image-preview:large, max-video-preview:-1\" \/>\n<link rel=\"canonical\" href=\"https:\/\/eschringen.de\/wordpress\/der-ort\/rundgaenge\/route-2\/\" \/>\n<meta property=\"og:locale\" content=\"de_DE\" \/>\n<meta property=\"og:type\" content=\"article\" \/>\n<meta property=\"og:title\" content=\"Route 2 - Auf in die Sitters - Rundg\u00e4nge Eschringen\" \/>\n<meta property=\"og:description\" content=\"Route 2 &#8211;&nbsp;Auf in die Sitters Ausgangspunkt unserer Wanderung ist das Gasthaus &#8222;Zur neuen Simbach&#8220; in der Andreas-Kremp-Stra\u00dfe, die einst schlicht Bliesransbacher Stra\u00dfe hie\u00df, dann aber zu Ehren des Eschringer Schulrektors umbenannt wurde. Von der Br\u00fccke \u00fcber den Eschringer Bach aus gehen wir zur Hauptstra\u00dfe nach rechts und \u00fcberqueren sie an der Fu\u00dfg\u00e4ngerampel. Wir steigen ... Weiterlesen ...\" \/>\n<meta property=\"og:url\" content=\"https:\/\/eschringen.de\/wordpress\/der-ort\/rundgaenge\/route-2\/\" \/>\n<meta property=\"og:site_name\" content=\"Eschringen\" \/>\n<meta property=\"article:modified_time\" content=\"2022-08-20T06:43:28+00:00\" \/>\n<meta property=\"og:image\" content=\"https:\/\/eschringen.de\/wordpress\/wp-content\/uploads\/2022\/08\/eschringen-sm.jpg\" \/>\n<meta name=\"twitter:card\" content=\"summary_large_image\" \/>\n<meta name=\"twitter:label1\" content=\"Gesch\u00e4tzte Lesezeit\" \/>\n\t<meta name=\"twitter:data1\" content=\"4\u00a0Minuten\" \/>\n<script type=\"application\/ld+json\" class=\"yoast-schema-graph\">{\"@context\":\"https:\\\/\\\/schema.org\",\"@graph\":[{\"@type\":\"WebPage\",\"@id\":\"https:\\\/\\\/eschringen.de\\\/wordpress\\\/der-ort\\\/rundgaenge\\\/route-2\\\/\",\"url\":\"https:\\\/\\\/eschringen.de\\\/wordpress\\\/der-ort\\\/rundgaenge\\\/route-2\\\/\",\"name\":\"Route 2 - Auf in die Sitters - Rundg\u00e4nge Eschringen\",\"isPartOf\":{\"@id\":\"https:\\\/\\\/eschringen.de\\\/wordpress\\\/#website\"},\"primaryImageOfPage\":{\"@id\":\"https:\\\/\\\/eschringen.de\\\/wordpress\\\/der-ort\\\/rundgaenge\\\/route-2\\\/#primaryimage\"},\"image\":{\"@id\":\"https:\\\/\\\/eschringen.de\\\/wordpress\\\/der-ort\\\/rundgaenge\\\/route-2\\\/#primaryimage\"},\"thumbnailUrl\":\"https:\\\/\\\/eschringen.de\\\/wordpress\\\/wp-content\\\/uploads\\\/2022\\\/08\\\/eschringen-sm.jpg\",\"datePublished\":\"2017-02-03T12:13:55+00:00\",\"dateModified\":\"2022-08-20T06:43:28+00:00\",\"breadcrumb\":{\"@id\":\"https:\\\/\\\/eschringen.de\\\/wordpress\\\/der-ort\\\/rundgaenge\\\/route-2\\\/#breadcrumb\"},\"inLanguage\":\"de\",\"potentialAction\":[{\"@type\":\"ReadAction\",\"target\":[\"https:\\\/\\\/eschringen.de\\\/wordpress\\\/der-ort\\\/rundgaenge\\\/route-2\\\/\"]}]},{\"@type\":\"ImageObject\",\"inLanguage\":\"de\",\"@id\":\"https:\\\/\\\/eschringen.de\\\/wordpress\\\/der-ort\\\/rundgaenge\\\/route-2\\\/#primaryimage\",\"url\":\"https:\\\/\\\/i0.wp.com\\\/eschringen.de\\\/wordpress\\\/wp-content\\\/uploads\\\/2022\\\/08\\\/eschringen-sm.jpg?fit=300%2C209&ssl=1\",\"contentUrl\":\"https:\\\/\\\/i0.wp.com\\\/eschringen.de\\\/wordpress\\\/wp-content\\\/uploads\\\/2022\\\/08\\\/eschringen-sm.jpg?fit=300%2C209&ssl=1\",\"width\":300,\"height\":209},{\"@type\":\"BreadcrumbList\",\"@id\":\"https:\\\/\\\/eschringen.de\\\/wordpress\\\/der-ort\\\/rundgaenge\\\/route-2\\\/#breadcrumb\",\"itemListElement\":[{\"@type\":\"ListItem\",\"position\":1,\"name\":\"Startseite\",\"item\":\"https:\\\/\\\/eschringen.de\\\/wordpress\\\/\"},{\"@type\":\"ListItem\",\"position\":2,\"name\":\"Der Ort\",\"item\":\"https:\\\/\\\/eschringen.de\\\/wordpress\\\/der-ort\\\/\"},{\"@type\":\"ListItem\",\"position\":3,\"name\":\"Rundg\u00e4nge\",\"item\":\"https:\\\/\\\/eschringen.de\\\/wordpress\\\/der-ort\\\/rundgaenge\\\/\"},{\"@type\":\"ListItem\",\"position\":4,\"name\":\"Route 2\"}]},{\"@type\":\"WebSite\",\"@id\":\"https:\\\/\\\/eschringen.de\\\/wordpress\\\/#website\",\"url\":\"https:\\\/\\\/eschringen.de\\\/wordpress\\\/\",\"name\":\"Eschringen\",\"description\":\"\",\"publisher\":{\"@id\":\"https:\\\/\\\/eschringen.de\\\/wordpress\\\/#organization\"},\"potentialAction\":[{\"@type\":\"SearchAction\",\"target\":{\"@type\":\"EntryPoint\",\"urlTemplate\":\"https:\\\/\\\/eschringen.de\\\/wordpress\\\/?s={search_term_string}\"},\"query-input\":{\"@type\":\"PropertyValueSpecification\",\"valueRequired\":true,\"valueName\":\"search_term_string\"}}],\"inLanguage\":\"de\"},{\"@type\":\"Organization\",\"@id\":\"https:\\\/\\\/eschringen.de\\\/wordpress\\\/#organization\",\"name\":\"Eschringen\",\"url\":\"https:\\\/\\\/eschringen.de\\\/wordpress\\\/\",\"logo\":{\"@type\":\"ImageObject\",\"inLanguage\":\"de\",\"@id\":\"https:\\\/\\\/eschringen.de\\\/wordpress\\\/#\\\/schema\\\/logo\\\/image\\\/\",\"url\":\"https:\\\/\\\/eschringen.de\\\/wordpress\\\/wp-content\\\/uploads\\\/2017\\\/03\\\/2017_kw15.jpg\",\"contentUrl\":\"https:\\\/\\\/eschringen.de\\\/wordpress\\\/wp-content\\\/uploads\\\/2017\\\/03\\\/2017_kw15.jpg\",\"width\":784,\"height\":447,\"caption\":\"Eschringen\"},\"image\":{\"@id\":\"https:\\\/\\\/eschringen.de\\\/wordpress\\\/#\\\/schema\\\/logo\\\/image\\\/\"}}]}<\/script>\n<!-- \/ Yoast SEO plugin. -->","yoast_head_json":{"title":"Route 2 - Auf in die Sitters - Rundg\u00e4nge Eschringen","robots":{"index":"index","follow":"follow","max-snippet":"max-snippet:-1","max-image-preview":"max-image-preview:large","max-video-preview":"max-video-preview:-1"},"canonical":"https:\/\/eschringen.de\/wordpress\/der-ort\/rundgaenge\/route-2\/","og_locale":"de_DE","og_type":"article","og_title":"Route 2 - Auf in die Sitters - Rundg\u00e4nge Eschringen","og_description":"Route 2 &#8211;&nbsp;Auf in die Sitters Ausgangspunkt unserer Wanderung ist das Gasthaus &#8222;Zur neuen Simbach&#8220; in der Andreas-Kremp-Stra\u00dfe, die einst schlicht Bliesransbacher Stra\u00dfe hie\u00df, dann aber zu Ehren des Eschringer Schulrektors umbenannt wurde. Von der Br\u00fccke \u00fcber den Eschringer Bach aus gehen wir zur Hauptstra\u00dfe nach rechts und \u00fcberqueren sie an der Fu\u00dfg\u00e4ngerampel. Wir steigen ... Weiterlesen ...","og_url":"https:\/\/eschringen.de\/wordpress\/der-ort\/rundgaenge\/route-2\/","og_site_name":"Eschringen","article_modified_time":"2022-08-20T06:43:28+00:00","og_image":[{"url":"https:\/\/eschringen.de\/wordpress\/wp-content\/uploads\/2022\/08\/eschringen-sm.jpg","type":"","width":"","height":""}],"twitter_card":"summary_large_image","twitter_misc":{"Gesch\u00e4tzte Lesezeit":"4\u00a0Minuten"},"schema":{"@context":"https:\/\/schema.org","@graph":[{"@type":"WebPage","@id":"https:\/\/eschringen.de\/wordpress\/der-ort\/rundgaenge\/route-2\/","url":"https:\/\/eschringen.de\/wordpress\/der-ort\/rundgaenge\/route-2\/","name":"Route 2 - Auf in die Sitters - Rundg\u00e4nge Eschringen","isPartOf":{"@id":"https:\/\/eschringen.de\/wordpress\/#website"},"primaryImageOfPage":{"@id":"https:\/\/eschringen.de\/wordpress\/der-ort\/rundgaenge\/route-2\/#primaryimage"},"image":{"@id":"https:\/\/eschringen.de\/wordpress\/der-ort\/rundgaenge\/route-2\/#primaryimage"},"thumbnailUrl":"https:\/\/eschringen.de\/wordpress\/wp-content\/uploads\/2022\/08\/eschringen-sm.jpg","datePublished":"2017-02-03T12:13:55+00:00","dateModified":"2022-08-20T06:43:28+00:00","breadcrumb":{"@id":"https:\/\/eschringen.de\/wordpress\/der-ort\/rundgaenge\/route-2\/#breadcrumb"},"inLanguage":"de","potentialAction":[{"@type":"ReadAction","target":["https:\/\/eschringen.de\/wordpress\/der-ort\/rundgaenge\/route-2\/"]}]},{"@type":"ImageObject","inLanguage":"de","@id":"https:\/\/eschringen.de\/wordpress\/der-ort\/rundgaenge\/route-2\/#primaryimage","url":"https:\/\/i0.wp.com\/eschringen.de\/wordpress\/wp-content\/uploads\/2022\/08\/eschringen-sm.jpg?fit=300%2C209&ssl=1","contentUrl":"https:\/\/i0.wp.com\/eschringen.de\/wordpress\/wp-content\/uploads\/2022\/08\/eschringen-sm.jpg?fit=300%2C209&ssl=1","width":300,"height":209},{"@type":"BreadcrumbList","@id":"https:\/\/eschringen.de\/wordpress\/der-ort\/rundgaenge\/route-2\/#breadcrumb","itemListElement":[{"@type":"ListItem","position":1,"name":"Startseite","item":"https:\/\/eschringen.de\/wordpress\/"},{"@type":"ListItem","position":2,"name":"Der Ort","item":"https:\/\/eschringen.de\/wordpress\/der-ort\/"},{"@type":"ListItem","position":3,"name":"Rundg\u00e4nge","item":"https:\/\/eschringen.de\/wordpress\/der-ort\/rundgaenge\/"},{"@type":"ListItem","position":4,"name":"Route 2"}]},{"@type":"WebSite","@id":"https:\/\/eschringen.de\/wordpress\/#website","url":"https:\/\/eschringen.de\/wordpress\/","name":"Eschringen","description":"","publisher":{"@id":"https:\/\/eschringen.de\/wordpress\/#organization"},"potentialAction":[{"@type":"SearchAction","target":{"@type":"EntryPoint","urlTemplate":"https:\/\/eschringen.de\/wordpress\/?s={search_term_string}"},"query-input":{"@type":"PropertyValueSpecification","valueRequired":true,"valueName":"search_term_string"}}],"inLanguage":"de"},{"@type":"Organization","@id":"https:\/\/eschringen.de\/wordpress\/#organization","name":"Eschringen","url":"https:\/\/eschringen.de\/wordpress\/","logo":{"@type":"ImageObject","inLanguage":"de","@id":"https:\/\/eschringen.de\/wordpress\/#\/schema\/logo\/image\/","url":"https:\/\/eschringen.de\/wordpress\/wp-content\/uploads\/2017\/03\/2017_kw15.jpg","contentUrl":"https:\/\/eschringen.de\/wordpress\/wp-content\/uploads\/2017\/03\/2017_kw15.jpg","width":784,"height":447,"caption":"Eschringen"},"image":{"@id":"https:\/\/eschringen.de\/wordpress\/#\/schema\/logo\/image\/"}}]}},"jetpack_sharing_enabled":true,"_links":{"self":[{"href":"https:\/\/eschringen.de\/wordpress\/wp-json\/wp\/v2\/pages\/186","targetHints":{"allow":["GET"]}}],"collection":[{"href":"https:\/\/eschringen.de\/wordpress\/wp-json\/wp\/v2\/pages"}],"about":[{"href":"https:\/\/eschringen.de\/wordpress\/wp-json\/wp\/v2\/types\/page"}],"author":[{"embeddable":true,"href":"https:\/\/eschringen.de\/wordpress\/wp-json\/wp\/v2\/users\/1"}],"replies":[{"embeddable":true,"href":"https:\/\/eschringen.de\/wordpress\/wp-json\/wp\/v2\/comments?post=186"}],"version-history":[{"count":6,"href":"https:\/\/eschringen.de\/wordpress\/wp-json\/wp\/v2\/pages\/186\/revisions"}],"predecessor-version":[{"id":3648,"href":"https:\/\/eschringen.de\/wordpress\/wp-json\/wp\/v2\/pages\/186\/revisions\/3648"}],"up":[{"embeddable":true,"href":"https:\/\/eschringen.de\/wordpress\/wp-json\/wp\/v2\/pages\/119"}],"wp:attachment":[{"href":"https:\/\/eschringen.de\/wordpress\/wp-json\/wp\/v2\/media?parent=186"}],"curies":[{"name":"wp","href":"https:\/\/api.w.org\/{rel}","templated":true}]}}