{"id":1661,"date":"2017-11-30T14:07:32","date_gmt":"2017-11-30T13:07:32","guid":{"rendered":"http:\/\/eschringen.de\/wordpress\/?page_id=1661"},"modified":"2017-11-30T14:10:47","modified_gmt":"2017-11-30T13:10:47","slug":"25-11-gelungenes-heimspiel-fuer-zippo-zimmermann-co","status":"publish","type":"page","link":"https:\/\/eschringen.de\/wordpress\/geschichte\/archiv\/25-11-gelungenes-heimspiel-fuer-zippo-zimmermann-co\/","title":{"rendered":"25.11.: Gelungenes Heimspiel f\u00fcr Zippo Zimmermann &#038; Co."},"content":{"rendered":"<p><span style=\"font-family: Arial,sans-serif;\"><span style=\"font-size: medium;\">Schon zweimal bestritten Zippo Zimmermann, seines Zeichens Pianist, S\u00e4nger und Songwriter, und Gitarristin Alexandra Schwarz, die musikalische Umrahmung des zur Tradition gewordenen Eschringer Neujahrsempfangs. Doch sind diese j\u00e4hrlichen Treffen eine Zusammenkunft der VertreterInnen der in einer AG zusammen geschlossenen Eschringer Vereine \u2013 also quasi eine \u201egeschlossene Gesellschaft\u201c. Da lag es letztlich nahe, dass der vor allem durch sein langj\u00e4hriges Mitwirken bei der Saarbr\u00fccker RockPop-Band SAVOY TRUFFLE bekannt gewordene Multi-Instrumentalist mal f\u00fcr ein komplettes und insbesondere \u00f6ffentliches Konzert in sein Heimatdorf und seine alte Schule \u201ezur\u00fcckkehrt\u201c.<\/span><\/span><\/p>\n<p><span style=\"font-family: Arial,sans-serif;\"><span style=\"font-size: medium;\">F\u00fcr sein \u201eSolo-Zippo\u201c-Programm hatte er noch zwei exquisite Side(wo)men mitgebracht: die bereits erw\u00e4hnte Alexandra Schwarz an der Gitarre und Christoph Brill am elektrischen Kontrabass. In ged\u00e4mpftem Licht konnte sich das Publikum entspannt auf die Darbietungen des Trios einlassen. Zippo erl\u00e4uterte gleich zu Anfang, worum es inhaltlich in den von ihm ausgew\u00e4hlten Liedern gehen w\u00fcrde: <\/span><\/span><span style=\"font-family: Arial,sans-serif;\"><span style=\"font-size: medium;\">um \u201ehoffnungslose Liebesgeschichten, missgl\u00fcckte Beziehungen und gescheiterte Kommunikation!\u201c Nicht gerade ein Einstieg, der Spa\u00df und Vergn\u00fcgen verhie\u00df. Doch \u00fcberzeugte die Vielfalt der Songtexte, die keineswegs nur Melancholie und Befremdlichkeiten vermittelten, sondern auch durch Hintersinnigkeit und skurrilen Humor gl\u00e4nzten. Dazu trugen vor allem die von Zippo vertonten Erich-K\u00e4stner-Gedichte bei, aber sehr wohl auch seine Eigenkompositionen.<\/span><\/span><\/p>\nngg_shortcode_0_placeholder\n<p><span style=\"font-family: Arial,sans-serif;\"><span style=\"font-size: medium;\">Musikalisch harmonierten die Drei aufs beste: Zippo brillierte nicht nur auf dem legend\u00e4ren \u201eUdo-Fl\u00fcgel\u201c, sondern zeigte auch sein K\u00f6nnen mit Gitarre und Klarinette, erg\u00e4nzt durch seine einf\u00fchlsame und ausdrucksstarke Stimme. A. Schwarz beeindruckte durch ihr filigranes Spiel auf den Gitarren, Ch. Brill unterlegte die Songs mit passgenauen Bassl\u00e4ufen. Die anspruchsvollen Melodien waren ad\u00e4quat f\u00fcr diese Trio-Besetzung arrangiert; vor allem Zippos Lieblingslieder fremder Autoren (u. a. von TOCOTRONIC oder Rio Reiser) weckten bei dem einen oder der anderen wehm\u00fctige Erinnerungen an vergangene Zeiten. Da passten im ausgiebigen Zugabenteil nat\u00fcrlich bestens auch Udo J\u00fcrgens&#8216; Evergreen \u201eImmer wieder geht die Sonne auf\u201c, von Zippo fulminant auf dem inzwischen leicht angegrauten \u201ewei\u00dfen Udo-Fl\u00fcgel\u201c interpretiert, und der (ins Deutsche \u00fcbertragene) PINK FLOYD-Klassiker \u201e<\/span><\/span><span style=\"font-family: Arial,sans-serif;\"><span style=\"font-size: medium;\">Wish You Were Here. <\/span><\/span><\/p>\n<p><span style=\"font-family: Arial,sans-serif;\"><span style=\"font-size: medium;\">Zu Ende gegangen war ein unterhaltsamer Konzertabend mit Tiefgang und Leidenschaft, der ein mehr als zufriedenes Publikum nach Hause entlie\u00df. (rs)<\/span><\/span><\/p>\n<p><span style=\"font-family: Arial,sans-serif;\"><span style=\"font-size: medium;\">Farbfotos: Roland Schmitt, Fotos s\/w: Katrin Reis<\/span><\/span><\/p>\n","protected":false},"excerpt":{"rendered":"<p>Schon zweimal bestritten Zippo Zimmermann, seines Zeichens Pianist, S\u00e4nger und Songwriter, und Gitarristin Alexandra Schwarz, die musikalische Umrahmung des zur Tradition gewordenen Eschringer Neujahrsempfangs. Doch sind diese j\u00e4hrlichen Treffen eine Zusammenkunft der VertreterInnen der in einer AG zusammen geschlossenen Eschringer Vereine \u2013 also quasi eine \u201egeschlossene Gesellschaft\u201c. Da lag es letztlich nahe, dass der vor &#8230; <a title=\"25.11.: Gelungenes Heimspiel f\u00fcr Zippo Zimmermann &#038; Co.\" class=\"read-more\" href=\"https:\/\/eschringen.de\/wordpress\/geschichte\/archiv\/25-11-gelungenes-heimspiel-fuer-zippo-zimmermann-co\/\" aria-label=\"Mehr Informationen \u00fcber 25.11.: Gelungenes Heimspiel f\u00fcr Zippo Zimmermann &#038; Co.\">Weiterlesen &#8230;<\/a><\/p>\n","protected":false},"author":1,"featured_media":0,"parent":403,"menu_order":0,"comment_status":"closed","ping_status":"closed","template":"","meta":{"ngg_post_thumbnail":0,"footnotes":""},"class_list":["post-1661","page","type-page","status-publish"],"yoast_head":"<!-- This site is optimized with the Yoast SEO plugin v27.4 - https:\/\/yoast.com\/product\/yoast-seo-wordpress\/ -->\n<title>25.11.: Gelungenes Heimspiel f\u00fcr Zippo Zimmermann &amp; Co. - Eschringen<\/title>\n<meta name=\"robots\" content=\"index, follow, max-snippet:-1, max-image-preview:large, max-video-preview:-1\" \/>\n<link rel=\"canonical\" href=\"https:\/\/eschringen.de\/wordpress\/geschichte\/archiv\/25-11-gelungenes-heimspiel-fuer-zippo-zimmermann-co\/\" \/>\n<meta property=\"og:locale\" content=\"de_DE\" \/>\n<meta property=\"og:type\" content=\"article\" \/>\n<meta property=\"og:title\" content=\"25.11.: Gelungenes Heimspiel f\u00fcr Zippo Zimmermann &amp; Co. - Eschringen\" \/>\n<meta property=\"og:description\" content=\"Schon zweimal bestritten Zippo Zimmermann, seines Zeichens Pianist, S\u00e4nger und Songwriter, und Gitarristin Alexandra Schwarz, die musikalische Umrahmung des zur Tradition gewordenen Eschringer Neujahrsempfangs. Doch sind diese j\u00e4hrlichen Treffen eine Zusammenkunft der VertreterInnen der in einer AG zusammen geschlossenen Eschringer Vereine \u2013 also quasi eine \u201egeschlossene Gesellschaft\u201c. Da lag es letztlich nahe, dass der vor ... Weiterlesen ...\" \/>\n<meta property=\"og:url\" content=\"https:\/\/eschringen.de\/wordpress\/geschichte\/archiv\/25-11-gelungenes-heimspiel-fuer-zippo-zimmermann-co\/\" \/>\n<meta property=\"og:site_name\" content=\"Eschringen\" \/>\n<meta property=\"article:modified_time\" content=\"2017-11-30T13:10:47+00:00\" \/>\n<meta name=\"twitter:card\" content=\"summary_large_image\" \/>\n<meta name=\"twitter:label1\" content=\"Gesch\u00e4tzte Lesezeit\" \/>\n\t<meta name=\"twitter:data1\" content=\"2\u00a0Minuten\" \/>\n<script type=\"application\/ld+json\" class=\"yoast-schema-graph\">{\"@context\":\"https:\\\/\\\/schema.org\",\"@graph\":[{\"@type\":\"WebPage\",\"@id\":\"https:\\\/\\\/eschringen.de\\\/wordpress\\\/geschichte\\\/archiv\\\/25-11-gelungenes-heimspiel-fuer-zippo-zimmermann-co\\\/\",\"url\":\"https:\\\/\\\/eschringen.de\\\/wordpress\\\/geschichte\\\/archiv\\\/25-11-gelungenes-heimspiel-fuer-zippo-zimmermann-co\\\/\",\"name\":\"25.11.: Gelungenes Heimspiel f\u00fcr Zippo Zimmermann & Co. - Eschringen\",\"isPartOf\":{\"@id\":\"https:\\\/\\\/eschringen.de\\\/wordpress\\\/#website\"},\"datePublished\":\"2017-11-30T13:07:32+00:00\",\"dateModified\":\"2017-11-30T13:10:47+00:00\",\"breadcrumb\":{\"@id\":\"https:\\\/\\\/eschringen.de\\\/wordpress\\\/geschichte\\\/archiv\\\/25-11-gelungenes-heimspiel-fuer-zippo-zimmermann-co\\\/#breadcrumb\"},\"inLanguage\":\"de\",\"potentialAction\":[{\"@type\":\"ReadAction\",\"target\":[\"https:\\\/\\\/eschringen.de\\\/wordpress\\\/geschichte\\\/archiv\\\/25-11-gelungenes-heimspiel-fuer-zippo-zimmermann-co\\\/\"]}]},{\"@type\":\"BreadcrumbList\",\"@id\":\"https:\\\/\\\/eschringen.de\\\/wordpress\\\/geschichte\\\/archiv\\\/25-11-gelungenes-heimspiel-fuer-zippo-zimmermann-co\\\/#breadcrumb\",\"itemListElement\":[{\"@type\":\"ListItem\",\"position\":1,\"name\":\"Startseite\",\"item\":\"https:\\\/\\\/eschringen.de\\\/wordpress\\\/\"},{\"@type\":\"ListItem\",\"position\":2,\"name\":\"Geschichte\",\"item\":\"https:\\\/\\\/eschringen.de\\\/wordpress\\\/geschichte\\\/\"},{\"@type\":\"ListItem\",\"position\":3,\"name\":\"Archiv\",\"item\":\"https:\\\/\\\/eschringen.de\\\/wordpress\\\/geschichte\\\/archiv\\\/\"},{\"@type\":\"ListItem\",\"position\":4,\"name\":\"25.11.: Gelungenes Heimspiel f\u00fcr Zippo Zimmermann &#038; Co.\"}]},{\"@type\":\"WebSite\",\"@id\":\"https:\\\/\\\/eschringen.de\\\/wordpress\\\/#website\",\"url\":\"https:\\\/\\\/eschringen.de\\\/wordpress\\\/\",\"name\":\"Eschringen\",\"description\":\"\",\"publisher\":{\"@id\":\"https:\\\/\\\/eschringen.de\\\/wordpress\\\/#organization\"},\"potentialAction\":[{\"@type\":\"SearchAction\",\"target\":{\"@type\":\"EntryPoint\",\"urlTemplate\":\"https:\\\/\\\/eschringen.de\\\/wordpress\\\/?s={search_term_string}\"},\"query-input\":{\"@type\":\"PropertyValueSpecification\",\"valueRequired\":true,\"valueName\":\"search_term_string\"}}],\"inLanguage\":\"de\"},{\"@type\":\"Organization\",\"@id\":\"https:\\\/\\\/eschringen.de\\\/wordpress\\\/#organization\",\"name\":\"Eschringen\",\"url\":\"https:\\\/\\\/eschringen.de\\\/wordpress\\\/\",\"logo\":{\"@type\":\"ImageObject\",\"inLanguage\":\"de\",\"@id\":\"https:\\\/\\\/eschringen.de\\\/wordpress\\\/#\\\/schema\\\/logo\\\/image\\\/\",\"url\":\"https:\\\/\\\/eschringen.de\\\/wordpress\\\/wp-content\\\/uploads\\\/2017\\\/03\\\/2017_kw15.jpg\",\"contentUrl\":\"https:\\\/\\\/eschringen.de\\\/wordpress\\\/wp-content\\\/uploads\\\/2017\\\/03\\\/2017_kw15.jpg\",\"width\":784,\"height\":447,\"caption\":\"Eschringen\"},\"image\":{\"@id\":\"https:\\\/\\\/eschringen.de\\\/wordpress\\\/#\\\/schema\\\/logo\\\/image\\\/\"}}]}<\/script>\n<!-- \/ Yoast SEO plugin. -->","yoast_head_json":{"title":"25.11.: Gelungenes Heimspiel f\u00fcr Zippo Zimmermann & Co. - Eschringen","robots":{"index":"index","follow":"follow","max-snippet":"max-snippet:-1","max-image-preview":"max-image-preview:large","max-video-preview":"max-video-preview:-1"},"canonical":"https:\/\/eschringen.de\/wordpress\/geschichte\/archiv\/25-11-gelungenes-heimspiel-fuer-zippo-zimmermann-co\/","og_locale":"de_DE","og_type":"article","og_title":"25.11.: Gelungenes Heimspiel f\u00fcr Zippo Zimmermann & Co. - Eschringen","og_description":"Schon zweimal bestritten Zippo Zimmermann, seines Zeichens Pianist, S\u00e4nger und Songwriter, und Gitarristin Alexandra Schwarz, die musikalische Umrahmung des zur Tradition gewordenen Eschringer Neujahrsempfangs. Doch sind diese j\u00e4hrlichen Treffen eine Zusammenkunft der VertreterInnen der in einer AG zusammen geschlossenen Eschringer Vereine \u2013 also quasi eine \u201egeschlossene Gesellschaft\u201c. Da lag es letztlich nahe, dass der vor ... Weiterlesen ...","og_url":"https:\/\/eschringen.de\/wordpress\/geschichte\/archiv\/25-11-gelungenes-heimspiel-fuer-zippo-zimmermann-co\/","og_site_name":"Eschringen","article_modified_time":"2017-11-30T13:10:47+00:00","twitter_card":"summary_large_image","twitter_misc":{"Gesch\u00e4tzte Lesezeit":"2\u00a0Minuten"},"schema":{"@context":"https:\/\/schema.org","@graph":[{"@type":"WebPage","@id":"https:\/\/eschringen.de\/wordpress\/geschichte\/archiv\/25-11-gelungenes-heimspiel-fuer-zippo-zimmermann-co\/","url":"https:\/\/eschringen.de\/wordpress\/geschichte\/archiv\/25-11-gelungenes-heimspiel-fuer-zippo-zimmermann-co\/","name":"25.11.: Gelungenes Heimspiel f\u00fcr Zippo Zimmermann & Co. - Eschringen","isPartOf":{"@id":"https:\/\/eschringen.de\/wordpress\/#website"},"datePublished":"2017-11-30T13:07:32+00:00","dateModified":"2017-11-30T13:10:47+00:00","breadcrumb":{"@id":"https:\/\/eschringen.de\/wordpress\/geschichte\/archiv\/25-11-gelungenes-heimspiel-fuer-zippo-zimmermann-co\/#breadcrumb"},"inLanguage":"de","potentialAction":[{"@type":"ReadAction","target":["https:\/\/eschringen.de\/wordpress\/geschichte\/archiv\/25-11-gelungenes-heimspiel-fuer-zippo-zimmermann-co\/"]}]},{"@type":"BreadcrumbList","@id":"https:\/\/eschringen.de\/wordpress\/geschichte\/archiv\/25-11-gelungenes-heimspiel-fuer-zippo-zimmermann-co\/#breadcrumb","itemListElement":[{"@type":"ListItem","position":1,"name":"Startseite","item":"https:\/\/eschringen.de\/wordpress\/"},{"@type":"ListItem","position":2,"name":"Geschichte","item":"https:\/\/eschringen.de\/wordpress\/geschichte\/"},{"@type":"ListItem","position":3,"name":"Archiv","item":"https:\/\/eschringen.de\/wordpress\/geschichte\/archiv\/"},{"@type":"ListItem","position":4,"name":"25.11.: Gelungenes Heimspiel f\u00fcr Zippo Zimmermann &#038; Co."}]},{"@type":"WebSite","@id":"https:\/\/eschringen.de\/wordpress\/#website","url":"https:\/\/eschringen.de\/wordpress\/","name":"Eschringen","description":"","publisher":{"@id":"https:\/\/eschringen.de\/wordpress\/#organization"},"potentialAction":[{"@type":"SearchAction","target":{"@type":"EntryPoint","urlTemplate":"https:\/\/eschringen.de\/wordpress\/?s={search_term_string}"},"query-input":{"@type":"PropertyValueSpecification","valueRequired":true,"valueName":"search_term_string"}}],"inLanguage":"de"},{"@type":"Organization","@id":"https:\/\/eschringen.de\/wordpress\/#organization","name":"Eschringen","url":"https:\/\/eschringen.de\/wordpress\/","logo":{"@type":"ImageObject","inLanguage":"de","@id":"https:\/\/eschringen.de\/wordpress\/#\/schema\/logo\/image\/","url":"https:\/\/eschringen.de\/wordpress\/wp-content\/uploads\/2017\/03\/2017_kw15.jpg","contentUrl":"https:\/\/eschringen.de\/wordpress\/wp-content\/uploads\/2017\/03\/2017_kw15.jpg","width":784,"height":447,"caption":"Eschringen"},"image":{"@id":"https:\/\/eschringen.de\/wordpress\/#\/schema\/logo\/image\/"}}]}},"jetpack_sharing_enabled":true,"_links":{"self":[{"href":"https:\/\/eschringen.de\/wordpress\/wp-json\/wp\/v2\/pages\/1661","targetHints":{"allow":["GET"]}}],"collection":[{"href":"https:\/\/eschringen.de\/wordpress\/wp-json\/wp\/v2\/pages"}],"about":[{"href":"https:\/\/eschringen.de\/wordpress\/wp-json\/wp\/v2\/types\/page"}],"author":[{"embeddable":true,"href":"https:\/\/eschringen.de\/wordpress\/wp-json\/wp\/v2\/users\/1"}],"replies":[{"embeddable":true,"href":"https:\/\/eschringen.de\/wordpress\/wp-json\/wp\/v2\/comments?post=1661"}],"version-history":[{"count":2,"href":"https:\/\/eschringen.de\/wordpress\/wp-json\/wp\/v2\/pages\/1661\/revisions"}],"predecessor-version":[{"id":1664,"href":"https:\/\/eschringen.de\/wordpress\/wp-json\/wp\/v2\/pages\/1661\/revisions\/1664"}],"up":[{"embeddable":true,"href":"https:\/\/eschringen.de\/wordpress\/wp-json\/wp\/v2\/pages\/403"}],"wp:attachment":[{"href":"https:\/\/eschringen.de\/wordpress\/wp-json\/wp\/v2\/media?parent=1661"}],"curies":[{"name":"wp","href":"https:\/\/api.w.org\/{rel}","templated":true}]}}