{"id":161,"date":"2017-02-02T13:51:29","date_gmt":"2017-02-02T12:51:29","guid":{"rendered":"http:\/\/eschringen.de\/wordpress\/?page_id=161"},"modified":"2022-08-20T08:35:12","modified_gmt":"2022-08-20T06:35:12","slug":"route-6","status":"publish","type":"page","link":"https:\/\/eschringen.de\/wordpress\/der-ort\/rundgaenge\/route-6\/","title":{"rendered":"Route 6"},"content":{"rendered":"\n<p><strong>Route 6 &#8211; <span style=\"color: #0000ff;\">Auf zu den \u201ePreu\u00dfen\u201c: einmal Fechingen und zur\u00fcck<\/span><\/strong><\/p>\n\n\n\n<p>Wir beginnen unsere gro\u00dfe Rundwanderung vom Gasthaus &#8222;Zur neuen Simbach&#8220; in der Andreas-Kremp-Str. 5 aus. Hier bestehen Park- und nat\u00fcrlich auch Einkehrm\u00f6glichkeiten. Von der Bachbr\u00fccke aus gehen wir zur Einm\u00fcndung in die Hauptstra\u00dfe, biegen an der B\u00e4ckerei Schwartz nach links Richtung Ortsausgang. Wir passieren nach ca. 100 m den &#8222;<a href=\"http:\/\/eschringen.de\/wordpress\/der-ort\/sehenswertes\/eschringer-hof\/\">Eschringer Hof<\/a>, der Mitte des 19. Jahrhunderts errichtet wurde und der Saarbr\u00fccker Brauerfamilie Bruch als Hofgut diente. <a href=\"http:\/\/eschringen.de\/wordpress\/die-menschen\/steckbriefe\/gustav-samuel-daniel-bruch\/\">Gustav Daniel Bruch<\/a>, der politisch liberal eingestellt und ein Anh\u00e4nger der Freiheitsbewegung von 1848 war, nutzte die Tatsache, dass sich der Hof im K\u00f6nigreich Bayern befand, als R\u00fcckzugsst\u00e4tte vor Nachstellungen der preu\u00dfischen Obrigkeit.<\/p>\n\n\n\n<iframe loading=\"lazy\" src=\"https:\/\/www.google.com\/maps\/d\/embed?mid=1Dk8CFkSb6gtYMZPRw8xTBXmDV7c7OvpI\" width=\"800\" height=\"600\"><\/iframe>\n\n\n\n<p>Keine 200 m weiter auf der rechten Seite befindet sich das ehemalige Stra\u00dfenbahndepot; es diente von 1913 bis 1965 als Reparaturwerkstatt und Ab- und Unterstellgeb\u00e4ude f\u00fcr die hier im Einsatz befindlichen Stra\u00dfenbahnen. Irritieren d\u00fcrfte den Wanderer der Name der davor gelegenen Bushaltestelle &#8222;Am H\u00f6llweg&#8220;. Einen \u00f6ffentlichen Weg gibt es n\u00e4mlich l\u00e4ngst nicht mehr. Der Flurname weist lediglich daraufhin, dass von hier aus einst ein Weg zur Eschringer Richtst\u00e4tte (siehe Flur &#8222;An der Galgenhecke&#8220;) f\u00fchrte.<\/p>\n\n\n<div class=\"wp-block-image\">\n<figure class=\"alignright size-full\"><img data-recalc-dims=\"1\" loading=\"lazy\" decoding=\"async\" width=\"300\" height=\"190\" src=\"https:\/\/i0.wp.com\/eschringen.de\/wordpress\/wp-content\/uploads\/2022\/08\/leitzenbruch.jpg?resize=300%2C190&#038;ssl=1\" alt=\"\" class=\"wp-image-3597\"\/><figcaption>Blick auf den Leitzenbruch<\/figcaption><\/figure>\n<\/div>\n\n\n<p>Hinter dem Depot gehen wir rechts die leicht ansteigende Stra\u00dfe &#8222;Am Erlenhain&#8220; aufw\u00e4rts. Sie f\u00fchrt geradewegs zum alten Weg nach Fechingen, der bis zum Bau der Landstra\u00dfe L 107 als einzige Verbindung zum Nachbardorf diente. Nach dem wir die letzten H\u00e4user passieren, sehen wir zur Linken das kleine (sagenumwobene) Waldst\u00fcck &#8222;Am Sch\u00f6pfchen&#8220;, zur rechten den Vierherrenwald. Dieses \u00fcber die Jahrhunderte hinweg stetig verkleinerte Waldgebiet geh\u00f6rte anteilm\u00e4\u00dfig den vier&nbsp;Grundherren, w\u00e4hrend der Napoleonischen Zeit dem Kaiser (&#8222;for\u00eat imperial&#8220;). Am letzten Eck des Waldes stand nicht nur ein inzwischen verschwundener Landesgrenzstein, sondern im 19. Jahrhundert auch eine bayerische Zollstation, von der allerdings keine Spuren mehr \u00fcbriggeblieben sind.<\/p>\n\n\n\n<p>Wir gehen den H\u00f6henweg zwischen den \u00c4ckern und Wiesen weiter, blicken rechts zum Gebberg hoch, der einst den Fechingern als Hochgericht diente (fr\u00fcher hie\u00df er &#8222;Scharberg&#8220;), wegen des Abbaus von Gips aber dann nach und nach einen neuen Namen erhielt. Bald taucht auch das alte Kopfsteinpflaster auf, und es geht langsam bergab nach Fechingen. An der Einm\u00fcndung in die Provinzialstra\u00dfe k\u00f6nnen wir uns entscheiden, ob wir noch einen kleinen Umweg \u00fcber die Fechinger &#8222;Alte-Kelter-Stra\u00dfe&#8220; nehmen oder gleich scharf links, am H\u00e4uschen des Fechinger Obst- und Gartenbauvereins die R\u00fcckkehr nach Eschringen antreten.<\/p>\n\n\n<div class=\"wp-block-image\">\n<figure class=\"alignleft size-full\"><img data-recalc-dims=\"1\" loading=\"lazy\" decoding=\"async\" width=\"300\" height=\"201\" src=\"https:\/\/i0.wp.com\/eschringen.de\/wordpress\/wp-content\/uploads\/2022\/08\/kronenmuehle-1.jpg?resize=300%2C201&#038;ssl=1\" alt=\"\" class=\"wp-image-3595\"\/><figcaption>Die Fechinger Kronenm\u00fchle<\/figcaption><\/figure>\n<\/div>\n\n\n<p>Auf alle F\u00e4lle passieren wir bald die alte &#8222;Kronenm\u00fchle&#8220; (benannt nach dem M\u00fcller Ludwig Kron, der 1796 die &#8222;ober Fechinger M\u00fchle&#8220; erworben hatte) und erreichen nach wenigen hundert Metern das kombinierte Hallen- und Freibad, an das sich das Ausflugslokal des Fechinger Sch\u00fctzenvereins Falke e. V. anschlie\u00dft. Von hier f\u00fchrt ein Feldwirtschaftsweg zur\u00fcck nach Eschringen. Das Tal des Fechinger Baches (bzw. Saarbachs) \u00f6ffnet sich nun und man blickt wieder auf die typische H\u00fcgellandschaft des Bliesgaus. An der alten Flur &#8222;Friedrichingen&#8220; vorbei erreichen wir bald Wiesen und Hecken, an denen sich vor Jahrhunderten ein Dorf namens &#8222;Benningen&#8220; befunden haben soll. Eine Ruhebank mit einem Hinweisschild verweist auf diese mittelalterliche W\u00fcstung und die dort angesiedelte Sage.<\/p>\n\n\n<div class=\"wp-block-image\">\n<figure class=\"alignright size-full\"><img data-recalc-dims=\"1\" loading=\"lazy\" decoding=\"async\" width=\"211\" height=\"300\" src=\"https:\/\/i0.wp.com\/eschringen.de\/wordpress\/wp-content\/uploads\/2022\/08\/benningen-1.jpg?resize=211%2C300&#038;ssl=1\" alt=\"\" class=\"wp-image-3558\"\/><figcaption>Ruhebank an der W\u00fcstung &#8222;Benningen&#8220;<\/figcaption><\/figure>\n<\/div>\n\n\n<p>Wir n\u00e4hern uns nun der alten bayerisch-preu\u00dfischen Grenze, passieren zuvor den Leitzenbruch, einen kleinen Zulauf zum Saarbach, der von nun an Eschringer Bach genannt werden darf. Vom Landesgrenzstein von 1842 (ehemalige Gemarkungsgrenze zum Nachbardorf Fechingen, die von 1816 bis 1918 auch als Territorialgrenze zwischen dem K\u00f6nigreich Bayern und dem K\u00f6nigreich Preu\u00dfen fungierte) an befinden wir uns wieder auf altem Eschringer Bann, erblicken schon bald den charakteristischen Zwiebelturm der St. Laurentiuskirche. Von &#8222;der Dumpf&#8220; aus biegen wir, an einem etwas versteckt liegenden Wegekreuz vor dem Anwesen Philippi, nach links in die Andreas-Kremp-Stra\u00dfe, passieren das Gefallenendenkmal (1963 erbaut) und den <a href=\"http:\/\/eschringen.de\/wordpress\/der-ort\/sehenswertes\/altes-schulhaus\/\">st\u00e4dtischen Kindergarten<\/a> an der Ecke zur Karl-Leidinger-Stra\u00dfe. Dieses Geb\u00e4ude war 1903 als (zweites) Schulhaus errichtet worden und fungierte in der Zeit, als Eschringen selbst\u00e4ndige Gemeinde war, als Rathaus. Von hier aus sind es nur noch wenige Meter zur\u00fcck zum Ausgangspunkt der Wanderung, dem Gasthaus &#8222;Zur neuen Simbach&#8220;.<\/p>\n\n\n\n<p><strong>L\u00e4nge:<\/strong> ca. 6,5 km<br><strong>Dauer:<\/strong> 2 &#8211; 2\u00bd Stunden<br><strong>H\u00f6henlage:<\/strong> 270-300 m<\/p>\n\n\n\n<p><span style=\"color: #ff0000;\"><strong>NEU! &#8211; GPS-Daten:<\/strong><\/span>&nbsp;<a href=\"http:\/\/www.eschringen.de\/wordpress\/wp-content\/GPS\/Route_6.gpx\">Route 6<\/a><\/p>\n","protected":false},"excerpt":{"rendered":"<p>Route 6 &#8211; Auf zu den \u201ePreu\u00dfen\u201c: einmal Fechingen und zur\u00fcck Wir beginnen unsere gro\u00dfe Rundwanderung vom Gasthaus &#8222;Zur neuen Simbach&#8220; in der Andreas-Kremp-Str. 5 aus. Hier bestehen Park- und nat\u00fcrlich auch Einkehrm\u00f6glichkeiten. Von der Bachbr\u00fccke aus gehen wir zur Einm\u00fcndung in die Hauptstra\u00dfe, biegen an der B\u00e4ckerei Schwartz nach links Richtung Ortsausgang. Wir passieren &#8230; <a title=\"Route 6\" class=\"read-more\" href=\"https:\/\/eschringen.de\/wordpress\/der-ort\/rundgaenge\/route-6\/\" aria-label=\"Mehr Informationen \u00fcber Route 6\">Weiterlesen &#8230;<\/a><\/p>\n","protected":false},"author":1,"featured_media":0,"parent":119,"menu_order":6,"comment_status":"closed","ping_status":"closed","template":"","meta":{"ngg_post_thumbnail":0,"footnotes":""},"class_list":["post-161","page","type-page","status-publish"],"yoast_head":"<!-- This site is optimized with the Yoast SEO plugin v27.5 - https:\/\/yoast.com\/product\/yoast-seo-wordpress\/ -->\n<title>Route 6 - Auf zu den \u201ePreu\u00dfen\u201c: einmal Fechingen und zur\u00fcck<\/title>\n<meta name=\"robots\" content=\"index, follow, max-snippet:-1, max-image-preview:large, max-video-preview:-1\" \/>\n<link rel=\"canonical\" href=\"https:\/\/eschringen.de\/wordpress\/der-ort\/rundgaenge\/route-6\/\" \/>\n<meta property=\"og:locale\" content=\"de_DE\" \/>\n<meta property=\"og:type\" content=\"article\" \/>\n<meta property=\"og:title\" content=\"Route 6 - Auf zu den \u201ePreu\u00dfen\u201c: einmal Fechingen und zur\u00fcck\" \/>\n<meta property=\"og:description\" content=\"Route 6 &#8211; Auf zu den \u201ePreu\u00dfen\u201c: einmal Fechingen und zur\u00fcck Wir beginnen unsere gro\u00dfe Rundwanderung vom Gasthaus &#8222;Zur neuen Simbach&#8220; in der Andreas-Kremp-Str. 5 aus. Hier bestehen Park- und nat\u00fcrlich auch Einkehrm\u00f6glichkeiten. Von der Bachbr\u00fccke aus gehen wir zur Einm\u00fcndung in die Hauptstra\u00dfe, biegen an der B\u00e4ckerei Schwartz nach links Richtung Ortsausgang. Wir passieren ... Weiterlesen ...\" \/>\n<meta property=\"og:url\" content=\"https:\/\/eschringen.de\/wordpress\/der-ort\/rundgaenge\/route-6\/\" \/>\n<meta property=\"og:site_name\" content=\"Eschringen\" \/>\n<meta property=\"article:modified_time\" content=\"2022-08-20T06:35:12+00:00\" \/>\n<meta property=\"og:image\" content=\"https:\/\/eschringen.de\/wordpress\/wp-content\/uploads\/2022\/08\/leitzenbruch.jpg\" \/>\n<meta name=\"twitter:card\" content=\"summary_large_image\" \/>\n<meta name=\"twitter:label1\" content=\"Gesch\u00e4tzte Lesezeit\" \/>\n\t<meta name=\"twitter:data1\" content=\"5\u00a0Minuten\" \/>\n<script type=\"application\/ld+json\" class=\"yoast-schema-graph\">{\"@context\":\"https:\\\/\\\/schema.org\",\"@graph\":[{\"@type\":\"WebPage\",\"@id\":\"https:\\\/\\\/eschringen.de\\\/wordpress\\\/der-ort\\\/rundgaenge\\\/route-6\\\/\",\"url\":\"https:\\\/\\\/eschringen.de\\\/wordpress\\\/der-ort\\\/rundgaenge\\\/route-6\\\/\",\"name\":\"Route 6 - Auf zu den \u201ePreu\u00dfen\u201c: einmal Fechingen und zur\u00fcck\",\"isPartOf\":{\"@id\":\"https:\\\/\\\/eschringen.de\\\/wordpress\\\/#website\"},\"primaryImageOfPage\":{\"@id\":\"https:\\\/\\\/eschringen.de\\\/wordpress\\\/der-ort\\\/rundgaenge\\\/route-6\\\/#primaryimage\"},\"image\":{\"@id\":\"https:\\\/\\\/eschringen.de\\\/wordpress\\\/der-ort\\\/rundgaenge\\\/route-6\\\/#primaryimage\"},\"thumbnailUrl\":\"https:\\\/\\\/eschringen.de\\\/wordpress\\\/wp-content\\\/uploads\\\/2022\\\/08\\\/leitzenbruch.jpg\",\"datePublished\":\"2017-02-02T12:51:29+00:00\",\"dateModified\":\"2022-08-20T06:35:12+00:00\",\"breadcrumb\":{\"@id\":\"https:\\\/\\\/eschringen.de\\\/wordpress\\\/der-ort\\\/rundgaenge\\\/route-6\\\/#breadcrumb\"},\"inLanguage\":\"de\",\"potentialAction\":[{\"@type\":\"ReadAction\",\"target\":[\"https:\\\/\\\/eschringen.de\\\/wordpress\\\/der-ort\\\/rundgaenge\\\/route-6\\\/\"]}]},{\"@type\":\"ImageObject\",\"inLanguage\":\"de\",\"@id\":\"https:\\\/\\\/eschringen.de\\\/wordpress\\\/der-ort\\\/rundgaenge\\\/route-6\\\/#primaryimage\",\"url\":\"https:\\\/\\\/i0.wp.com\\\/eschringen.de\\\/wordpress\\\/wp-content\\\/uploads\\\/2022\\\/08\\\/leitzenbruch.jpg?fit=300%2C190&ssl=1\",\"contentUrl\":\"https:\\\/\\\/i0.wp.com\\\/eschringen.de\\\/wordpress\\\/wp-content\\\/uploads\\\/2022\\\/08\\\/leitzenbruch.jpg?fit=300%2C190&ssl=1\",\"width\":300,\"height\":190},{\"@type\":\"BreadcrumbList\",\"@id\":\"https:\\\/\\\/eschringen.de\\\/wordpress\\\/der-ort\\\/rundgaenge\\\/route-6\\\/#breadcrumb\",\"itemListElement\":[{\"@type\":\"ListItem\",\"position\":1,\"name\":\"Startseite\",\"item\":\"https:\\\/\\\/eschringen.de\\\/wordpress\\\/\"},{\"@type\":\"ListItem\",\"position\":2,\"name\":\"Der Ort\",\"item\":\"https:\\\/\\\/eschringen.de\\\/wordpress\\\/der-ort\\\/\"},{\"@type\":\"ListItem\",\"position\":3,\"name\":\"Rundg\u00e4nge\",\"item\":\"https:\\\/\\\/eschringen.de\\\/wordpress\\\/der-ort\\\/rundgaenge\\\/\"},{\"@type\":\"ListItem\",\"position\":4,\"name\":\"Route 6\"}]},{\"@type\":\"WebSite\",\"@id\":\"https:\\\/\\\/eschringen.de\\\/wordpress\\\/#website\",\"url\":\"https:\\\/\\\/eschringen.de\\\/wordpress\\\/\",\"name\":\"Eschringen\",\"description\":\"\",\"publisher\":{\"@id\":\"https:\\\/\\\/eschringen.de\\\/wordpress\\\/#organization\"},\"potentialAction\":[{\"@type\":\"SearchAction\",\"target\":{\"@type\":\"EntryPoint\",\"urlTemplate\":\"https:\\\/\\\/eschringen.de\\\/wordpress\\\/?s={search_term_string}\"},\"query-input\":{\"@type\":\"PropertyValueSpecification\",\"valueRequired\":true,\"valueName\":\"search_term_string\"}}],\"inLanguage\":\"de\"},{\"@type\":\"Organization\",\"@id\":\"https:\\\/\\\/eschringen.de\\\/wordpress\\\/#organization\",\"name\":\"Eschringen\",\"url\":\"https:\\\/\\\/eschringen.de\\\/wordpress\\\/\",\"logo\":{\"@type\":\"ImageObject\",\"inLanguage\":\"de\",\"@id\":\"https:\\\/\\\/eschringen.de\\\/wordpress\\\/#\\\/schema\\\/logo\\\/image\\\/\",\"url\":\"https:\\\/\\\/eschringen.de\\\/wordpress\\\/wp-content\\\/uploads\\\/2017\\\/03\\\/2017_kw15.jpg\",\"contentUrl\":\"https:\\\/\\\/eschringen.de\\\/wordpress\\\/wp-content\\\/uploads\\\/2017\\\/03\\\/2017_kw15.jpg\",\"width\":784,\"height\":447,\"caption\":\"Eschringen\"},\"image\":{\"@id\":\"https:\\\/\\\/eschringen.de\\\/wordpress\\\/#\\\/schema\\\/logo\\\/image\\\/\"}}]}<\/script>\n<!-- \/ Yoast SEO plugin. -->","yoast_head_json":{"title":"Route 6 - Auf zu den \u201ePreu\u00dfen\u201c: einmal Fechingen und zur\u00fcck","robots":{"index":"index","follow":"follow","max-snippet":"max-snippet:-1","max-image-preview":"max-image-preview:large","max-video-preview":"max-video-preview:-1"},"canonical":"https:\/\/eschringen.de\/wordpress\/der-ort\/rundgaenge\/route-6\/","og_locale":"de_DE","og_type":"article","og_title":"Route 6 - Auf zu den \u201ePreu\u00dfen\u201c: einmal Fechingen und zur\u00fcck","og_description":"Route 6 &#8211; Auf zu den \u201ePreu\u00dfen\u201c: einmal Fechingen und zur\u00fcck Wir beginnen unsere gro\u00dfe Rundwanderung vom Gasthaus &#8222;Zur neuen Simbach&#8220; in der Andreas-Kremp-Str. 5 aus. Hier bestehen Park- und nat\u00fcrlich auch Einkehrm\u00f6glichkeiten. Von der Bachbr\u00fccke aus gehen wir zur Einm\u00fcndung in die Hauptstra\u00dfe, biegen an der B\u00e4ckerei Schwartz nach links Richtung Ortsausgang. Wir passieren ... Weiterlesen ...","og_url":"https:\/\/eschringen.de\/wordpress\/der-ort\/rundgaenge\/route-6\/","og_site_name":"Eschringen","article_modified_time":"2022-08-20T06:35:12+00:00","og_image":[{"url":"https:\/\/eschringen.de\/wordpress\/wp-content\/uploads\/2022\/08\/leitzenbruch.jpg","type":"","width":"","height":""}],"twitter_card":"summary_large_image","twitter_misc":{"Gesch\u00e4tzte Lesezeit":"5\u00a0Minuten"},"schema":{"@context":"https:\/\/schema.org","@graph":[{"@type":"WebPage","@id":"https:\/\/eschringen.de\/wordpress\/der-ort\/rundgaenge\/route-6\/","url":"https:\/\/eschringen.de\/wordpress\/der-ort\/rundgaenge\/route-6\/","name":"Route 6 - Auf zu den \u201ePreu\u00dfen\u201c: einmal Fechingen und zur\u00fcck","isPartOf":{"@id":"https:\/\/eschringen.de\/wordpress\/#website"},"primaryImageOfPage":{"@id":"https:\/\/eschringen.de\/wordpress\/der-ort\/rundgaenge\/route-6\/#primaryimage"},"image":{"@id":"https:\/\/eschringen.de\/wordpress\/der-ort\/rundgaenge\/route-6\/#primaryimage"},"thumbnailUrl":"https:\/\/eschringen.de\/wordpress\/wp-content\/uploads\/2022\/08\/leitzenbruch.jpg","datePublished":"2017-02-02T12:51:29+00:00","dateModified":"2022-08-20T06:35:12+00:00","breadcrumb":{"@id":"https:\/\/eschringen.de\/wordpress\/der-ort\/rundgaenge\/route-6\/#breadcrumb"},"inLanguage":"de","potentialAction":[{"@type":"ReadAction","target":["https:\/\/eschringen.de\/wordpress\/der-ort\/rundgaenge\/route-6\/"]}]},{"@type":"ImageObject","inLanguage":"de","@id":"https:\/\/eschringen.de\/wordpress\/der-ort\/rundgaenge\/route-6\/#primaryimage","url":"https:\/\/i0.wp.com\/eschringen.de\/wordpress\/wp-content\/uploads\/2022\/08\/leitzenbruch.jpg?fit=300%2C190&ssl=1","contentUrl":"https:\/\/i0.wp.com\/eschringen.de\/wordpress\/wp-content\/uploads\/2022\/08\/leitzenbruch.jpg?fit=300%2C190&ssl=1","width":300,"height":190},{"@type":"BreadcrumbList","@id":"https:\/\/eschringen.de\/wordpress\/der-ort\/rundgaenge\/route-6\/#breadcrumb","itemListElement":[{"@type":"ListItem","position":1,"name":"Startseite","item":"https:\/\/eschringen.de\/wordpress\/"},{"@type":"ListItem","position":2,"name":"Der Ort","item":"https:\/\/eschringen.de\/wordpress\/der-ort\/"},{"@type":"ListItem","position":3,"name":"Rundg\u00e4nge","item":"https:\/\/eschringen.de\/wordpress\/der-ort\/rundgaenge\/"},{"@type":"ListItem","position":4,"name":"Route 6"}]},{"@type":"WebSite","@id":"https:\/\/eschringen.de\/wordpress\/#website","url":"https:\/\/eschringen.de\/wordpress\/","name":"Eschringen","description":"","publisher":{"@id":"https:\/\/eschringen.de\/wordpress\/#organization"},"potentialAction":[{"@type":"SearchAction","target":{"@type":"EntryPoint","urlTemplate":"https:\/\/eschringen.de\/wordpress\/?s={search_term_string}"},"query-input":{"@type":"PropertyValueSpecification","valueRequired":true,"valueName":"search_term_string"}}],"inLanguage":"de"},{"@type":"Organization","@id":"https:\/\/eschringen.de\/wordpress\/#organization","name":"Eschringen","url":"https:\/\/eschringen.de\/wordpress\/","logo":{"@type":"ImageObject","inLanguage":"de","@id":"https:\/\/eschringen.de\/wordpress\/#\/schema\/logo\/image\/","url":"https:\/\/eschringen.de\/wordpress\/wp-content\/uploads\/2017\/03\/2017_kw15.jpg","contentUrl":"https:\/\/eschringen.de\/wordpress\/wp-content\/uploads\/2017\/03\/2017_kw15.jpg","width":784,"height":447,"caption":"Eschringen"},"image":{"@id":"https:\/\/eschringen.de\/wordpress\/#\/schema\/logo\/image\/"}}]}},"jetpack_sharing_enabled":true,"_links":{"self":[{"href":"https:\/\/eschringen.de\/wordpress\/wp-json\/wp\/v2\/pages\/161","targetHints":{"allow":["GET"]}}],"collection":[{"href":"https:\/\/eschringen.de\/wordpress\/wp-json\/wp\/v2\/pages"}],"about":[{"href":"https:\/\/eschringen.de\/wordpress\/wp-json\/wp\/v2\/types\/page"}],"author":[{"embeddable":true,"href":"https:\/\/eschringen.de\/wordpress\/wp-json\/wp\/v2\/users\/1"}],"replies":[{"embeddable":true,"href":"https:\/\/eschringen.de\/wordpress\/wp-json\/wp\/v2\/comments?post=161"}],"version-history":[{"count":7,"href":"https:\/\/eschringen.de\/wordpress\/wp-json\/wp\/v2\/pages\/161\/revisions"}],"predecessor-version":[{"id":3640,"href":"https:\/\/eschringen.de\/wordpress\/wp-json\/wp\/v2\/pages\/161\/revisions\/3640"}],"up":[{"embeddable":true,"href":"https:\/\/eschringen.de\/wordpress\/wp-json\/wp\/v2\/pages\/119"}],"wp:attachment":[{"href":"https:\/\/eschringen.de\/wordpress\/wp-json\/wp\/v2\/media?parent=161"}],"curies":[{"name":"wp","href":"https:\/\/api.w.org\/{rel}","templated":true}]}}