{"id":148,"date":"2017-02-01T14:06:14","date_gmt":"2017-02-01T13:06:14","guid":{"rendered":"http:\/\/eschringen.de\/wordpress\/?page_id=148"},"modified":"2022-08-20T08:26:51","modified_gmt":"2022-08-20T06:26:51","slug":"route-8","status":"publish","type":"page","link":"https:\/\/eschringen.de\/wordpress\/der-ort\/rundgaenge\/route-8\/","title":{"rendered":"Route 8"},"content":{"rendered":"\n<p><strong>Route 8 &#8211; <span style=\"color: #0000ff;\">Auf zum Hartungshof und zur\u00fcck<\/span><\/strong><\/p>\n\n\n\n<p>Wir beginnen unsere Wanderung am Gasthaus &#8222;Bawette Peter&#8220;, passieren das alte, efeubewachsene <a href=\"http:\/\/eschringen.de\/wordpress\/der-ort\/sehenswertes\/wegekreuze\/\">Wegekreuz<\/a>&nbsp;und marschieren die Gr\u00e4finthaler Stra\u00dfe hinauf. An einem weiteren <a href=\"http:\/\/eschringen.de\/wordpress\/der-ort\/sehenswertes\/wegekreuze\/\">Wegekreuz<\/a>, das 1901 errichtet wurde, biegen wir rechts ein und &#8222;erklimmen&#8220; im wahrsten Sinne des Wortes den &#8222;Griewebersch&#8220; (so im Volksmund benannt nach den &#8222;Griewe&#8220;, einem Abfallprodukt beim Kalkbrennen, das vom unterhalb gelegenen ehemaligen Kalkofen hier urspr\u00fcnglich abgelagert wurde). Es geht recht steil hoch \u00fcber Kopfsteinpflaster. Die meisten H\u00e4user wurden hier erst nach dem 2. Weltkrieg erbaut.<br>Am B\u00e4rentrisch-Brunnen&nbsp;m\u00fcndet die Gr\u00e4finthaler Stra\u00dfe in den Gr\u00e4finthaler Weg, der &#8211; wie der Name vermuten l\u00e4sst &#8211; zum Kloster Gr\u00e4finthal f\u00fchrt und bis heute auch als Wallfahrtsweg genutzt wird. Am alten Wasserbeh\u00e4lter (von 1922) vorbei marschieren wir weiter die H\u00f6he hinauf.<\/p>\n\n\n\n<iframe loading=\"lazy\" src=\"https:\/\/www.google.com\/maps\/d\/embed?mid=11sTPYnKi9EegdvLkEq_WED4xi3ChNatf\" width=\"800\" height=\"600\"><\/iframe>\n\n\n<div class=\"wp-block-image\">\n<figure class=\"alignleft size-full\"><img data-recalc-dims=\"1\" loading=\"lazy\" decoding=\"async\" width=\"300\" height=\"236\" src=\"https:\/\/i0.wp.com\/eschringen.de\/wordpress\/wp-content\/uploads\/2022\/08\/monument-1.jpg?resize=300%2C236&#038;ssl=1\" alt=\"\" class=\"wp-image-3598\"\/><\/figure>\n<\/div>\n\n\n<p>Am Waldrand m\u00fcndet ein Weg (Beginn des \u201e<a href=\"http:\/\/eschringen.de\/wordpress\/der-ort\/rundgaenge\/route-7\/\">Eschringer Grenzsteinlehrpfads<\/a>\u201c)&nbsp;links ein, der erst in den 1970er Jahren angelegt worden war. An originaler Stelle steht seit Sommer 2004 wieder ein renovierter Grenzstein aus dem Jahre 1768, der zum Ensemble des 2002-2003 errichteten Grenzsteinmonuments&nbsp;geh\u00f6rt. Hier verl\u00e4uft bis heute die Grenze zwischen dem Stadtverband Saarbr\u00fccken und dem Saarpfalz-Kreis. Bis zum Eintreffen der Franz\u00f6sischen Revolution 1792 grenzten hier auch das F\u00fcrstentum Nassau-Saarbr\u00fccken und die Reichsherrschaft Blieskastel\/von der Leyen aneinander.<\/p>\n\n\n<div class=\"wp-block-image\">\n<figure class=\"alignright size-full\"><img data-recalc-dims=\"1\" loading=\"lazy\" decoding=\"async\" width=\"188\" height=\"300\" src=\"https:\/\/i0.wp.com\/eschringen.de\/wordpress\/wp-content\/uploads\/2022\/08\/dreibaenner1.jpg?resize=188%2C300&#038;ssl=1\" alt=\"\" class=\"wp-image-3567\"\/><\/figure>\n<\/div>\n\n\n<p>Nach einer eventuellen Verschnaufpause auf der Ruhebank am Grenzsteinmonument setzen wir unsere Wanderung Richtung \u201e\u00dcberwald\u201c, entlang der wei\u00df-roten Markierungen (Saarland-Rundwanderweg), fort. Nach etwa 50 m, kurz vor einem alpenl\u00e4ndischen Wegekreuz, biegen wir links ab, passieren eine Schranke und folgen dem Waldweg. Durch die B\u00e4ume hindurch ist linkerhand der Ponsheimer Hof zu erkennen. Nach ca. 250 m. m\u00fcndet von links ein Teilst\u00fcck des parallel verlaufenden Grenzsteinlehrpfads in unseren Gr\u00e4finthaler Weg ein. Ab hier gehen wir wieder ein St\u00fcck der Banngrenze zwischen Ormesheim und Eschringen entlang. Schlie\u00dflich passieren wir linkerhand eine gro\u00dfe Wiesenfl\u00e4che, die im Volksmund auch \u201ePanzerwiese\u201c genannt wird. Amerikanische Panzer fuhren hier Mitte M\u00e4rz 1945 von der Blies kommend den Hang Richtung Ormesheim herunter.<br>Wir haben nun die Kreis- und auch Gemarkungsgrenze von Ormesheim, Bliesransbach und Eschringen erreicht. Hier steht seit 1999 der wiedererrichtete Dreibanngrenzstein von 1768, und hier endet auch der Eschringer Grenzsteinlehrpfad.&nbsp;Dank einer Ruhebank kann man&nbsp;verweilen und hat einen herrlichen Blick auf das Saarbachtal, Ensheim (inkl. \u201eAirport\u201c) und den Karlshof.<\/p>\n\n\n<div class=\"wp-block-image\">\n<figure class=\"alignleft size-full\"><img data-recalc-dims=\"1\" loading=\"lazy\" decoding=\"async\" width=\"350\" height=\"243\" src=\"https:\/\/i0.wp.com\/eschringen.de\/wordpress\/wp-content\/uploads\/2022\/08\/hartungshof2.jpg?resize=350%2C243&#038;ssl=1\" alt=\"\" class=\"wp-image-3584\" srcset=\"https:\/\/i0.wp.com\/eschringen.de\/wordpress\/wp-content\/uploads\/2022\/08\/hartungshof2.jpg?w=350&amp;ssl=1 350w, https:\/\/i0.wp.com\/eschringen.de\/wordpress\/wp-content\/uploads\/2022\/08\/hartungshof2.jpg?resize=300%2C208&amp;ssl=1 300w\" sizes=\"auto, (max-width: 350px) 100vw, 350px\" \/><\/figure>\n<\/div>\n\n<div class=\"wp-block-image\">\n<figure class=\"alignright size-full\"><img data-recalc-dims=\"1\" loading=\"lazy\" decoding=\"async\" width=\"219\" height=\"300\" src=\"https:\/\/i0.wp.com\/eschringen.de\/wordpress\/wp-content\/uploads\/2022\/08\/kreuz.jpg?resize=219%2C300&#038;ssl=1\" alt=\"\" class=\"wp-image-3590\"\/><\/figure>\n<\/div>\n\n<div class=\"wp-block-image\">\n<figure class=\"alignleft size-full\"><img data-recalc-dims=\"1\" loading=\"lazy\" decoding=\"async\" width=\"300\" height=\"205\" src=\"https:\/\/i0.wp.com\/eschringen.de\/wordpress\/wp-content\/uploads\/2022\/08\/ehrenmal-1.jpg?resize=300%2C205&#038;ssl=1\" alt=\"\" class=\"wp-image-3569\"\/><\/figure>\n<\/div>\n\n\n<p>Wir setzen den Weg entlang des Schorrenwalds nach S\u00fcden fort bis zu einer Wegegabelung. Hier trefen der Saarland-Rundwanderweg (Bliesgauschleife) und der Saar-Mosel-Weg aufeinander. Wir folgen letzterem (roter Punkt) westw\u00e4rts und erreichen nach etwa 800 m den zu Bliesransbach geh\u00f6renden Hartungshof.&nbsp; Das Gut wurde 1827 von dem Saarbr\u00fccker Kaufmann Traugott Hartung aufgebaut und war im Winter 1944\/45 \u201ehei\u00df\u201c umk\u00e4mpft.<br>Wir wandern mitten durch das Hofgel\u00e4nde, den Saar-Mosel-Weg-Zeichen folgend, biegen scharf rechts, an einem Wegekreuz&nbsp;ein und gehen den Ransbacher Berg (368 m) hinauf. Rechterhand passieren wir einige Beobachtungsbunker aus dem 2. Weltkrieg und gelangen schlie\u00dflich an eine Gedenkst\u00e4tte f\u00fcr den am 28. Februar 1932 hier von Wilderern ermordeten Jagdh\u00fcter Nikolaus Kessler. Nun ist es nicht mehr weit bis zur sog. \u201eLothringer Spitz\u201c. Hier stand einst ein m\u00e4chtiger Vierbannstein, zeitweise wohl auch auf einem, im 19. Jahrhundert eingeebneten keltischen H\u00fcgelgrab. An diesem an sich markanten, aber heute unauff\u00e4lligen Grenzpunkt trafen die B\u00e4nne von Bliesransbach, Kleinblittersdorf, Fechingen und Eschringen aufeinander. Das bis 1766 lothringische Kleinblittersdorf ragte nur mit einer schmalen Spitze in diese Grenzfl\u00e4che hinein, gab somit diesem Punkt den volkst\u00fcmlichen Namen.<br>Der Saar-Mosel-Weg (und auch der Jakobsweg) folgt nun linkerhand dem sog. \u201eDragonerweg\u201c (abgeleitet von dem franz\u00f6sischen Wort \u201ebraconnier\u201c f\u00fcr \u201eWilddieb\u201c) Richtung Fechingen; wir hingegen gehen geradeaus den Bliesransbacher Weg hinunter, ein St\u00fcck entlang der ehemaligen Banngrenze zwischen Fechingen und Eschringen (von 1816-1918 auch Landesgrenze zwischen den K\u00f6nigreichen Preu\u00dfen und Bayern). Wir passieren bald rechterhand ein vom NABU Eschringen-Ensheim angelegtes Biotop und gelangen an einer Schranke aus dem Wald heraus, schauen nunmehr auf Eschringen, vor allem auf die Schule und den Sportplatz des TuS Eschringen.<br>Es geht vorbei an einer Wiesenfl\u00e4che, wo sich einst ein r\u00f6mischer Bauernhof befand, und vorbei am vom Musikverein &#8222;Lyra&#8220; 1998 neu errichteten &#8222;Willerbrunnen&#8220; die Andreas-Kremp-Stra\u00dfe steil hinunter. Das Bild beherrscht nun eindeutig die zwischen den Jahren 1928 und 1930 auf dem Bu\u00dfberg erbaute katholische <a href=\"http:\/\/eschringen.de\/wordpress\/der-ort\/sehenswertes\/pfarrkirche\/\">Pfarrkirche St. Laurentius<\/a>&nbsp;mit seinem charakteristischen Zwiebelturm. Schr\u00e4g gegen\u00fcber dem ehemaligen Rathaus wurde 1963 ein Ehrenmal f\u00fcr die Gefallenen der beiden Weltkriege&nbsp;errichtet. Wir biegen rechts in die Karl-Leidinger-Stra\u00dfe ein und gelangen schlie\u00dflich wieder an das Gasthaus \u201eBawette Peter\u201c.<\/p>\n\n\n\n<p><strong>L\u00e4nge:<\/strong> ca. 5,5 km<br><strong>Dauer:<\/strong> 1 \u00bd &#8211; 2 Stunden<br><strong>H\u00f6henlage:<\/strong> 240 &#8211; 350 m<br><strong>Bemerkung:<\/strong> festes Schuhwerk ist &#8211; je nach Witterung &#8211; sinnvoll, vor allem auf den Waldwegen.<\/p>\n\n\n\n<p><span style=\"color: #ff0000;\"><strong>NEU! &#8211; GPS-Daten:<\/strong><\/span>&nbsp;<a href=\"http:\/\/www.eschringen.de\/wordpress\/wp-content\/GPS\/Route_8.gpx\">Route 8<\/a><\/p>\n\n\n\n<p>Weitere Details siehe Teilstrecke <a href=\"http:\/\/eschringen.de\/wordpress\/der-ort\/rundgaenge\/route-1\/\">Route 1<\/a><\/p>\n","protected":false},"excerpt":{"rendered":"<p>Route 8 &#8211; Auf zum Hartungshof und zur\u00fcck Wir beginnen unsere Wanderung am Gasthaus &#8222;Bawette Peter&#8220;, passieren das alte, efeubewachsene Wegekreuz&nbsp;und marschieren die Gr\u00e4finthaler Stra\u00dfe hinauf. An einem weiteren Wegekreuz, das 1901 errichtet wurde, biegen wir rechts ein und &#8222;erklimmen&#8220; im wahrsten Sinne des Wortes den &#8222;Griewebersch&#8220; (so im Volksmund benannt nach den &#8222;Griewe&#8220;, einem &#8230; <a title=\"Route 8\" class=\"read-more\" href=\"https:\/\/eschringen.de\/wordpress\/der-ort\/rundgaenge\/route-8\/\" aria-label=\"Mehr Informationen \u00fcber Route 8\">Weiterlesen &#8230;<\/a><\/p>\n","protected":false},"author":1,"featured_media":0,"parent":119,"menu_order":8,"comment_status":"closed","ping_status":"closed","template":"","meta":{"ngg_post_thumbnail":0,"footnotes":""},"class_list":["post-148","page","type-page","status-publish"],"yoast_head":"<!-- This site is optimized with the Yoast SEO plugin v27.4 - https:\/\/yoast.com\/product\/yoast-seo-wordpress\/ -->\n<title>Route 8 - Auf zum Hartungshof und zur\u00fcck - Rundg\u00e4nge<\/title>\n<meta name=\"robots\" content=\"index, follow, max-snippet:-1, max-image-preview:large, max-video-preview:-1\" \/>\n<link rel=\"canonical\" href=\"https:\/\/eschringen.de\/wordpress\/der-ort\/rundgaenge\/route-8\/\" \/>\n<meta property=\"og:locale\" content=\"de_DE\" \/>\n<meta property=\"og:type\" content=\"article\" \/>\n<meta property=\"og:title\" content=\"Route 8 - Auf zum Hartungshof und zur\u00fcck - Rundg\u00e4nge\" \/>\n<meta property=\"og:description\" content=\"Route 8 &#8211; Auf zum Hartungshof und zur\u00fcck Wir beginnen unsere Wanderung am Gasthaus &#8222;Bawette Peter&#8220;, passieren das alte, efeubewachsene Wegekreuz&nbsp;und marschieren die Gr\u00e4finthaler Stra\u00dfe hinauf. An einem weiteren Wegekreuz, das 1901 errichtet wurde, biegen wir rechts ein und &#8222;erklimmen&#8220; im wahrsten Sinne des Wortes den &#8222;Griewebersch&#8220; (so im Volksmund benannt nach den &#8222;Griewe&#8220;, einem ... Weiterlesen ...\" \/>\n<meta property=\"og:url\" content=\"https:\/\/eschringen.de\/wordpress\/der-ort\/rundgaenge\/route-8\/\" \/>\n<meta property=\"og:site_name\" content=\"Eschringen\" \/>\n<meta property=\"article:modified_time\" content=\"2022-08-20T06:26:51+00:00\" \/>\n<meta property=\"og:image\" content=\"https:\/\/eschringen.de\/wordpress\/wp-content\/uploads\/2022\/08\/monument-1.jpg\" \/>\n<meta name=\"twitter:card\" content=\"summary_large_image\" \/>\n<meta name=\"twitter:label1\" content=\"Gesch\u00e4tzte Lesezeit\" \/>\n\t<meta name=\"twitter:data1\" content=\"6\u00a0Minuten\" \/>\n<script type=\"application\/ld+json\" class=\"yoast-schema-graph\">{\"@context\":\"https:\\\/\\\/schema.org\",\"@graph\":[{\"@type\":\"WebPage\",\"@id\":\"https:\\\/\\\/eschringen.de\\\/wordpress\\\/der-ort\\\/rundgaenge\\\/route-8\\\/\",\"url\":\"https:\\\/\\\/eschringen.de\\\/wordpress\\\/der-ort\\\/rundgaenge\\\/route-8\\\/\",\"name\":\"Route 8 - Auf zum Hartungshof und zur\u00fcck - Rundg\u00e4nge\",\"isPartOf\":{\"@id\":\"https:\\\/\\\/eschringen.de\\\/wordpress\\\/#website\"},\"primaryImageOfPage\":{\"@id\":\"https:\\\/\\\/eschringen.de\\\/wordpress\\\/der-ort\\\/rundgaenge\\\/route-8\\\/#primaryimage\"},\"image\":{\"@id\":\"https:\\\/\\\/eschringen.de\\\/wordpress\\\/der-ort\\\/rundgaenge\\\/route-8\\\/#primaryimage\"},\"thumbnailUrl\":\"https:\\\/\\\/eschringen.de\\\/wordpress\\\/wp-content\\\/uploads\\\/2022\\\/08\\\/monument-1.jpg\",\"datePublished\":\"2017-02-01T13:06:14+00:00\",\"dateModified\":\"2022-08-20T06:26:51+00:00\",\"breadcrumb\":{\"@id\":\"https:\\\/\\\/eschringen.de\\\/wordpress\\\/der-ort\\\/rundgaenge\\\/route-8\\\/#breadcrumb\"},\"inLanguage\":\"de\",\"potentialAction\":[{\"@type\":\"ReadAction\",\"target\":[\"https:\\\/\\\/eschringen.de\\\/wordpress\\\/der-ort\\\/rundgaenge\\\/route-8\\\/\"]}]},{\"@type\":\"ImageObject\",\"inLanguage\":\"de\",\"@id\":\"https:\\\/\\\/eschringen.de\\\/wordpress\\\/der-ort\\\/rundgaenge\\\/route-8\\\/#primaryimage\",\"url\":\"https:\\\/\\\/i0.wp.com\\\/eschringen.de\\\/wordpress\\\/wp-content\\\/uploads\\\/2022\\\/08\\\/monument-1.jpg?fit=300%2C236&ssl=1\",\"contentUrl\":\"https:\\\/\\\/i0.wp.com\\\/eschringen.de\\\/wordpress\\\/wp-content\\\/uploads\\\/2022\\\/08\\\/monument-1.jpg?fit=300%2C236&ssl=1\",\"width\":300,\"height\":236},{\"@type\":\"BreadcrumbList\",\"@id\":\"https:\\\/\\\/eschringen.de\\\/wordpress\\\/der-ort\\\/rundgaenge\\\/route-8\\\/#breadcrumb\",\"itemListElement\":[{\"@type\":\"ListItem\",\"position\":1,\"name\":\"Startseite\",\"item\":\"https:\\\/\\\/eschringen.de\\\/wordpress\\\/\"},{\"@type\":\"ListItem\",\"position\":2,\"name\":\"Der Ort\",\"item\":\"https:\\\/\\\/eschringen.de\\\/wordpress\\\/der-ort\\\/\"},{\"@type\":\"ListItem\",\"position\":3,\"name\":\"Rundg\u00e4nge\",\"item\":\"https:\\\/\\\/eschringen.de\\\/wordpress\\\/der-ort\\\/rundgaenge\\\/\"},{\"@type\":\"ListItem\",\"position\":4,\"name\":\"Route 8\"}]},{\"@type\":\"WebSite\",\"@id\":\"https:\\\/\\\/eschringen.de\\\/wordpress\\\/#website\",\"url\":\"https:\\\/\\\/eschringen.de\\\/wordpress\\\/\",\"name\":\"Eschringen\",\"description\":\"\",\"publisher\":{\"@id\":\"https:\\\/\\\/eschringen.de\\\/wordpress\\\/#organization\"},\"potentialAction\":[{\"@type\":\"SearchAction\",\"target\":{\"@type\":\"EntryPoint\",\"urlTemplate\":\"https:\\\/\\\/eschringen.de\\\/wordpress\\\/?s={search_term_string}\"},\"query-input\":{\"@type\":\"PropertyValueSpecification\",\"valueRequired\":true,\"valueName\":\"search_term_string\"}}],\"inLanguage\":\"de\"},{\"@type\":\"Organization\",\"@id\":\"https:\\\/\\\/eschringen.de\\\/wordpress\\\/#organization\",\"name\":\"Eschringen\",\"url\":\"https:\\\/\\\/eschringen.de\\\/wordpress\\\/\",\"logo\":{\"@type\":\"ImageObject\",\"inLanguage\":\"de\",\"@id\":\"https:\\\/\\\/eschringen.de\\\/wordpress\\\/#\\\/schema\\\/logo\\\/image\\\/\",\"url\":\"https:\\\/\\\/eschringen.de\\\/wordpress\\\/wp-content\\\/uploads\\\/2017\\\/03\\\/2017_kw15.jpg\",\"contentUrl\":\"https:\\\/\\\/eschringen.de\\\/wordpress\\\/wp-content\\\/uploads\\\/2017\\\/03\\\/2017_kw15.jpg\",\"width\":784,\"height\":447,\"caption\":\"Eschringen\"},\"image\":{\"@id\":\"https:\\\/\\\/eschringen.de\\\/wordpress\\\/#\\\/schema\\\/logo\\\/image\\\/\"}}]}<\/script>\n<!-- \/ Yoast SEO plugin. -->","yoast_head_json":{"title":"Route 8 - Auf zum Hartungshof und zur\u00fcck - Rundg\u00e4nge","robots":{"index":"index","follow":"follow","max-snippet":"max-snippet:-1","max-image-preview":"max-image-preview:large","max-video-preview":"max-video-preview:-1"},"canonical":"https:\/\/eschringen.de\/wordpress\/der-ort\/rundgaenge\/route-8\/","og_locale":"de_DE","og_type":"article","og_title":"Route 8 - Auf zum Hartungshof und zur\u00fcck - Rundg\u00e4nge","og_description":"Route 8 &#8211; Auf zum Hartungshof und zur\u00fcck Wir beginnen unsere Wanderung am Gasthaus &#8222;Bawette Peter&#8220;, passieren das alte, efeubewachsene Wegekreuz&nbsp;und marschieren die Gr\u00e4finthaler Stra\u00dfe hinauf. An einem weiteren Wegekreuz, das 1901 errichtet wurde, biegen wir rechts ein und &#8222;erklimmen&#8220; im wahrsten Sinne des Wortes den &#8222;Griewebersch&#8220; (so im Volksmund benannt nach den &#8222;Griewe&#8220;, einem ... Weiterlesen ...","og_url":"https:\/\/eschringen.de\/wordpress\/der-ort\/rundgaenge\/route-8\/","og_site_name":"Eschringen","article_modified_time":"2022-08-20T06:26:51+00:00","og_image":[{"url":"https:\/\/eschringen.de\/wordpress\/wp-content\/uploads\/2022\/08\/monument-1.jpg","type":"","width":"","height":""}],"twitter_card":"summary_large_image","twitter_misc":{"Gesch\u00e4tzte Lesezeit":"6\u00a0Minuten"},"schema":{"@context":"https:\/\/schema.org","@graph":[{"@type":"WebPage","@id":"https:\/\/eschringen.de\/wordpress\/der-ort\/rundgaenge\/route-8\/","url":"https:\/\/eschringen.de\/wordpress\/der-ort\/rundgaenge\/route-8\/","name":"Route 8 - Auf zum Hartungshof und zur\u00fcck - Rundg\u00e4nge","isPartOf":{"@id":"https:\/\/eschringen.de\/wordpress\/#website"},"primaryImageOfPage":{"@id":"https:\/\/eschringen.de\/wordpress\/der-ort\/rundgaenge\/route-8\/#primaryimage"},"image":{"@id":"https:\/\/eschringen.de\/wordpress\/der-ort\/rundgaenge\/route-8\/#primaryimage"},"thumbnailUrl":"https:\/\/eschringen.de\/wordpress\/wp-content\/uploads\/2022\/08\/monument-1.jpg","datePublished":"2017-02-01T13:06:14+00:00","dateModified":"2022-08-20T06:26:51+00:00","breadcrumb":{"@id":"https:\/\/eschringen.de\/wordpress\/der-ort\/rundgaenge\/route-8\/#breadcrumb"},"inLanguage":"de","potentialAction":[{"@type":"ReadAction","target":["https:\/\/eschringen.de\/wordpress\/der-ort\/rundgaenge\/route-8\/"]}]},{"@type":"ImageObject","inLanguage":"de","@id":"https:\/\/eschringen.de\/wordpress\/der-ort\/rundgaenge\/route-8\/#primaryimage","url":"https:\/\/i0.wp.com\/eschringen.de\/wordpress\/wp-content\/uploads\/2022\/08\/monument-1.jpg?fit=300%2C236&ssl=1","contentUrl":"https:\/\/i0.wp.com\/eschringen.de\/wordpress\/wp-content\/uploads\/2022\/08\/monument-1.jpg?fit=300%2C236&ssl=1","width":300,"height":236},{"@type":"BreadcrumbList","@id":"https:\/\/eschringen.de\/wordpress\/der-ort\/rundgaenge\/route-8\/#breadcrumb","itemListElement":[{"@type":"ListItem","position":1,"name":"Startseite","item":"https:\/\/eschringen.de\/wordpress\/"},{"@type":"ListItem","position":2,"name":"Der Ort","item":"https:\/\/eschringen.de\/wordpress\/der-ort\/"},{"@type":"ListItem","position":3,"name":"Rundg\u00e4nge","item":"https:\/\/eschringen.de\/wordpress\/der-ort\/rundgaenge\/"},{"@type":"ListItem","position":4,"name":"Route 8"}]},{"@type":"WebSite","@id":"https:\/\/eschringen.de\/wordpress\/#website","url":"https:\/\/eschringen.de\/wordpress\/","name":"Eschringen","description":"","publisher":{"@id":"https:\/\/eschringen.de\/wordpress\/#organization"},"potentialAction":[{"@type":"SearchAction","target":{"@type":"EntryPoint","urlTemplate":"https:\/\/eschringen.de\/wordpress\/?s={search_term_string}"},"query-input":{"@type":"PropertyValueSpecification","valueRequired":true,"valueName":"search_term_string"}}],"inLanguage":"de"},{"@type":"Organization","@id":"https:\/\/eschringen.de\/wordpress\/#organization","name":"Eschringen","url":"https:\/\/eschringen.de\/wordpress\/","logo":{"@type":"ImageObject","inLanguage":"de","@id":"https:\/\/eschringen.de\/wordpress\/#\/schema\/logo\/image\/","url":"https:\/\/eschringen.de\/wordpress\/wp-content\/uploads\/2017\/03\/2017_kw15.jpg","contentUrl":"https:\/\/eschringen.de\/wordpress\/wp-content\/uploads\/2017\/03\/2017_kw15.jpg","width":784,"height":447,"caption":"Eschringen"},"image":{"@id":"https:\/\/eschringen.de\/wordpress\/#\/schema\/logo\/image\/"}}]}},"jetpack_sharing_enabled":true,"_links":{"self":[{"href":"https:\/\/eschringen.de\/wordpress\/wp-json\/wp\/v2\/pages\/148","targetHints":{"allow":["GET"]}}],"collection":[{"href":"https:\/\/eschringen.de\/wordpress\/wp-json\/wp\/v2\/pages"}],"about":[{"href":"https:\/\/eschringen.de\/wordpress\/wp-json\/wp\/v2\/types\/page"}],"author":[{"embeddable":true,"href":"https:\/\/eschringen.de\/wordpress\/wp-json\/wp\/v2\/users\/1"}],"replies":[{"embeddable":true,"href":"https:\/\/eschringen.de\/wordpress\/wp-json\/wp\/v2\/comments?post=148"}],"version-history":[{"count":11,"href":"https:\/\/eschringen.de\/wordpress\/wp-json\/wp\/v2\/pages\/148\/revisions"}],"predecessor-version":[{"id":3637,"href":"https:\/\/eschringen.de\/wordpress\/wp-json\/wp\/v2\/pages\/148\/revisions\/3637"}],"up":[{"embeddable":true,"href":"https:\/\/eschringen.de\/wordpress\/wp-json\/wp\/v2\/pages\/119"}],"wp:attachment":[{"href":"https:\/\/eschringen.de\/wordpress\/wp-json\/wp\/v2\/media?parent=148"}],"curies":[{"name":"wp","href":"https:\/\/api.w.org\/{rel}","templated":true}]}}