{"id":129,"date":"2017-02-01T00:12:03","date_gmt":"2017-01-31T23:12:03","guid":{"rendered":"http:\/\/eschringen.de\/wordpress\/?page_id=129"},"modified":"2022-08-20T08:16:10","modified_gmt":"2022-08-20T06:16:10","slug":"route-9","status":"publish","type":"page","link":"https:\/\/eschringen.de\/wordpress\/der-ort\/rundgaenge\/route-9\/","title":{"rendered":"Route 9"},"content":{"rendered":"\n<p><strong>Route 9 &#8211; <span style=\"color: #0000ff;\">Auf zum Hunackerhof und zur\u00fcck<\/span><\/strong><\/p>\n\n\n<div class=\"wp-block-image\">\n<figure class=\"alignright size-full\"><a href=\"https:\/\/i0.wp.com\/eschringen.de\/wordpress\/wp-content\/uploads\/2022\/08\/route9gross.jpg?ssl=1\"><img data-recalc-dims=\"1\" loading=\"lazy\" decoding=\"async\" width=\"300\" height=\"263\" src=\"https:\/\/i0.wp.com\/eschringen.de\/wordpress\/wp-content\/uploads\/2022\/08\/route9klein-1.jpg?resize=300%2C263&#038;ssl=1\" alt=\"\" class=\"wp-image-3624\"\/><\/a><\/figure>\n<\/div>\n\n\n<p>Als Ausgangspunkt unserer Wanderung empfehlen sich das Gasthaus \u201eZur Post\u201c in der Hauptstra\u00dfe oder die Gastst\u00e4tte \u201eBawette Peter\u201c an der Ecke Gr\u00e4finthalerstra\u00dfe\/Karl-Leidinger-Stra\u00dfe. Wie bei der Wanderung \u201eZum Br\u00fcck\u2019l\u201c (Nr. 4 \u2013 <a href=\"http:\/\/eschringen.de\/wordpress\/der-ort\/rundgaenge\/route-4\/\">weitere Infos s. dort<\/a>) gehen wir die Gr\u00e4finthaler Stra\u00dfe und dann die Ponsheimer Stra\u00dfe entlang, nach S\u00fcdosten in Richtung \u201ePonsheimer Hof\u201c (s. a. <a href=\"http:\/\/eschringen.de\/wordpress\/der-ort\/rundgaenge\/route-3\/\">Route Nr. 3<\/a>).<br>Links und rechts der Stra\u00dfe befinden sich Pferdekoppeln. An einer Kreuzung, die links nach Ensheim und ans \u201eBr\u00fcck\u2019l\u201c, rechts zum \u201ePonsheimer Hof\u201c f\u00fchrt, bleiben wir \u201eauf Linie\u201c; rechterhand befindet sich unweit der Hauptlauf des \u201ePuhschbachs\u201c, hinter B\u00fcschen versteckt.<br>Es geht nun leicht bergauf, zur Linken passieren wir die Flur \u201eScharfeck\u201c, hinter der sich der Koppelwald erstreckt. Dort befand sich einst eine gro\u00dfe Kalkgrube. Zur Rechten entdecken wir bald die kleine \u201eVilla Rehwinkel\u201c; hier lebte Ende der 1990er Jahre der Globetrotter und Filmemacher Heinz Rox-Schulz (1921-2004), der auch durch sein Abenteuermuseum in Saarb\u00fccken bekannt geworden war.<\/p>\n\n\n<div class=\"wp-block-image\">\n<figure class=\"alignleft size-full\"><img data-recalc-dims=\"1\" loading=\"lazy\" decoding=\"async\" width=\"350\" height=\"263\" src=\"https:\/\/i0.wp.com\/eschringen.de\/wordpress\/wp-content\/uploads\/2022\/08\/Route9_1.jpg?resize=350%2C263&#038;ssl=1\" alt=\"\" class=\"wp-image-3620\" srcset=\"https:\/\/i0.wp.com\/eschringen.de\/wordpress\/wp-content\/uploads\/2022\/08\/Route9_1.jpg?w=350&amp;ssl=1 350w, https:\/\/i0.wp.com\/eschringen.de\/wordpress\/wp-content\/uploads\/2022\/08\/Route9_1.jpg?resize=300%2C225&amp;ssl=1 300w\" sizes=\"auto, (max-width: 350px) 100vw, 350px\" \/><figcaption>Deponiegel\u00e4nde (wo sich unweit einst die Teufelsbr\u00fccke befand)<\/figcaption><\/figure>\n<\/div>\n\n\n<p>Nach etwa 50 Metern gelangen wir an eine neu angelegte Haarnadelkurve. Dank der Umgestaltung der Ormesheimer M\u00fclldeponie gibt es seit 2005 von hier aus einen gro\u00dfz\u00fcgigen Weg auf das Plateau des Koppelwaldes (h\u00f6chste Erhebung ist der Koppelberg mit 360 m). Rechterhand besagter Linkskurve befand sich einst die aus Naturstein gemauerte Teufelsbr\u00fccke; des Weiteren standen dort mehrere als Naturdenkmale ausgewiesene, uralte Buchen, die aber im M\u00e4rz 1945 durch amerikanische Artillerie gr\u00f6\u00dftenteils zerschossen wurden.<br>Wir folgen also linkerhand dem aufsteigenden Weg und erreichen schlie\u00dflich nach einer Rechtsbiegung den H\u00f6henweg, von dem wir aus bei gutem Wetter sch\u00f6ne Aussichten nach Westen, z. B. zum Fechinger Gebberg, haben.<\/p>\n\n\n\n<p>Das noch genutzte Deponiegel\u00e4nde ist selbstverst\u00e4ndlich eingez\u00e4unt. Wir folgen am besten dem Pfad entlang des Zaunes (fast parallel dazu verlaufen ebenfalls Wege, die allerdings bei regnerischem Wetter schnell aufgeweicht sind). Er m\u00fcndet in einen Waldwirtschaftsweg, der rechterhand Richtung Hunackerhof f\u00fchrt.<\/p>\n\n\n<div class=\"wp-block-image\">\n<figure class=\"alignright size-full\"><img data-recalc-dims=\"1\" loading=\"lazy\" decoding=\"async\" width=\"350\" height=\"263\" src=\"https:\/\/i0.wp.com\/eschringen.de\/wordpress\/wp-content\/uploads\/2022\/08\/Route9_2.jpg?resize=350%2C263&#038;ssl=1\" alt=\"\" class=\"wp-image-3621\" srcset=\"https:\/\/i0.wp.com\/eschringen.de\/wordpress\/wp-content\/uploads\/2022\/08\/Route9_2.jpg?w=350&amp;ssl=1 350w, https:\/\/i0.wp.com\/eschringen.de\/wordpress\/wp-content\/uploads\/2022\/08\/Route9_2.jpg?resize=300%2C225&amp;ssl=1 300w\" sizes=\"auto, (max-width: 350px) 100vw, 350px\" \/><figcaption>Der Hunackerhof<\/figcaption><\/figure>\n<\/div>\n\n\n<p>Die Geschichte des Hofes, der urspr\u00fcnglich \u201eLaukardshof\u201c hie\u00df, reicht bis ins fr\u00fche 19. Jahrhundert zur\u00fcck. Der (Flur-) Name \u201eHunacker\u201c l\u00e4sst vermuten, dass sich hier im Mittelalter ein Hungericht, eine alte Gerichtsst\u00e4tte, die von einem Hun (ein gr\u00e4flicher Beamter) geleitet wurde, befand. Denkbar ist aber auch, dass jene \u00c4cker \u201enur\u201c dem Hun geh\u00f6rten bzw. sich in seiner Obhut befanden.<br>W\u00e4hrend der Franzosenherrschaft hatte der Saarbr\u00fccker Notar Laukard das der Ormesheimer Gemeinde geh\u00f6rende Gel\u00e4nde ersteigert und dort 1818 einen Hof erbauen lassen. Der wurde immer wieder verpachtet, u. a. auch an Mennonitenfamilien, die bekanntlich als Landwirte einen guten Namen hatten. Seit den 1990er Jahren gilt der Hunackerhof als Dorado f\u00fcr Pferdeliebhaber, verf\u00fcgt \u00fcber eine gro\u00dfe Reithalle und mehrere Reitpl\u00e4tze.<br>Aufgrund fehlender (\u00f6ffentlicher) Gastronomie kommt ein Stopp auf dem Hofgel\u00e4nde nur bedingt in Betracht.<br>Wer gen\u00fcgend Zeit hat, der sollte (vorsichtig!) die von Ormesheim kommende Landstra\u00dfe (L 238) \u00fcberqueren und den Aussichtsturm am Heidenkopf besteigen. Von hier aus hat man \u2013 bei entsprechendem Wetter \u2013 eine tolle Aussicht auf die Vogesen und sogar die H\u00fcgelkette bei Toul!<br>Vom Hunackerhof aus kommend folgt man rechterhand dem Weg um den S\u00fcdteil der Deponie bis zu einem Waldwirtschaftsweg, an dem neben einer Schranke ein Grenzstein von 1915 steht. Er markierte die alte bayerisch-preu\u00dfische Landesgrenze, ist bis heute Grenzpunkt zwischen dem Saarpfalz-Kreis und dem Stadtverband Saarbr\u00fccken. Es empfiehlt sich, diesem geradegezogenen Waldweg s\u00fcdwestw\u00e4rts zu folgen; der im Winkel von etwa 45\u00b0 oberhalb verlaufende Grenzweg (mit sehr sch\u00f6nen, gut erhaltenen Wappensteinen \/ nassau-saarbr\u00fcckische Wolfsangel und von-der-Leyensches Wappen) f\u00fchrt zum Ponsheimer Hof, ist allerdings \u2013 bedingt durch starken Pferdeberitt \u2013 bei N\u00e4sse nur sehr eingeschr\u00e4nkt begehbar.<\/p>\n\n\n<div class=\"wp-block-image\">\n<figure class=\"alignleft size-full\"><img data-recalc-dims=\"1\" loading=\"lazy\" decoding=\"async\" width=\"350\" height=\"263\" src=\"https:\/\/i0.wp.com\/eschringen.de\/wordpress\/wp-content\/uploads\/2022\/08\/Route9_3.jpg?resize=350%2C263&#038;ssl=1\" alt=\"\" class=\"wp-image-3622\" srcset=\"https:\/\/i0.wp.com\/eschringen.de\/wordpress\/wp-content\/uploads\/2022\/08\/Route9_3.jpg?w=350&amp;ssl=1 350w, https:\/\/i0.wp.com\/eschringen.de\/wordpress\/wp-content\/uploads\/2022\/08\/Route9_3.jpg?resize=300%2C225&amp;ssl=1 300w\" sizes=\"auto, (max-width: 350px) 100vw, 350px\" \/><figcaption>An der Kreuzung alter und neuer Wander- und Pilgerwege<\/figcaption><\/figure>\n<\/div>\n\n\n<p>Nach etwa 700 m erreichen wir eine Kreuzung. Linkerhand f\u00fchrt der Weg nach S\u00fcden zum Kloster Gr\u00e4finthal, geradeaus zum Hartungshof (\u00fcbrigens Teilst\u00fcck des Jakobspilgerweges \u2013 deshalb die Zeichen mit Muschel auf hellblauem Grund), rechterhand nach Eschringen zur\u00fcck.<\/p>\n\n\n\n<p>Auf dem R\u00fcckweg zwischen \u00dcberwald und Ponsheimer Gel\u00f6ch passieren wir den Dreib\u00e4nner (hier sch\u00f6ne Sicht auf Ensheim und seinen \u201eAirport\u201c und auch das Grenzsteinmonument, wo jeweils Ruheb\u00e4nke stehen. Der Gr\u00e4finthaler Weg (sp\u00e4ter Stra\u00dfe) f\u00fchrt uns wieder an unseren Ausgangspunkt zur\u00fcck.<\/p>\n\n\n\n<p><span style=\"font-size: small;\"> Literaturhinweis: Mayer, Alfred: Hunackerhof. Ein Beitrag zur Geschichte des Hunackerhofs. Mandelbachtal 1983.<\/span><\/p>\n\n\n\n<p><strong>L\u00e4nge:<\/strong> ca. 9 km<br><strong>Dauer:<\/strong> 2 \u2013 2 \u00bd St.<br><strong>H\u00f6henlage:<\/strong> 240 &#8211; 330 m<br><strong>Bemerkung:<\/strong> gutes Schuhwerk empfohlen<\/p>\n","protected":false},"excerpt":{"rendered":"<p>Route 9 &#8211; Auf zum Hunackerhof und zur\u00fcck Als Ausgangspunkt unserer Wanderung empfehlen sich das Gasthaus \u201eZur Post\u201c in der Hauptstra\u00dfe oder die Gastst\u00e4tte \u201eBawette Peter\u201c an der Ecke Gr\u00e4finthalerstra\u00dfe\/Karl-Leidinger-Stra\u00dfe. Wie bei der Wanderung \u201eZum Br\u00fcck\u2019l\u201c (Nr. 4 \u2013 weitere Infos s. dort) gehen wir die Gr\u00e4finthaler Stra\u00dfe und dann die Ponsheimer Stra\u00dfe entlang, nach &#8230; <a title=\"Route 9\" class=\"read-more\" href=\"https:\/\/eschringen.de\/wordpress\/der-ort\/rundgaenge\/route-9\/\" aria-label=\"Mehr Informationen \u00fcber Route 9\">Weiterlesen &#8230;<\/a><\/p>\n","protected":false},"author":1,"featured_media":0,"parent":119,"menu_order":9,"comment_status":"closed","ping_status":"closed","template":"","meta":{"ngg_post_thumbnail":0,"footnotes":""},"class_list":["post-129","page","type-page","status-publish"],"yoast_head":"<!-- This site is optimized with the Yoast SEO plugin v27.4 - https:\/\/yoast.com\/product\/yoast-seo-wordpress\/ -->\n<title>Route 9 - Auf zum Hunackerhof und zur\u00fcck - Rundg\u00e4nge<\/title>\n<meta name=\"robots\" content=\"index, follow, max-snippet:-1, max-image-preview:large, max-video-preview:-1\" \/>\n<link rel=\"canonical\" href=\"https:\/\/eschringen.de\/wordpress\/der-ort\/rundgaenge\/route-9\/\" \/>\n<meta property=\"og:locale\" content=\"de_DE\" \/>\n<meta property=\"og:type\" content=\"article\" \/>\n<meta property=\"og:title\" content=\"Route 9 - Auf zum Hunackerhof und zur\u00fcck - Rundg\u00e4nge\" \/>\n<meta property=\"og:description\" content=\"Route 9 &#8211; Auf zum Hunackerhof und zur\u00fcck Als Ausgangspunkt unserer Wanderung empfehlen sich das Gasthaus \u201eZur Post\u201c in der Hauptstra\u00dfe oder die Gastst\u00e4tte \u201eBawette Peter\u201c an der Ecke Gr\u00e4finthalerstra\u00dfe\/Karl-Leidinger-Stra\u00dfe. Wie bei der Wanderung \u201eZum Br\u00fcck\u2019l\u201c (Nr. 4 \u2013 weitere Infos s. dort) gehen wir die Gr\u00e4finthaler Stra\u00dfe und dann die Ponsheimer Stra\u00dfe entlang, nach ... Weiterlesen ...\" \/>\n<meta property=\"og:url\" content=\"https:\/\/eschringen.de\/wordpress\/der-ort\/rundgaenge\/route-9\/\" \/>\n<meta property=\"og:site_name\" content=\"Eschringen\" \/>\n<meta property=\"article:modified_time\" content=\"2022-08-20T06:16:10+00:00\" \/>\n<meta property=\"og:image\" content=\"https:\/\/eschringen.de\/wordpress\/wp-content\/uploads\/2022\/08\/route9klein-1.jpg\" \/>\n<meta name=\"twitter:card\" content=\"summary_large_image\" \/>\n<meta name=\"twitter:label1\" content=\"Gesch\u00e4tzte Lesezeit\" \/>\n\t<meta name=\"twitter:data1\" content=\"5\u00a0Minuten\" \/>\n<script type=\"application\/ld+json\" class=\"yoast-schema-graph\">{\"@context\":\"https:\\\/\\\/schema.org\",\"@graph\":[{\"@type\":\"WebPage\",\"@id\":\"https:\\\/\\\/eschringen.de\\\/wordpress\\\/der-ort\\\/rundgaenge\\\/route-9\\\/\",\"url\":\"https:\\\/\\\/eschringen.de\\\/wordpress\\\/der-ort\\\/rundgaenge\\\/route-9\\\/\",\"name\":\"Route 9 - Auf zum Hunackerhof und zur\u00fcck - Rundg\u00e4nge\",\"isPartOf\":{\"@id\":\"https:\\\/\\\/eschringen.de\\\/wordpress\\\/#website\"},\"primaryImageOfPage\":{\"@id\":\"https:\\\/\\\/eschringen.de\\\/wordpress\\\/der-ort\\\/rundgaenge\\\/route-9\\\/#primaryimage\"},\"image\":{\"@id\":\"https:\\\/\\\/eschringen.de\\\/wordpress\\\/der-ort\\\/rundgaenge\\\/route-9\\\/#primaryimage\"},\"thumbnailUrl\":\"https:\\\/\\\/eschringen.de\\\/wordpress\\\/wp-content\\\/uploads\\\/2022\\\/08\\\/route9klein-1.jpg\",\"datePublished\":\"2017-01-31T23:12:03+00:00\",\"dateModified\":\"2022-08-20T06:16:10+00:00\",\"breadcrumb\":{\"@id\":\"https:\\\/\\\/eschringen.de\\\/wordpress\\\/der-ort\\\/rundgaenge\\\/route-9\\\/#breadcrumb\"},\"inLanguage\":\"de\",\"potentialAction\":[{\"@type\":\"ReadAction\",\"target\":[\"https:\\\/\\\/eschringen.de\\\/wordpress\\\/der-ort\\\/rundgaenge\\\/route-9\\\/\"]}]},{\"@type\":\"ImageObject\",\"inLanguage\":\"de\",\"@id\":\"https:\\\/\\\/eschringen.de\\\/wordpress\\\/der-ort\\\/rundgaenge\\\/route-9\\\/#primaryimage\",\"url\":\"https:\\\/\\\/i0.wp.com\\\/eschringen.de\\\/wordpress\\\/wp-content\\\/uploads\\\/2022\\\/08\\\/route9klein-1.jpg?fit=300%2C263&ssl=1\",\"contentUrl\":\"https:\\\/\\\/i0.wp.com\\\/eschringen.de\\\/wordpress\\\/wp-content\\\/uploads\\\/2022\\\/08\\\/route9klein-1.jpg?fit=300%2C263&ssl=1\",\"width\":300,\"height\":263},{\"@type\":\"BreadcrumbList\",\"@id\":\"https:\\\/\\\/eschringen.de\\\/wordpress\\\/der-ort\\\/rundgaenge\\\/route-9\\\/#breadcrumb\",\"itemListElement\":[{\"@type\":\"ListItem\",\"position\":1,\"name\":\"Startseite\",\"item\":\"https:\\\/\\\/eschringen.de\\\/wordpress\\\/\"},{\"@type\":\"ListItem\",\"position\":2,\"name\":\"Der Ort\",\"item\":\"https:\\\/\\\/eschringen.de\\\/wordpress\\\/der-ort\\\/\"},{\"@type\":\"ListItem\",\"position\":3,\"name\":\"Rundg\u00e4nge\",\"item\":\"https:\\\/\\\/eschringen.de\\\/wordpress\\\/der-ort\\\/rundgaenge\\\/\"},{\"@type\":\"ListItem\",\"position\":4,\"name\":\"Route 9\"}]},{\"@type\":\"WebSite\",\"@id\":\"https:\\\/\\\/eschringen.de\\\/wordpress\\\/#website\",\"url\":\"https:\\\/\\\/eschringen.de\\\/wordpress\\\/\",\"name\":\"Eschringen\",\"description\":\"\",\"publisher\":{\"@id\":\"https:\\\/\\\/eschringen.de\\\/wordpress\\\/#organization\"},\"potentialAction\":[{\"@type\":\"SearchAction\",\"target\":{\"@type\":\"EntryPoint\",\"urlTemplate\":\"https:\\\/\\\/eschringen.de\\\/wordpress\\\/?s={search_term_string}\"},\"query-input\":{\"@type\":\"PropertyValueSpecification\",\"valueRequired\":true,\"valueName\":\"search_term_string\"}}],\"inLanguage\":\"de\"},{\"@type\":\"Organization\",\"@id\":\"https:\\\/\\\/eschringen.de\\\/wordpress\\\/#organization\",\"name\":\"Eschringen\",\"url\":\"https:\\\/\\\/eschringen.de\\\/wordpress\\\/\",\"logo\":{\"@type\":\"ImageObject\",\"inLanguage\":\"de\",\"@id\":\"https:\\\/\\\/eschringen.de\\\/wordpress\\\/#\\\/schema\\\/logo\\\/image\\\/\",\"url\":\"https:\\\/\\\/eschringen.de\\\/wordpress\\\/wp-content\\\/uploads\\\/2017\\\/03\\\/2017_kw15.jpg\",\"contentUrl\":\"https:\\\/\\\/eschringen.de\\\/wordpress\\\/wp-content\\\/uploads\\\/2017\\\/03\\\/2017_kw15.jpg\",\"width\":784,\"height\":447,\"caption\":\"Eschringen\"},\"image\":{\"@id\":\"https:\\\/\\\/eschringen.de\\\/wordpress\\\/#\\\/schema\\\/logo\\\/image\\\/\"}}]}<\/script>\n<!-- \/ Yoast SEO plugin. -->","yoast_head_json":{"title":"Route 9 - Auf zum Hunackerhof und zur\u00fcck - Rundg\u00e4nge","robots":{"index":"index","follow":"follow","max-snippet":"max-snippet:-1","max-image-preview":"max-image-preview:large","max-video-preview":"max-video-preview:-1"},"canonical":"https:\/\/eschringen.de\/wordpress\/der-ort\/rundgaenge\/route-9\/","og_locale":"de_DE","og_type":"article","og_title":"Route 9 - Auf zum Hunackerhof und zur\u00fcck - Rundg\u00e4nge","og_description":"Route 9 &#8211; Auf zum Hunackerhof und zur\u00fcck Als Ausgangspunkt unserer Wanderung empfehlen sich das Gasthaus \u201eZur Post\u201c in der Hauptstra\u00dfe oder die Gastst\u00e4tte \u201eBawette Peter\u201c an der Ecke Gr\u00e4finthalerstra\u00dfe\/Karl-Leidinger-Stra\u00dfe. Wie bei der Wanderung \u201eZum Br\u00fcck\u2019l\u201c (Nr. 4 \u2013 weitere Infos s. dort) gehen wir die Gr\u00e4finthaler Stra\u00dfe und dann die Ponsheimer Stra\u00dfe entlang, nach ... Weiterlesen ...","og_url":"https:\/\/eschringen.de\/wordpress\/der-ort\/rundgaenge\/route-9\/","og_site_name":"Eschringen","article_modified_time":"2022-08-20T06:16:10+00:00","og_image":[{"url":"https:\/\/eschringen.de\/wordpress\/wp-content\/uploads\/2022\/08\/route9klein-1.jpg","type":"","width":"","height":""}],"twitter_card":"summary_large_image","twitter_misc":{"Gesch\u00e4tzte Lesezeit":"5\u00a0Minuten"},"schema":{"@context":"https:\/\/schema.org","@graph":[{"@type":"WebPage","@id":"https:\/\/eschringen.de\/wordpress\/der-ort\/rundgaenge\/route-9\/","url":"https:\/\/eschringen.de\/wordpress\/der-ort\/rundgaenge\/route-9\/","name":"Route 9 - Auf zum Hunackerhof und zur\u00fcck - Rundg\u00e4nge","isPartOf":{"@id":"https:\/\/eschringen.de\/wordpress\/#website"},"primaryImageOfPage":{"@id":"https:\/\/eschringen.de\/wordpress\/der-ort\/rundgaenge\/route-9\/#primaryimage"},"image":{"@id":"https:\/\/eschringen.de\/wordpress\/der-ort\/rundgaenge\/route-9\/#primaryimage"},"thumbnailUrl":"https:\/\/eschringen.de\/wordpress\/wp-content\/uploads\/2022\/08\/route9klein-1.jpg","datePublished":"2017-01-31T23:12:03+00:00","dateModified":"2022-08-20T06:16:10+00:00","breadcrumb":{"@id":"https:\/\/eschringen.de\/wordpress\/der-ort\/rundgaenge\/route-9\/#breadcrumb"},"inLanguage":"de","potentialAction":[{"@type":"ReadAction","target":["https:\/\/eschringen.de\/wordpress\/der-ort\/rundgaenge\/route-9\/"]}]},{"@type":"ImageObject","inLanguage":"de","@id":"https:\/\/eschringen.de\/wordpress\/der-ort\/rundgaenge\/route-9\/#primaryimage","url":"https:\/\/i0.wp.com\/eschringen.de\/wordpress\/wp-content\/uploads\/2022\/08\/route9klein-1.jpg?fit=300%2C263&ssl=1","contentUrl":"https:\/\/i0.wp.com\/eschringen.de\/wordpress\/wp-content\/uploads\/2022\/08\/route9klein-1.jpg?fit=300%2C263&ssl=1","width":300,"height":263},{"@type":"BreadcrumbList","@id":"https:\/\/eschringen.de\/wordpress\/der-ort\/rundgaenge\/route-9\/#breadcrumb","itemListElement":[{"@type":"ListItem","position":1,"name":"Startseite","item":"https:\/\/eschringen.de\/wordpress\/"},{"@type":"ListItem","position":2,"name":"Der Ort","item":"https:\/\/eschringen.de\/wordpress\/der-ort\/"},{"@type":"ListItem","position":3,"name":"Rundg\u00e4nge","item":"https:\/\/eschringen.de\/wordpress\/der-ort\/rundgaenge\/"},{"@type":"ListItem","position":4,"name":"Route 9"}]},{"@type":"WebSite","@id":"https:\/\/eschringen.de\/wordpress\/#website","url":"https:\/\/eschringen.de\/wordpress\/","name":"Eschringen","description":"","publisher":{"@id":"https:\/\/eschringen.de\/wordpress\/#organization"},"potentialAction":[{"@type":"SearchAction","target":{"@type":"EntryPoint","urlTemplate":"https:\/\/eschringen.de\/wordpress\/?s={search_term_string}"},"query-input":{"@type":"PropertyValueSpecification","valueRequired":true,"valueName":"search_term_string"}}],"inLanguage":"de"},{"@type":"Organization","@id":"https:\/\/eschringen.de\/wordpress\/#organization","name":"Eschringen","url":"https:\/\/eschringen.de\/wordpress\/","logo":{"@type":"ImageObject","inLanguage":"de","@id":"https:\/\/eschringen.de\/wordpress\/#\/schema\/logo\/image\/","url":"https:\/\/eschringen.de\/wordpress\/wp-content\/uploads\/2017\/03\/2017_kw15.jpg","contentUrl":"https:\/\/eschringen.de\/wordpress\/wp-content\/uploads\/2017\/03\/2017_kw15.jpg","width":784,"height":447,"caption":"Eschringen"},"image":{"@id":"https:\/\/eschringen.de\/wordpress\/#\/schema\/logo\/image\/"}}]}},"jetpack_sharing_enabled":true,"_links":{"self":[{"href":"https:\/\/eschringen.de\/wordpress\/wp-json\/wp\/v2\/pages\/129","targetHints":{"allow":["GET"]}}],"collection":[{"href":"https:\/\/eschringen.de\/wordpress\/wp-json\/wp\/v2\/pages"}],"about":[{"href":"https:\/\/eschringen.de\/wordpress\/wp-json\/wp\/v2\/types\/page"}],"author":[{"embeddable":true,"href":"https:\/\/eschringen.de\/wordpress\/wp-json\/wp\/v2\/users\/1"}],"replies":[{"embeddable":true,"href":"https:\/\/eschringen.de\/wordpress\/wp-json\/wp\/v2\/comments?post=129"}],"version-history":[{"count":10,"href":"https:\/\/eschringen.de\/wordpress\/wp-json\/wp\/v2\/pages\/129\/revisions"}],"predecessor-version":[{"id":3635,"href":"https:\/\/eschringen.de\/wordpress\/wp-json\/wp\/v2\/pages\/129\/revisions\/3635"}],"up":[{"embeddable":true,"href":"https:\/\/eschringen.de\/wordpress\/wp-json\/wp\/v2\/pages\/119"}],"wp:attachment":[{"href":"https:\/\/eschringen.de\/wordpress\/wp-json\/wp\/v2\/media?parent=129"}],"curies":[{"name":"wp","href":"https:\/\/api.w.org\/{rel}","templated":true}]}}