{"id":1042,"date":"2017-02-24T12:37:17","date_gmt":"2017-02-24T11:37:17","guid":{"rendered":"http:\/\/eschringen.de\/wordpress\/?page_id=1042"},"modified":"2022-08-31T09:02:05","modified_gmt":"2022-08-31T07:02:05","slug":"25-05-00-unser-ort-ganz-gross-2-runde","status":"publish","type":"page","link":"https:\/\/eschringen.de\/wordpress\/geschichte\/archiv\/25-05-00-unser-ort-ganz-gross-2-runde\/","title":{"rendered":"25.05.2000 &#8211; &#8222;Unser Ort ganz gro\u00df&#8220;  2. Runde"},"content":{"rendered":"\n<h5 class=\"wp-block-heading\">Eschringer Team knapp in Merzig gescheitert<\/h5>\n\n\n<div class=\"wp-block-image\">\n<figure class=\"alignleft\"><img data-recalc-dims=\"1\" loading=\"lazy\" decoding=\"async\" width=\"150\" height=\"223\" src=\"https:\/\/i0.wp.com\/eschringen.de\/wordpress\/wp-content\/uploads\/2022\/08\/uogg8.jpg?resize=150%2C223&#038;ssl=1\" alt=\"\" class=\"wp-image-3920\"\/><figcaption>v. li. Annika Peter, Michael Morgan, Silke Vogelgesang<\/figcaption><\/figure>\n<\/div>\n\n\n<p>Am 25. Mai 2000 trat das Eschringer Rateteam zur zweiten Runde in der SR3-Radioquizshow &#8222;Unser Ort ganz gro\u00df&#8220; gegen die Mannschaft des Behindertenbeirates der Stadt Merzig an. Als Veranstaltungsort fungierte das neue Saarf\u00fcrst-Brauhaus am Merziger Yachthafen, eine gro\u00dfz\u00fcgig angelegte Erlebnisbrauerei, die trotzdem ein gem\u00fctliches Ambiente bot. Den musikalischen Rahmen bildeten der aus Merzig stammende, inzwischen auch national bekannte Stars\u00e4nger Michael Morgan, das Trompeter- Duo Charlotte &amp; J\u00fcrgen Wendling sowie als &#8222;special guests&#8220; aus Eschringen Silke Vogelgesang und Annika Peter. Das einheimische Publikum zollte nicht nur den Profis gro\u00dfen Beifall, sondern war auch von den beiden Eschringer Gasts\u00e4ngerinnen begeistert.<\/p>\n\n\n<div class=\"wp-block-image\">\n<figure class=\"alignright\"><img data-recalc-dims=\"1\" loading=\"lazy\" decoding=\"async\" width=\"300\" height=\"206\" src=\"https:\/\/i0.wp.com\/eschringen.de\/wordpress\/wp-content\/uploads\/2022\/08\/uogg6.jpg?resize=300%2C206&#038;ssl=1\" alt=\"\" class=\"wp-image-3921\"\/><figcaption>die Rateteams aus Eschringen und Merzig; rechts: Moderator Manfred Spoo<\/figcaption><\/figure>\n<\/div>\n\n\n<p>In dieser guten und gel\u00f6sten Atmosph\u00e4re hatte auch Moderator Manfred Spoo leichtes Spiel. Nach der ersten Stunde, in der das Merziger Rateteam um Heiner Lessle sich lokalen Fragen stellen musste, marschierte das bew\u00e4hrte Eschringer Rateteam mit Waltraud Nisius, Sonja Fischer, Artur Kr\u00e4mer, Hartmut Kimmling und Teamsprecher Bernhard Marondel ein. Sah es anfangs nach einem lockeren Einzug in die dritte Runde f\u00fcr die Eschringer ein, musste Moderator Spoo nach einer Pattsituation schlie\u00dflich die ungeliebte Entscheidungsfrage stellen. Und da war das Merziger Team um einen Tick schneller mit Antwort (gefragt war der Stargast beim SR3-Pfingsttreff: der aus Sizilien stammende S\u00e4nger Salvatore Adamo).<\/p>\n\n\n<div class=\"wp-block-image\">\n<figure class=\"alignleft\"><img data-recalc-dims=\"1\" loading=\"lazy\" decoding=\"async\" width=\"150\" height=\"231\" src=\"https:\/\/i0.wp.com\/eschringen.de\/wordpress\/wp-content\/uploads\/2022\/08\/uogg7.jpg?resize=150%2C231&#038;ssl=1\" alt=\"\" class=\"wp-image-3918\"\/><figcaption>Annika und Silke im Duett<\/figcaption><\/figure>\n<\/div>\n\n\n<p>Getreu dem Motto &#8222;dabei sein ist alles&#8220; lie\u00df sich das Eschringer Rateteam aber die gute Stimmung nicht vermiesen und begl\u00fcckw\u00fcnschte die Merziger Mannschaft, die nun im Juni nach Dudweiler reisen wird. Beide Teams vereinbarten, in Kontakt zu bleiben. Sp\u00e4testens beim n\u00e4chsten Laurentiusbrunnenfest darf mit einer Besuchergruppe aus der Viezstadt gerechnet werden.<\/p>\n\n\n\n<p>Rateteam und Fans aus Eschringen traten letztlich gutgelaunt und mit einem ansehnlichen Scheck der Sparkasse (zugunsten der Jugendarbeit der Eschringer Vereine) ausgestattet die Heimreise an.<\/p>\n","protected":false},"excerpt":{"rendered":"<p>Eschringer Team knapp in Merzig gescheitert Am 25. Mai 2000 trat das Eschringer Rateteam zur zweiten Runde in der SR3-Radioquizshow &#8222;Unser Ort ganz gro\u00df&#8220; gegen die Mannschaft des Behindertenbeirates der Stadt Merzig an. Als Veranstaltungsort fungierte das neue Saarf\u00fcrst-Brauhaus am Merziger Yachthafen, eine gro\u00dfz\u00fcgig angelegte Erlebnisbrauerei, die trotzdem ein gem\u00fctliches Ambiente bot. Den musikalischen Rahmen &#8230; <a title=\"25.05.2000 &#8211; &#8222;Unser Ort ganz gro\u00df&#8220;  2. Runde\" class=\"read-more\" href=\"https:\/\/eschringen.de\/wordpress\/geschichte\/archiv\/25-05-00-unser-ort-ganz-gross-2-runde\/\" aria-label=\"Mehr Informationen \u00fcber 25.05.2000 &#8211; &#8222;Unser Ort ganz gro\u00df&#8220;  2. Runde\">Weiterlesen &#8230;<\/a><\/p>\n","protected":false},"author":1,"featured_media":0,"parent":403,"menu_order":71,"comment_status":"closed","ping_status":"closed","template":"","meta":{"ngg_post_thumbnail":0,"footnotes":""},"class_list":["post-1042","page","type-page","status-publish"],"yoast_head":"<!-- This site is optimized with the Yoast SEO plugin v27.3 - https:\/\/yoast.com\/product\/yoast-seo-wordpress\/ -->\n<title>25.05.2000 - &quot;Unser Ort ganz gro\u00df&quot; 2. Runde - Eschringen<\/title>\n<meta name=\"robots\" content=\"index, follow, max-snippet:-1, max-image-preview:large, max-video-preview:-1\" \/>\n<link rel=\"canonical\" href=\"https:\/\/eschringen.de\/wordpress\/geschichte\/archiv\/25-05-00-unser-ort-ganz-gross-2-runde\/\" \/>\n<meta property=\"og:locale\" content=\"de_DE\" \/>\n<meta property=\"og:type\" content=\"article\" \/>\n<meta property=\"og:title\" content=\"25.05.2000 - &quot;Unser Ort ganz gro\u00df&quot; 2. Runde - Eschringen\" \/>\n<meta property=\"og:description\" content=\"Eschringer Team knapp in Merzig gescheitert Am 25. Mai 2000 trat das Eschringer Rateteam zur zweiten Runde in der SR3-Radioquizshow &#8222;Unser Ort ganz gro\u00df&#8220; gegen die Mannschaft des Behindertenbeirates der Stadt Merzig an. Als Veranstaltungsort fungierte das neue Saarf\u00fcrst-Brauhaus am Merziger Yachthafen, eine gro\u00dfz\u00fcgig angelegte Erlebnisbrauerei, die trotzdem ein gem\u00fctliches Ambiente bot. Den musikalischen Rahmen ... Weiterlesen ...\" \/>\n<meta property=\"og:url\" content=\"https:\/\/eschringen.de\/wordpress\/geschichte\/archiv\/25-05-00-unser-ort-ganz-gross-2-runde\/\" \/>\n<meta property=\"og:site_name\" content=\"Eschringen\" \/>\n<meta property=\"article:modified_time\" content=\"2022-08-31T07:02:05+00:00\" \/>\n<meta property=\"og:image\" content=\"https:\/\/eschringen.de\/wordpress\/wp-content\/uploads\/2022\/08\/uogg8.jpg\" \/>\n<meta name=\"twitter:card\" content=\"summary_large_image\" \/>\n<meta name=\"twitter:label1\" content=\"Gesch\u00e4tzte Lesezeit\" \/>\n\t<meta name=\"twitter:data1\" content=\"3\u00a0Minuten\" \/>\n<script type=\"application\/ld+json\" class=\"yoast-schema-graph\">{\"@context\":\"https:\\\/\\\/schema.org\",\"@graph\":[{\"@type\":\"WebPage\",\"@id\":\"https:\\\/\\\/eschringen.de\\\/wordpress\\\/geschichte\\\/archiv\\\/25-05-00-unser-ort-ganz-gross-2-runde\\\/\",\"url\":\"https:\\\/\\\/eschringen.de\\\/wordpress\\\/geschichte\\\/archiv\\\/25-05-00-unser-ort-ganz-gross-2-runde\\\/\",\"name\":\"25.05.2000 - \\\"Unser Ort ganz gro\u00df\\\" 2. Runde - Eschringen\",\"isPartOf\":{\"@id\":\"https:\\\/\\\/eschringen.de\\\/wordpress\\\/#website\"},\"primaryImageOfPage\":{\"@id\":\"https:\\\/\\\/eschringen.de\\\/wordpress\\\/geschichte\\\/archiv\\\/25-05-00-unser-ort-ganz-gross-2-runde\\\/#primaryimage\"},\"image\":{\"@id\":\"https:\\\/\\\/eschringen.de\\\/wordpress\\\/geschichte\\\/archiv\\\/25-05-00-unser-ort-ganz-gross-2-runde\\\/#primaryimage\"},\"thumbnailUrl\":\"https:\\\/\\\/eschringen.de\\\/wordpress\\\/wp-content\\\/uploads\\\/2022\\\/08\\\/uogg8.jpg\",\"datePublished\":\"2017-02-24T11:37:17+00:00\",\"dateModified\":\"2022-08-31T07:02:05+00:00\",\"breadcrumb\":{\"@id\":\"https:\\\/\\\/eschringen.de\\\/wordpress\\\/geschichte\\\/archiv\\\/25-05-00-unser-ort-ganz-gross-2-runde\\\/#breadcrumb\"},\"inLanguage\":\"de\",\"potentialAction\":[{\"@type\":\"ReadAction\",\"target\":[\"https:\\\/\\\/eschringen.de\\\/wordpress\\\/geschichte\\\/archiv\\\/25-05-00-unser-ort-ganz-gross-2-runde\\\/\"]}]},{\"@type\":\"ImageObject\",\"inLanguage\":\"de\",\"@id\":\"https:\\\/\\\/eschringen.de\\\/wordpress\\\/geschichte\\\/archiv\\\/25-05-00-unser-ort-ganz-gross-2-runde\\\/#primaryimage\",\"url\":\"https:\\\/\\\/i0.wp.com\\\/eschringen.de\\\/wordpress\\\/wp-content\\\/uploads\\\/2022\\\/08\\\/uogg8.jpg?fit=150%2C223&ssl=1\",\"contentUrl\":\"https:\\\/\\\/i0.wp.com\\\/eschringen.de\\\/wordpress\\\/wp-content\\\/uploads\\\/2022\\\/08\\\/uogg8.jpg?fit=150%2C223&ssl=1\",\"width\":150,\"height\":223},{\"@type\":\"BreadcrumbList\",\"@id\":\"https:\\\/\\\/eschringen.de\\\/wordpress\\\/geschichte\\\/archiv\\\/25-05-00-unser-ort-ganz-gross-2-runde\\\/#breadcrumb\",\"itemListElement\":[{\"@type\":\"ListItem\",\"position\":1,\"name\":\"Startseite\",\"item\":\"https:\\\/\\\/eschringen.de\\\/wordpress\\\/\"},{\"@type\":\"ListItem\",\"position\":2,\"name\":\"Geschichte\",\"item\":\"https:\\\/\\\/eschringen.de\\\/wordpress\\\/geschichte\\\/\"},{\"@type\":\"ListItem\",\"position\":3,\"name\":\"Archiv\",\"item\":\"https:\\\/\\\/eschringen.de\\\/wordpress\\\/geschichte\\\/archiv\\\/\"},{\"@type\":\"ListItem\",\"position\":4,\"name\":\"25.05.2000 &#8211; &#8222;Unser Ort ganz gro\u00df&#8220; 2. Runde\"}]},{\"@type\":\"WebSite\",\"@id\":\"https:\\\/\\\/eschringen.de\\\/wordpress\\\/#website\",\"url\":\"https:\\\/\\\/eschringen.de\\\/wordpress\\\/\",\"name\":\"Eschringen\",\"description\":\"\",\"publisher\":{\"@id\":\"https:\\\/\\\/eschringen.de\\\/wordpress\\\/#organization\"},\"potentialAction\":[{\"@type\":\"SearchAction\",\"target\":{\"@type\":\"EntryPoint\",\"urlTemplate\":\"https:\\\/\\\/eschringen.de\\\/wordpress\\\/?s={search_term_string}\"},\"query-input\":{\"@type\":\"PropertyValueSpecification\",\"valueRequired\":true,\"valueName\":\"search_term_string\"}}],\"inLanguage\":\"de\"},{\"@type\":\"Organization\",\"@id\":\"https:\\\/\\\/eschringen.de\\\/wordpress\\\/#organization\",\"name\":\"Eschringen\",\"url\":\"https:\\\/\\\/eschringen.de\\\/wordpress\\\/\",\"logo\":{\"@type\":\"ImageObject\",\"inLanguage\":\"de\",\"@id\":\"https:\\\/\\\/eschringen.de\\\/wordpress\\\/#\\\/schema\\\/logo\\\/image\\\/\",\"url\":\"https:\\\/\\\/eschringen.de\\\/wordpress\\\/wp-content\\\/uploads\\\/2017\\\/03\\\/2017_kw15.jpg\",\"contentUrl\":\"https:\\\/\\\/eschringen.de\\\/wordpress\\\/wp-content\\\/uploads\\\/2017\\\/03\\\/2017_kw15.jpg\",\"width\":784,\"height\":447,\"caption\":\"Eschringen\"},\"image\":{\"@id\":\"https:\\\/\\\/eschringen.de\\\/wordpress\\\/#\\\/schema\\\/logo\\\/image\\\/\"}}]}<\/script>\n<!-- \/ Yoast SEO plugin. -->","yoast_head_json":{"title":"25.05.2000 - \"Unser Ort ganz gro\u00df\" 2. Runde - Eschringen","robots":{"index":"index","follow":"follow","max-snippet":"max-snippet:-1","max-image-preview":"max-image-preview:large","max-video-preview":"max-video-preview:-1"},"canonical":"https:\/\/eschringen.de\/wordpress\/geschichte\/archiv\/25-05-00-unser-ort-ganz-gross-2-runde\/","og_locale":"de_DE","og_type":"article","og_title":"25.05.2000 - \"Unser Ort ganz gro\u00df\" 2. Runde - Eschringen","og_description":"Eschringer Team knapp in Merzig gescheitert Am 25. Mai 2000 trat das Eschringer Rateteam zur zweiten Runde in der SR3-Radioquizshow &#8222;Unser Ort ganz gro\u00df&#8220; gegen die Mannschaft des Behindertenbeirates der Stadt Merzig an. Als Veranstaltungsort fungierte das neue Saarf\u00fcrst-Brauhaus am Merziger Yachthafen, eine gro\u00dfz\u00fcgig angelegte Erlebnisbrauerei, die trotzdem ein gem\u00fctliches Ambiente bot. Den musikalischen Rahmen ... Weiterlesen ...","og_url":"https:\/\/eschringen.de\/wordpress\/geschichte\/archiv\/25-05-00-unser-ort-ganz-gross-2-runde\/","og_site_name":"Eschringen","article_modified_time":"2022-08-31T07:02:05+00:00","og_image":[{"url":"https:\/\/eschringen.de\/wordpress\/wp-content\/uploads\/2022\/08\/uogg8.jpg","type":"","width":"","height":""}],"twitter_card":"summary_large_image","twitter_misc":{"Gesch\u00e4tzte Lesezeit":"3\u00a0Minuten"},"schema":{"@context":"https:\/\/schema.org","@graph":[{"@type":"WebPage","@id":"https:\/\/eschringen.de\/wordpress\/geschichte\/archiv\/25-05-00-unser-ort-ganz-gross-2-runde\/","url":"https:\/\/eschringen.de\/wordpress\/geschichte\/archiv\/25-05-00-unser-ort-ganz-gross-2-runde\/","name":"25.05.2000 - \"Unser Ort ganz gro\u00df\" 2. Runde - Eschringen","isPartOf":{"@id":"https:\/\/eschringen.de\/wordpress\/#website"},"primaryImageOfPage":{"@id":"https:\/\/eschringen.de\/wordpress\/geschichte\/archiv\/25-05-00-unser-ort-ganz-gross-2-runde\/#primaryimage"},"image":{"@id":"https:\/\/eschringen.de\/wordpress\/geschichte\/archiv\/25-05-00-unser-ort-ganz-gross-2-runde\/#primaryimage"},"thumbnailUrl":"https:\/\/eschringen.de\/wordpress\/wp-content\/uploads\/2022\/08\/uogg8.jpg","datePublished":"2017-02-24T11:37:17+00:00","dateModified":"2022-08-31T07:02:05+00:00","breadcrumb":{"@id":"https:\/\/eschringen.de\/wordpress\/geschichte\/archiv\/25-05-00-unser-ort-ganz-gross-2-runde\/#breadcrumb"},"inLanguage":"de","potentialAction":[{"@type":"ReadAction","target":["https:\/\/eschringen.de\/wordpress\/geschichte\/archiv\/25-05-00-unser-ort-ganz-gross-2-runde\/"]}]},{"@type":"ImageObject","inLanguage":"de","@id":"https:\/\/eschringen.de\/wordpress\/geschichte\/archiv\/25-05-00-unser-ort-ganz-gross-2-runde\/#primaryimage","url":"https:\/\/i0.wp.com\/eschringen.de\/wordpress\/wp-content\/uploads\/2022\/08\/uogg8.jpg?fit=150%2C223&ssl=1","contentUrl":"https:\/\/i0.wp.com\/eschringen.de\/wordpress\/wp-content\/uploads\/2022\/08\/uogg8.jpg?fit=150%2C223&ssl=1","width":150,"height":223},{"@type":"BreadcrumbList","@id":"https:\/\/eschringen.de\/wordpress\/geschichte\/archiv\/25-05-00-unser-ort-ganz-gross-2-runde\/#breadcrumb","itemListElement":[{"@type":"ListItem","position":1,"name":"Startseite","item":"https:\/\/eschringen.de\/wordpress\/"},{"@type":"ListItem","position":2,"name":"Geschichte","item":"https:\/\/eschringen.de\/wordpress\/geschichte\/"},{"@type":"ListItem","position":3,"name":"Archiv","item":"https:\/\/eschringen.de\/wordpress\/geschichte\/archiv\/"},{"@type":"ListItem","position":4,"name":"25.05.2000 &#8211; &#8222;Unser Ort ganz gro\u00df&#8220; 2. Runde"}]},{"@type":"WebSite","@id":"https:\/\/eschringen.de\/wordpress\/#website","url":"https:\/\/eschringen.de\/wordpress\/","name":"Eschringen","description":"","publisher":{"@id":"https:\/\/eschringen.de\/wordpress\/#organization"},"potentialAction":[{"@type":"SearchAction","target":{"@type":"EntryPoint","urlTemplate":"https:\/\/eschringen.de\/wordpress\/?s={search_term_string}"},"query-input":{"@type":"PropertyValueSpecification","valueRequired":true,"valueName":"search_term_string"}}],"inLanguage":"de"},{"@type":"Organization","@id":"https:\/\/eschringen.de\/wordpress\/#organization","name":"Eschringen","url":"https:\/\/eschringen.de\/wordpress\/","logo":{"@type":"ImageObject","inLanguage":"de","@id":"https:\/\/eschringen.de\/wordpress\/#\/schema\/logo\/image\/","url":"https:\/\/eschringen.de\/wordpress\/wp-content\/uploads\/2017\/03\/2017_kw15.jpg","contentUrl":"https:\/\/eschringen.de\/wordpress\/wp-content\/uploads\/2017\/03\/2017_kw15.jpg","width":784,"height":447,"caption":"Eschringen"},"image":{"@id":"https:\/\/eschringen.de\/wordpress\/#\/schema\/logo\/image\/"}}]}},"jetpack_sharing_enabled":true,"_links":{"self":[{"href":"https:\/\/eschringen.de\/wordpress\/wp-json\/wp\/v2\/pages\/1042","targetHints":{"allow":["GET"]}}],"collection":[{"href":"https:\/\/eschringen.de\/wordpress\/wp-json\/wp\/v2\/pages"}],"about":[{"href":"https:\/\/eschringen.de\/wordpress\/wp-json\/wp\/v2\/types\/page"}],"author":[{"embeddable":true,"href":"https:\/\/eschringen.de\/wordpress\/wp-json\/wp\/v2\/users\/1"}],"replies":[{"embeddable":true,"href":"https:\/\/eschringen.de\/wordpress\/wp-json\/wp\/v2\/comments?post=1042"}],"version-history":[{"count":3,"href":"https:\/\/eschringen.de\/wordpress\/wp-json\/wp\/v2\/pages\/1042\/revisions"}],"predecessor-version":[{"id":3934,"href":"https:\/\/eschringen.de\/wordpress\/wp-json\/wp\/v2\/pages\/1042\/revisions\/3934"}],"up":[{"embeddable":true,"href":"https:\/\/eschringen.de\/wordpress\/wp-json\/wp\/v2\/pages\/403"}],"wp:attachment":[{"href":"https:\/\/eschringen.de\/wordpress\/wp-json\/wp\/v2\/media?parent=1042"}],"curies":[{"name":"wp","href":"https:\/\/api.w.org\/{rel}","templated":true}]}}