{"id":1008,"date":"2017-02-23T23:16:03","date_gmt":"2017-02-23T22:16:03","guid":{"rendered":"http:\/\/eschringen.de\/wordpress\/?page_id=1008"},"modified":"2022-08-31T09:13:26","modified_gmt":"2022-08-31T07:13:26","slug":"09-06-01-projekt-museum-in-der-schule","status":"publish","type":"page","link":"https:\/\/eschringen.de\/wordpress\/geschichte\/archiv\/09-06-01-projekt-museum-in-der-schule\/","title":{"rendered":"09.06.2001 &#8211; Projekt &#8222;Museum in der Schule&#8220;"},"content":{"rendered":"<div class=\"wp-block-image\">\n<figure class=\"alignright\"><img data-recalc-dims=\"1\" loading=\"lazy\" decoding=\"async\" width=\"200\" height=\"275\" src=\"https:\/\/i0.wp.com\/eschringen.de\/wordpress\/wp-content\/uploads\/2022\/08\/schulmuseum1.jpg?resize=200%2C275&#038;ssl=1\" alt=\"\" class=\"wp-image-3959\"\/><\/figure>\n<\/div>\n\n\n<p>W\u00e4hrend des diesj\u00e4hrigen Schulfestes am 9. Juni 2001, das thematisch dem &#8222;Mittelalter&#8220; gewidmet war, stellte die Eschringer Geschichtswerkstatt auch die erste Stufe ihres gemeinsamen Projektes mit der Grundschule vor. Unter dem Motto &#8222;Museum in der Grundschule&#8220; konnten der \u00d6ffentlichkeit zwei Vitrinen mit Bodenfunden sowie diverse Karten, Dioramen und Figuren pr\u00e4sentiert werden.<\/p>\n\n\n<div class=\"wp-block-image\">\n<figure class=\"alignleft\"><img data-recalc-dims=\"1\" loading=\"lazy\" decoding=\"async\" width=\"200\" height=\"256\" src=\"https:\/\/i0.wp.com\/eschringen.de\/wordpress\/wp-content\/uploads\/2022\/08\/schulmuseum2.jpg?resize=200%2C256&#038;ssl=1\" alt=\"\" class=\"wp-image-3960\"\/><\/figure>\n<\/div>\n\n\n<p>Die 1. Vitrine enth\u00e4lt verschiedene Fossilien, die in und um Eschringen gefunden wurden. Des weiteren das Modell einer r\u00f6mischen villa rustica: So sah m\u00f6glicherweise der r\u00f6mische Gutshof aus, der sich unweit des heutigen Schulgeb\u00e4udes befand. Ausgelegte Bruchst\u00fccke r\u00f6mischer Flachziegel findet man noch heute auf der Flur &#8222;Auf&#8217;m Willer&#8220;. Die ebenfalls ausgestellten Halsst\u00fccke einer zweihenkligen r\u00f6mischen Amphore (oder Kanne), die 1999 auf dem Friedhofsgel\u00e4nde zu Tage kamen (Leihgabe von Fam. Lang), werden gegenw\u00e4rtig von einem Arch\u00e4ologen untersucht. Die Zeichnung eines Pflugeisens (&#8222;Rammeisen&#8220;); 75,5 cm lang, 12 cm breit, und einer Eisenstange; 41 cm lang (Originale in der Saarl. Altert\u00fcmersammlung), verweist auf r\u00f6merzeitliche Ackerbauger\u00e4te, die &#8222;Auf&#8217;m Willer&#8220; gefunden worden waren. Die Modellfiguren stellen den Zweikampf eines Galliers mit einem R\u00f6mer dar und erinnern an das anfangs feindliche &#8222;Kennenlernen&#8220; der gallo-r\u00f6mischen Bewohner.<\/p>\n\n\n<div class=\"wp-block-image\">\n<figure class=\"alignright\"><img data-recalc-dims=\"1\" loading=\"lazy\" decoding=\"async\" width=\"294\" height=\"200\" src=\"https:\/\/i0.wp.com\/eschringen.de\/wordpress\/wp-content\/uploads\/2022\/08\/schulmuseum3.jpg?resize=294%2C200&#038;ssl=1\" alt=\"\" class=\"wp-image-3961\"\/><\/figure>\n<\/div>\n\n\n<p>Die 2. Vitrine wartet mit einer aus Modellen zusammengesetzten Szene auf, wie sie sich ca. 450 n. Ch. hier zugetragen haben k\u00f6nnte: R\u00f6mer und Germanen k\u00e4mpfen gegen die eindringenden Hunnen.<br>Nur f\u00fcr die Zeit des Schulfestes stellte die Saarl. Altert\u00fcmersammlung in Saarbr\u00fccken zwei originale Schwerter zur Verf\u00fcgung, die 1950 &#8222;auf dem Schneidersberg&#8220; in einem fr\u00e4nkischen Gr\u00e4berfeld gefunden wurden: eine Spatha (fr\u00e4nkisches Langschwert) und eine Sax (fr\u00e4nkisches Kurz- bzw. Hiebschwert). Gegenw\u00e4rtig bem\u00fcht man sich um eine Dauerleihgabe aus Privatbesitz als Ersatz.<br>Ein weiterer Fund vom Schneidersberg, eine h\u00fcbsch verzierte G\u00fcrtelschnalle, ist nur auf einem Foto zu sehen; das Original befindet sich im Museum f\u00fcr Vor- und Fr\u00fchgeschichte in Saarbr\u00fccken. Die Zeichnung der Grablege eines fr\u00e4nkischen Kriegers soll die Bestattungsform im fr\u00fchen Mittelalter (6.-7. Jh.) veranschaulichen.<br>Aus karolingischer Zeit stammt die Kopie einer Originalabschrift der urkundlichen Ersterw\u00e4hnung Eschringens im Jahre 893.<\/p>\n\n\n\n<p>Als Dauerleihgabe bleiben im Flur des 1. Stockes verschiedene historische Karten, u. a. ein geometrischer Plan Eschringens aus dem Jahre 1804.<\/p>\n\n\n\n<p>Im Herbst 2001 folgt die 2. Stufe des Projektes &#8222;Museum in der Schule&#8220;. In einer dritten Vitrine werden dann Figuren und Dioramen aus verschiedenen Phasen der Eschringer Geschichte zu bewundern sein, z. B. ein Deutschordensritter, eine Grenzsteinsetzung im Jahre 1768, der Marsch der k\u00f6niglich-bayerischen Landwehr (um 1835) oder ein L\u00f6scheinsatz der Eschringer Feuerwehr im Jahre 1908 (Leihgabe von Yannick Schmitt\/Jugendfeuerwehr Eschringen)<\/p>\n","protected":false},"excerpt":{"rendered":"<p>W\u00e4hrend des diesj\u00e4hrigen Schulfestes am 9. Juni 2001, das thematisch dem &#8222;Mittelalter&#8220; gewidmet war, stellte die Eschringer Geschichtswerkstatt auch die erste Stufe ihres gemeinsamen Projektes mit der Grundschule vor. Unter dem Motto &#8222;Museum in der Grundschule&#8220; konnten der \u00d6ffentlichkeit zwei Vitrinen mit Bodenfunden sowie diverse Karten, Dioramen und Figuren pr\u00e4sentiert werden. Die 1. Vitrine enth\u00e4lt &#8230; <a title=\"09.06.2001 &#8211; Projekt &#8222;Museum in der Schule&#8220;\" class=\"read-more\" href=\"https:\/\/eschringen.de\/wordpress\/geschichte\/archiv\/09-06-01-projekt-museum-in-der-schule\/\" aria-label=\"Mehr Informationen \u00fcber 09.06.2001 &#8211; Projekt &#8222;Museum in der Schule&#8220;\">Weiterlesen &#8230;<\/a><\/p>\n","protected":false},"author":1,"featured_media":0,"parent":403,"menu_order":65,"comment_status":"closed","ping_status":"closed","template":"","meta":{"ngg_post_thumbnail":0,"footnotes":""},"class_list":["post-1008","page","type-page","status-publish"],"yoast_head":"<!-- This site is optimized with the Yoast SEO plugin v27.4 - https:\/\/yoast.com\/product\/yoast-seo-wordpress\/ -->\n<title>09.06.2001 - Projekt &quot;Museum in der Schule&quot; - Eschringen<\/title>\n<meta name=\"robots\" content=\"index, follow, max-snippet:-1, max-image-preview:large, max-video-preview:-1\" \/>\n<link rel=\"canonical\" href=\"https:\/\/eschringen.de\/wordpress\/geschichte\/archiv\/09-06-01-projekt-museum-in-der-schule\/\" \/>\n<meta property=\"og:locale\" content=\"de_DE\" \/>\n<meta property=\"og:type\" content=\"article\" \/>\n<meta property=\"og:title\" content=\"09.06.2001 - Projekt &quot;Museum in der Schule&quot; - Eschringen\" \/>\n<meta property=\"og:description\" content=\"W\u00e4hrend des diesj\u00e4hrigen Schulfestes am 9. Juni 2001, das thematisch dem &#8222;Mittelalter&#8220; gewidmet war, stellte die Eschringer Geschichtswerkstatt auch die erste Stufe ihres gemeinsamen Projektes mit der Grundschule vor. Unter dem Motto &#8222;Museum in der Grundschule&#8220; konnten der \u00d6ffentlichkeit zwei Vitrinen mit Bodenfunden sowie diverse Karten, Dioramen und Figuren pr\u00e4sentiert werden. Die 1. Vitrine enth\u00e4lt ... Weiterlesen ...\" \/>\n<meta property=\"og:url\" content=\"https:\/\/eschringen.de\/wordpress\/geschichte\/archiv\/09-06-01-projekt-museum-in-der-schule\/\" \/>\n<meta property=\"og:site_name\" content=\"Eschringen\" \/>\n<meta property=\"article:modified_time\" content=\"2022-08-31T07:13:26+00:00\" \/>\n<meta property=\"og:image\" content=\"https:\/\/eschringen.de\/wordpress\/wp-content\/uploads\/2022\/08\/schulmuseum1.jpg\" \/>\n<meta name=\"twitter:card\" content=\"summary_large_image\" \/>\n<meta name=\"twitter:label1\" content=\"Gesch\u00e4tzte Lesezeit\" \/>\n\t<meta name=\"twitter:data1\" content=\"3\u00a0Minuten\" \/>\n<script type=\"application\/ld+json\" class=\"yoast-schema-graph\">{\"@context\":\"https:\\\/\\\/schema.org\",\"@graph\":[{\"@type\":\"WebPage\",\"@id\":\"https:\\\/\\\/eschringen.de\\\/wordpress\\\/geschichte\\\/archiv\\\/09-06-01-projekt-museum-in-der-schule\\\/\",\"url\":\"https:\\\/\\\/eschringen.de\\\/wordpress\\\/geschichte\\\/archiv\\\/09-06-01-projekt-museum-in-der-schule\\\/\",\"name\":\"09.06.2001 - Projekt \\\"Museum in der Schule\\\" - Eschringen\",\"isPartOf\":{\"@id\":\"https:\\\/\\\/eschringen.de\\\/wordpress\\\/#website\"},\"primaryImageOfPage\":{\"@id\":\"https:\\\/\\\/eschringen.de\\\/wordpress\\\/geschichte\\\/archiv\\\/09-06-01-projekt-museum-in-der-schule\\\/#primaryimage\"},\"image\":{\"@id\":\"https:\\\/\\\/eschringen.de\\\/wordpress\\\/geschichte\\\/archiv\\\/09-06-01-projekt-museum-in-der-schule\\\/#primaryimage\"},\"thumbnailUrl\":\"https:\\\/\\\/eschringen.de\\\/wordpress\\\/wp-content\\\/uploads\\\/2022\\\/08\\\/schulmuseum1.jpg\",\"datePublished\":\"2017-02-23T22:16:03+00:00\",\"dateModified\":\"2022-08-31T07:13:26+00:00\",\"breadcrumb\":{\"@id\":\"https:\\\/\\\/eschringen.de\\\/wordpress\\\/geschichte\\\/archiv\\\/09-06-01-projekt-museum-in-der-schule\\\/#breadcrumb\"},\"inLanguage\":\"de\",\"potentialAction\":[{\"@type\":\"ReadAction\",\"target\":[\"https:\\\/\\\/eschringen.de\\\/wordpress\\\/geschichte\\\/archiv\\\/09-06-01-projekt-museum-in-der-schule\\\/\"]}]},{\"@type\":\"ImageObject\",\"inLanguage\":\"de\",\"@id\":\"https:\\\/\\\/eschringen.de\\\/wordpress\\\/geschichte\\\/archiv\\\/09-06-01-projekt-museum-in-der-schule\\\/#primaryimage\",\"url\":\"https:\\\/\\\/i0.wp.com\\\/eschringen.de\\\/wordpress\\\/wp-content\\\/uploads\\\/2022\\\/08\\\/schulmuseum1.jpg?fit=200%2C275&ssl=1\",\"contentUrl\":\"https:\\\/\\\/i0.wp.com\\\/eschringen.de\\\/wordpress\\\/wp-content\\\/uploads\\\/2022\\\/08\\\/schulmuseum1.jpg?fit=200%2C275&ssl=1\",\"width\":200,\"height\":275},{\"@type\":\"BreadcrumbList\",\"@id\":\"https:\\\/\\\/eschringen.de\\\/wordpress\\\/geschichte\\\/archiv\\\/09-06-01-projekt-museum-in-der-schule\\\/#breadcrumb\",\"itemListElement\":[{\"@type\":\"ListItem\",\"position\":1,\"name\":\"Startseite\",\"item\":\"https:\\\/\\\/eschringen.de\\\/wordpress\\\/\"},{\"@type\":\"ListItem\",\"position\":2,\"name\":\"Geschichte\",\"item\":\"https:\\\/\\\/eschringen.de\\\/wordpress\\\/geschichte\\\/\"},{\"@type\":\"ListItem\",\"position\":3,\"name\":\"Archiv\",\"item\":\"https:\\\/\\\/eschringen.de\\\/wordpress\\\/geschichte\\\/archiv\\\/\"},{\"@type\":\"ListItem\",\"position\":4,\"name\":\"09.06.2001 &#8211; Projekt &#8222;Museum in der Schule&#8220;\"}]},{\"@type\":\"WebSite\",\"@id\":\"https:\\\/\\\/eschringen.de\\\/wordpress\\\/#website\",\"url\":\"https:\\\/\\\/eschringen.de\\\/wordpress\\\/\",\"name\":\"Eschringen\",\"description\":\"\",\"publisher\":{\"@id\":\"https:\\\/\\\/eschringen.de\\\/wordpress\\\/#organization\"},\"potentialAction\":[{\"@type\":\"SearchAction\",\"target\":{\"@type\":\"EntryPoint\",\"urlTemplate\":\"https:\\\/\\\/eschringen.de\\\/wordpress\\\/?s={search_term_string}\"},\"query-input\":{\"@type\":\"PropertyValueSpecification\",\"valueRequired\":true,\"valueName\":\"search_term_string\"}}],\"inLanguage\":\"de\"},{\"@type\":\"Organization\",\"@id\":\"https:\\\/\\\/eschringen.de\\\/wordpress\\\/#organization\",\"name\":\"Eschringen\",\"url\":\"https:\\\/\\\/eschringen.de\\\/wordpress\\\/\",\"logo\":{\"@type\":\"ImageObject\",\"inLanguage\":\"de\",\"@id\":\"https:\\\/\\\/eschringen.de\\\/wordpress\\\/#\\\/schema\\\/logo\\\/image\\\/\",\"url\":\"https:\\\/\\\/eschringen.de\\\/wordpress\\\/wp-content\\\/uploads\\\/2017\\\/03\\\/2017_kw15.jpg\",\"contentUrl\":\"https:\\\/\\\/eschringen.de\\\/wordpress\\\/wp-content\\\/uploads\\\/2017\\\/03\\\/2017_kw15.jpg\",\"width\":784,\"height\":447,\"caption\":\"Eschringen\"},\"image\":{\"@id\":\"https:\\\/\\\/eschringen.de\\\/wordpress\\\/#\\\/schema\\\/logo\\\/image\\\/\"}}]}<\/script>\n<!-- \/ Yoast SEO plugin. -->","yoast_head_json":{"title":"09.06.2001 - Projekt \"Museum in der Schule\" - Eschringen","robots":{"index":"index","follow":"follow","max-snippet":"max-snippet:-1","max-image-preview":"max-image-preview:large","max-video-preview":"max-video-preview:-1"},"canonical":"https:\/\/eschringen.de\/wordpress\/geschichte\/archiv\/09-06-01-projekt-museum-in-der-schule\/","og_locale":"de_DE","og_type":"article","og_title":"09.06.2001 - Projekt \"Museum in der Schule\" - Eschringen","og_description":"W\u00e4hrend des diesj\u00e4hrigen Schulfestes am 9. Juni 2001, das thematisch dem &#8222;Mittelalter&#8220; gewidmet war, stellte die Eschringer Geschichtswerkstatt auch die erste Stufe ihres gemeinsamen Projektes mit der Grundschule vor. Unter dem Motto &#8222;Museum in der Grundschule&#8220; konnten der \u00d6ffentlichkeit zwei Vitrinen mit Bodenfunden sowie diverse Karten, Dioramen und Figuren pr\u00e4sentiert werden. Die 1. Vitrine enth\u00e4lt ... Weiterlesen ...","og_url":"https:\/\/eschringen.de\/wordpress\/geschichte\/archiv\/09-06-01-projekt-museum-in-der-schule\/","og_site_name":"Eschringen","article_modified_time":"2022-08-31T07:13:26+00:00","og_image":[{"url":"https:\/\/eschringen.de\/wordpress\/wp-content\/uploads\/2022\/08\/schulmuseum1.jpg","type":"","width":"","height":""}],"twitter_card":"summary_large_image","twitter_misc":{"Gesch\u00e4tzte Lesezeit":"3\u00a0Minuten"},"schema":{"@context":"https:\/\/schema.org","@graph":[{"@type":"WebPage","@id":"https:\/\/eschringen.de\/wordpress\/geschichte\/archiv\/09-06-01-projekt-museum-in-der-schule\/","url":"https:\/\/eschringen.de\/wordpress\/geschichte\/archiv\/09-06-01-projekt-museum-in-der-schule\/","name":"09.06.2001 - Projekt \"Museum in der Schule\" - Eschringen","isPartOf":{"@id":"https:\/\/eschringen.de\/wordpress\/#website"},"primaryImageOfPage":{"@id":"https:\/\/eschringen.de\/wordpress\/geschichte\/archiv\/09-06-01-projekt-museum-in-der-schule\/#primaryimage"},"image":{"@id":"https:\/\/eschringen.de\/wordpress\/geschichte\/archiv\/09-06-01-projekt-museum-in-der-schule\/#primaryimage"},"thumbnailUrl":"https:\/\/eschringen.de\/wordpress\/wp-content\/uploads\/2022\/08\/schulmuseum1.jpg","datePublished":"2017-02-23T22:16:03+00:00","dateModified":"2022-08-31T07:13:26+00:00","breadcrumb":{"@id":"https:\/\/eschringen.de\/wordpress\/geschichte\/archiv\/09-06-01-projekt-museum-in-der-schule\/#breadcrumb"},"inLanguage":"de","potentialAction":[{"@type":"ReadAction","target":["https:\/\/eschringen.de\/wordpress\/geschichte\/archiv\/09-06-01-projekt-museum-in-der-schule\/"]}]},{"@type":"ImageObject","inLanguage":"de","@id":"https:\/\/eschringen.de\/wordpress\/geschichte\/archiv\/09-06-01-projekt-museum-in-der-schule\/#primaryimage","url":"https:\/\/i0.wp.com\/eschringen.de\/wordpress\/wp-content\/uploads\/2022\/08\/schulmuseum1.jpg?fit=200%2C275&ssl=1","contentUrl":"https:\/\/i0.wp.com\/eschringen.de\/wordpress\/wp-content\/uploads\/2022\/08\/schulmuseum1.jpg?fit=200%2C275&ssl=1","width":200,"height":275},{"@type":"BreadcrumbList","@id":"https:\/\/eschringen.de\/wordpress\/geschichte\/archiv\/09-06-01-projekt-museum-in-der-schule\/#breadcrumb","itemListElement":[{"@type":"ListItem","position":1,"name":"Startseite","item":"https:\/\/eschringen.de\/wordpress\/"},{"@type":"ListItem","position":2,"name":"Geschichte","item":"https:\/\/eschringen.de\/wordpress\/geschichte\/"},{"@type":"ListItem","position":3,"name":"Archiv","item":"https:\/\/eschringen.de\/wordpress\/geschichte\/archiv\/"},{"@type":"ListItem","position":4,"name":"09.06.2001 &#8211; Projekt &#8222;Museum in der Schule&#8220;"}]},{"@type":"WebSite","@id":"https:\/\/eschringen.de\/wordpress\/#website","url":"https:\/\/eschringen.de\/wordpress\/","name":"Eschringen","description":"","publisher":{"@id":"https:\/\/eschringen.de\/wordpress\/#organization"},"potentialAction":[{"@type":"SearchAction","target":{"@type":"EntryPoint","urlTemplate":"https:\/\/eschringen.de\/wordpress\/?s={search_term_string}"},"query-input":{"@type":"PropertyValueSpecification","valueRequired":true,"valueName":"search_term_string"}}],"inLanguage":"de"},{"@type":"Organization","@id":"https:\/\/eschringen.de\/wordpress\/#organization","name":"Eschringen","url":"https:\/\/eschringen.de\/wordpress\/","logo":{"@type":"ImageObject","inLanguage":"de","@id":"https:\/\/eschringen.de\/wordpress\/#\/schema\/logo\/image\/","url":"https:\/\/eschringen.de\/wordpress\/wp-content\/uploads\/2017\/03\/2017_kw15.jpg","contentUrl":"https:\/\/eschringen.de\/wordpress\/wp-content\/uploads\/2017\/03\/2017_kw15.jpg","width":784,"height":447,"caption":"Eschringen"},"image":{"@id":"https:\/\/eschringen.de\/wordpress\/#\/schema\/logo\/image\/"}}]}},"jetpack_sharing_enabled":true,"_links":{"self":[{"href":"https:\/\/eschringen.de\/wordpress\/wp-json\/wp\/v2\/pages\/1008","targetHints":{"allow":["GET"]}}],"collection":[{"href":"https:\/\/eschringen.de\/wordpress\/wp-json\/wp\/v2\/pages"}],"about":[{"href":"https:\/\/eschringen.de\/wordpress\/wp-json\/wp\/v2\/types\/page"}],"author":[{"embeddable":true,"href":"https:\/\/eschringen.de\/wordpress\/wp-json\/wp\/v2\/users\/1"}],"replies":[{"embeddable":true,"href":"https:\/\/eschringen.de\/wordpress\/wp-json\/wp\/v2\/comments?post=1008"}],"version-history":[{"count":2,"href":"https:\/\/eschringen.de\/wordpress\/wp-json\/wp\/v2\/pages\/1008\/revisions"}],"predecessor-version":[{"id":3963,"href":"https:\/\/eschringen.de\/wordpress\/wp-json\/wp\/v2\/pages\/1008\/revisions\/3963"}],"up":[{"embeddable":true,"href":"https:\/\/eschringen.de\/wordpress\/wp-json\/wp\/v2\/pages\/403"}],"wp:attachment":[{"href":"https:\/\/eschringen.de\/wordpress\/wp-json\/wp\/v2\/media?parent=1008"}],"curies":[{"name":"wp","href":"https:\/\/api.w.org\/{rel}","templated":true}]}}