{"version":"1.0","provider_name":"Eschringen","provider_url":"https:\/\/eschringen.de\/wordpress","title":"Weihnachtskonzert - Eschringen","type":"rich","width":600,"height":338,"html":"<blockquote class=\"wp-embedded-content\" data-secret=\"HBwnpL3VRR\"><a href=\"https:\/\/eschringen.de\/wordpress\/event\/weihnachtskonzert\/\">Weihnachtskonzert<\/a><\/blockquote><iframe sandbox=\"allow-scripts\" security=\"restricted\" src=\"https:\/\/eschringen.de\/wordpress\/event\/weihnachtskonzert\/embed\/#?secret=HBwnpL3VRR\" width=\"600\" height=\"338\" title=\"&#8222;Weihnachtskonzert&#8220; &#8211; Eschringen\" data-secret=\"HBwnpL3VRR\" frameborder=\"0\" marginwidth=\"0\" marginheight=\"0\" scrolling=\"no\" class=\"wp-embedded-content\"><\/iframe><script>\n\/*! This file is auto-generated *\/\n!function(d,l){\"use strict\";l.querySelector&&d.addEventListener&&\"undefined\"!=typeof URL&&(d.wp=d.wp||{},d.wp.receiveEmbedMessage||(d.wp.receiveEmbedMessage=function(e){var t=e.data;if((t||t.secret||t.message||t.value)&&!\/[^a-zA-Z0-9]\/.test(t.secret)){for(var s,r,n,a=l.querySelectorAll('iframe[data-secret=\"'+t.secret+'\"]'),o=l.querySelectorAll('blockquote[data-secret=\"'+t.secret+'\"]'),c=new RegExp(\"^https?:$\",\"i\"),i=0;i<o.length;i++)o[i].style.display=\"none\";for(i=0;i<a.length;i++)s=a[i],e.source===s.contentWindow&&(s.removeAttribute(\"style\"),\"height\"===t.message?(1e3<(r=parseInt(t.value,10))?r=1e3:~~r<200&&(r=200),s.height=r):\"link\"===t.message&&(r=new URL(s.getAttribute(\"src\")),n=new URL(t.value),c.test(n.protocol))&&n.host===r.host&&l.activeElement===s&&(d.top.location.href=t.value))}},d.addEventListener(\"message\",d.wp.receiveEmbedMessage,!1),l.addEventListener(\"DOMContentLoaded\",function(){for(var e,t,s=l.querySelectorAll(\"iframe.wp-embedded-content\"),r=0;r<s.length;r++)(t=(e=s[r]).getAttribute(\"data-secret\"))||(t=Math.random().toString(36).substring(2,12),e.src+=\"#?secret=\"+t,e.setAttribute(\"data-secret\",t)),e.contentWindow.postMessage({message:\"ready\",secret:t},\"*\")},!1)))}(window,document);\n\/\/# sourceURL=https:\/\/eschringen.de\/wordpress\/wp-includes\/js\/wp-embed.min.js\n<\/script>\n","thumbnail_url":"https:\/\/eschringen.de\/wordpress\/wp-content\/uploads\/2017\/04\/Lyra_kal.jpg","thumbnail_width":210,"thumbnail_height":212,"description":"Weihnachtskonzert des Musikvereins Lyra am 3. Advent Auch wenn es drau\u00dfen noch fr\u00fchlingshaft warm ist, stehen die ersten Schneeflocken und das Weihnachtsfest schon fast vor der T\u00fcr. Inmitten der festlichen Vorfreude l\u00e4dt der Musikverein Lyra herzlich zu seinem traditionellen Weihnachtskonzert am 15. Dezember 2024, dem 3. Adventssonntag, ein. Um 18 Uhr erklingen in der stimmungsvollen ... Weiterlesen ..."}

Weihnachtskonzert des Musikvereins Lyra am 3. Advent Auch wenn es draußen noch frühlingshaft warm ist, stehen die ersten Schneeflocken und das Weihnachtsfest schon fast vor der Tür. Inmitten der festlichen Vorfreude lädt der Musikverein Lyra herzlich zu seinem traditionellen Weihnachtskonzert am 15. Dezember 2024, dem 3. Adventssonntag, ein. Um 18 Uhr erklingen in der stimmungsvollen ... Weiterlesen ...
