{"version":"1.0","provider_name":"Eschringen","provider_url":"https:\/\/eschringen.de\/wordpress","title":"Martinsumzug - Eschringen","type":"rich","width":600,"height":338,"html":"<blockquote class=\"wp-embedded-content\" data-secret=\"CXSR7322Jt\"><a href=\"https:\/\/eschringen.de\/wordpress\/event\/martinsumzug-7\/\">Martinsumzug<\/a><\/blockquote><iframe sandbox=\"allow-scripts\" security=\"restricted\" src=\"https:\/\/eschringen.de\/wordpress\/event\/martinsumzug-7\/embed\/#?secret=CXSR7322Jt\" width=\"600\" height=\"338\" title=\"&#8222;Martinsumzug&#8220; &#8211; Eschringen\" data-secret=\"CXSR7322Jt\" frameborder=\"0\" marginwidth=\"0\" marginheight=\"0\" scrolling=\"no\" class=\"wp-embedded-content\"><\/iframe><script>\n\/*! This file is auto-generated *\/\n!function(d,l){\"use strict\";l.querySelector&&d.addEventListener&&\"undefined\"!=typeof URL&&(d.wp=d.wp||{},d.wp.receiveEmbedMessage||(d.wp.receiveEmbedMessage=function(e){var t=e.data;if((t||t.secret||t.message||t.value)&&!\/[^a-zA-Z0-9]\/.test(t.secret)){for(var s,r,n,a=l.querySelectorAll('iframe[data-secret=\"'+t.secret+'\"]'),o=l.querySelectorAll('blockquote[data-secret=\"'+t.secret+'\"]'),c=new RegExp(\"^https?:$\",\"i\"),i=0;i<o.length;i++)o[i].style.display=\"none\";for(i=0;i<a.length;i++)s=a[i],e.source===s.contentWindow&&(s.removeAttribute(\"style\"),\"height\"===t.message?(1e3<(r=parseInt(t.value,10))?r=1e3:~~r<200&&(r=200),s.height=r):\"link\"===t.message&&(r=new URL(s.getAttribute(\"src\")),n=new URL(t.value),c.test(n.protocol))&&n.host===r.host&&l.activeElement===s&&(d.top.location.href=t.value))}},d.addEventListener(\"message\",d.wp.receiveEmbedMessage,!1),l.addEventListener(\"DOMContentLoaded\",function(){for(var e,t,s=l.querySelectorAll(\"iframe.wp-embedded-content\"),r=0;r<s.length;r++)(t=(e=s[r]).getAttribute(\"data-secret\"))||(t=Math.random().toString(36).substring(2,12),e.src+=\"#?secret=\"+t,e.setAttribute(\"data-secret\",t)),e.contentWindow.postMessage({message:\"ready\",secret:t},\"*\")},!1)))}(window,document);\n\/\/# sourceURL=https:\/\/eschringen.de\/wordpress\/wp-includes\/js\/wp-embed.min.js\n<\/script>\n","thumbnail_url":"https:\/\/eschringen.de\/wordpress\/wp-content\/uploads\/2017\/06\/AG_kal.jpg","thumbnail_width":210,"thumbnail_height":212,"description":"Am Freitag, den 7. November 2025, findet in Eschringen wieder der Martinsumzug statt. Um 18.00 Uhr treffen sich die Kinder mit ihren Eltern und Gro\u00dfeltern am Feuerwehrger\u00e4tehaus in der Gr\u00e4finthaler Stra\u00dfe. Von dort geht es durch die Karl-Leidinger-Stra\u00dfe und die Andreas-Kremp-Sta\u00dfe zum Festplatz \u201eIm Pfaffeneck\u201c. Der Musikverein \u201eLyra\u201c Eschringen begleitet den Umzug mit Musik. Nach ... Weiterlesen ..."}

Am Freitag, den 7. November 2025, findet in Eschringen wieder der Martinsumzug statt. Um 18.00 Uhr treffen sich die Kinder mit ihren Eltern und Großeltern am Feuerwehrgerätehaus in der Gräfinthaler Straße. Von dort geht es durch die Karl-Leidinger-Straße und die Andreas-Kremp-Staße zum Festplatz „Im Pfaffeneck“. Der Musikverein „Lyra“ Eschringen begleitet den Umzug mit Musik. Nach ... Weiterlesen ...
