{"version":"1.0","provider_name":"Eschringen","provider_url":"https:\/\/eschringen.de\/wordpress","title":"Jahreshauptversammlung - Eschringen","type":"rich","width":600,"height":338,"html":"<blockquote class=\"wp-embedded-content\" data-secret=\"nqL21soLLe\"><a href=\"https:\/\/eschringen.de\/wordpress\/event\/jahreshauptversammlung-33\/\">Jahreshauptversammlung<\/a><\/blockquote><iframe sandbox=\"allow-scripts\" security=\"restricted\" src=\"https:\/\/eschringen.de\/wordpress\/event\/jahreshauptversammlung-33\/embed\/#?secret=nqL21soLLe\" width=\"600\" height=\"338\" title=\"&#8222;Jahreshauptversammlung&#8220; &#8211; Eschringen\" data-secret=\"nqL21soLLe\" frameborder=\"0\" marginwidth=\"0\" marginheight=\"0\" scrolling=\"no\" class=\"wp-embedded-content\"><\/iframe><script>\n\/*! This file is auto-generated *\/\n!function(d,l){\"use strict\";l.querySelector&&d.addEventListener&&\"undefined\"!=typeof URL&&(d.wp=d.wp||{},d.wp.receiveEmbedMessage||(d.wp.receiveEmbedMessage=function(e){var t=e.data;if((t||t.secret||t.message||t.value)&&!\/[^a-zA-Z0-9]\/.test(t.secret)){for(var s,r,n,a=l.querySelectorAll('iframe[data-secret=\"'+t.secret+'\"]'),o=l.querySelectorAll('blockquote[data-secret=\"'+t.secret+'\"]'),c=new RegExp(\"^https?:$\",\"i\"),i=0;i<o.length;i++)o[i].style.display=\"none\";for(i=0;i<a.length;i++)s=a[i],e.source===s.contentWindow&&(s.removeAttribute(\"style\"),\"height\"===t.message?(1e3<(r=parseInt(t.value,10))?r=1e3:~~r<200&&(r=200),s.height=r):\"link\"===t.message&&(r=new URL(s.getAttribute(\"src\")),n=new URL(t.value),c.test(n.protocol))&&n.host===r.host&&l.activeElement===s&&(d.top.location.href=t.value))}},d.addEventListener(\"message\",d.wp.receiveEmbedMessage,!1),l.addEventListener(\"DOMContentLoaded\",function(){for(var e,t,s=l.querySelectorAll(\"iframe.wp-embedded-content\"),r=0;r<s.length;r++)(t=(e=s[r]).getAttribute(\"data-secret\"))||(t=Math.random().toString(36).substring(2,12),e.src+=\"#?secret=\"+t,e.setAttribute(\"data-secret\",t)),e.contentWindow.postMessage({message:\"ready\",secret:t},\"*\")},!1)))}(window,document);\n\/\/# sourceURL=https:\/\/eschringen.de\/wordpress\/wp-includes\/js\/wp-embed.min.js\n<\/script>\n","thumbnail_url":"https:\/\/eschringen.de\/wordpress\/wp-content\/uploads\/2017\/02\/feuerwehr.jpg","thumbnail_width":163,"thumbnail_height":200,"description":"Einladung zur Jahreshauptversammlung LB 26 Eschringen Liebe Feuerwehrkameraden und Feuerwehrkameradinnen, die Jahreshauptversammlung des LB 26 Eschringen findet am Samstag, 25. Januar 2025 um 18.00 Uhr, im Feuerwehrger\u00e4tehaus des LB 26 Eschringen statt . Hierzu sind alle aktiven Mitglieder und Mitglieder der Ehrenabteilung herzlich eingeladen. Tagesordnungspunkte: 1. Er\u00f6ffnung der Versammlung und Begr\u00fc\u00dfung 2. Totenehrung 3. Bericht ... Weiterlesen ..."}

Einladung zur Jahreshauptversammlung LB 26 Eschringen Liebe Feuerwehrkameraden und Feuerwehrkameradinnen, die Jahreshauptversammlung des LB 26 Eschringen findet am Samstag, 25. Januar 2025 um 18.00 Uhr, im Feuerwehrgerätehaus des LB 26 Eschringen statt . Hierzu sind alle aktiven Mitglieder und Mitglieder der Ehrenabteilung herzlich eingeladen. Tagesordnungspunkte: 1. Eröffnung der Versammlung und Begrüßung 2. Totenehrung 3. Bericht ... Weiterlesen ...
