{"version":"1.0","provider_name":"Eschringen","provider_url":"https:\/\/eschringen.de\/wordpress","title":"Eschringer Treff - Eschringen","type":"rich","width":600,"height":338,"html":"<blockquote class=\"wp-embedded-content\" data-secret=\"MbY4ROrYeQ\"><a href=\"https:\/\/eschringen.de\/wordpress\/event\/eschringer-treff-2\/\">Eschringer Treff<\/a><\/blockquote><iframe sandbox=\"allow-scripts\" security=\"restricted\" src=\"https:\/\/eschringen.de\/wordpress\/event\/eschringer-treff-2\/embed\/#?secret=MbY4ROrYeQ\" width=\"600\" height=\"338\" title=\"&#8222;Eschringer Treff&#8220; &#8211; Eschringen\" data-secret=\"MbY4ROrYeQ\" frameborder=\"0\" marginwidth=\"0\" marginheight=\"0\" scrolling=\"no\" class=\"wp-embedded-content\"><\/iframe><script>\n\/*! This file is auto-generated *\/\n!function(d,l){\"use strict\";l.querySelector&&d.addEventListener&&\"undefined\"!=typeof URL&&(d.wp=d.wp||{},d.wp.receiveEmbedMessage||(d.wp.receiveEmbedMessage=function(e){var t=e.data;if((t||t.secret||t.message||t.value)&&!\/[^a-zA-Z0-9]\/.test(t.secret)){for(var s,r,n,a=l.querySelectorAll('iframe[data-secret=\"'+t.secret+'\"]'),o=l.querySelectorAll('blockquote[data-secret=\"'+t.secret+'\"]'),c=new RegExp(\"^https?:$\",\"i\"),i=0;i<o.length;i++)o[i].style.display=\"none\";for(i=0;i<a.length;i++)s=a[i],e.source===s.contentWindow&&(s.removeAttribute(\"style\"),\"height\"===t.message?(1e3<(r=parseInt(t.value,10))?r=1e3:~~r<200&&(r=200),s.height=r):\"link\"===t.message&&(r=new URL(s.getAttribute(\"src\")),n=new URL(t.value),c.test(n.protocol))&&n.host===r.host&&l.activeElement===s&&(d.top.location.href=t.value))}},d.addEventListener(\"message\",d.wp.receiveEmbedMessage,!1),l.addEventListener(\"DOMContentLoaded\",function(){for(var e,t,s=l.querySelectorAll(\"iframe.wp-embedded-content\"),r=0;r<s.length;r++)(t=(e=s[r]).getAttribute(\"data-secret\"))||(t=Math.random().toString(36).substring(2,12),e.src+=\"#?secret=\"+t,e.setAttribute(\"data-secret\",t)),e.contentWindow.postMessage({message:\"ready\",secret:t},\"*\")},!1)))}(window,document);\n\/\/# sourceURL=https:\/\/eschringen.de\/wordpress\/wp-includes\/js\/wp-embed.min.js\n<\/script>\n","thumbnail_url":"https:\/\/eschringen.de\/wordpress\/wp-content\/uploads\/2024\/10\/Logo-Eschringer-Treff.jpg","thumbnail_width":210,"thumbnail_height":210,"description":"2. Eschringer Treff Erwartungsvoll blickten wir als Orga-Team auf den 27. September, den Termin des 1. Eschringer Treffs. Das Vereinsheim des TuS wurde im Vorfeld mit viel Liebe hergerichtet, sodass es den Besucherinnen und Besuchern als gem\u00fctliche Lokalit\u00e4t dienen konnte. Gespannt waren wir, ob unser Angebot auch angenommen w\u00fcrde. Und, um es kurz zu sagen, ... Weiterlesen ..."}

2. Eschringer Treff Erwartungsvoll blickten wir als Orga-Team auf den 27. September, den Termin des 1. Eschringer Treffs. Das Vereinsheim des TuS wurde im Vorfeld mit viel Liebe hergerichtet, sodass es den Besucherinnen und Besuchern als gemütliche Lokalität dienen konnte. Gespannt waren wir, ob unser Angebot auch angenommen würde. Und, um es kurz zu sagen, ... Weiterlesen ...
